000
CDUS43 KTOP 200633
CLIMHK


CLIMATE REPORT
NATIONAL WEATHER SERVICE TOPEKA KS
133 AM CDT WED MAR 20 2019


...................................

...THE MANHATTAN KS CLIMATE SUMMARY FOR MARCH 19 2019...

CLIMATE NORMAL PERIOD 1981 TO 2010
CLIMATE RECORD PERIOD 9999 TO 9999


WEATHER ITEM   OBSERVED NORMAL DEPARTURE LAST
                VALUE   VALUE  FROM      YEAR
                               NORMAL
...............................................
TEMPERATURE (F)
 YESTERDAY
  MAXIMUM         57     58     -1       47
  MINIMUM         41     31     10       40
  AVERAGE         49     44      5       44

PRECIPITATION (IN)
  YESTERDAY       MM      0.06  MM        0.11
  MONTH TO DATE    0.21   1.44  -1.23     0.32
  SINCE MAR 1      0.21   1.44  -1.23     0.32
  SINCE JAN 1      2.35   3.16  -0.81     0.90

DEGREE DAYS
 HEATING
  YESTERDAY       16     21     -5       21
  MONTH TO DATE  562    460    102      359
  SINCE MAR 1    562    460    102      359
  SINCE JUL 1   4765   4620    145     4162

 COOLING
  YESTERDAY        0      0      0        0
  MONTH TO DATE    0      0      0        0
  SINCE MAR 1      0      0      0        0
  SINCE JAN 1      0      0      0        0
...............................................


WIND (MPH)
  HIGHEST WIND SPEED    17   HIGHEST WIND DIRECTION    SE (120)
  HIGHEST GUST SPEED    23   HIGHEST GUST DIRECTION    SE (140)
  AVERAGE WIND SPEED     6.5


SKY COVER
  AVERAGE SKY COVER 1.0


WEATHER CONDITIONS
 THE FOLLOWING WEATHER WAS RECORDED YESTERDAY.
  RAIN
  LIGHT RAIN
  FOG


RELATIVE HUMIDITY (PERCENT)
 HIGHEST    93
 LOWEST     43
 AVERAGE    68

..........................................................


THE MANHATTAN KS CLIMATE NORMALS FOR TODAY
                         NORMAL
 MAXIMUM TEMPERATURE (F)   59
 MINIMUM TEMPERATURE (F)   31


SUNRISE AND SUNSET
MARCH 20 2019.........SUNRISE   730 AM CDT   SUNSET   738 PM CDT
MARCH 21 2019.........SUNRISE   729 AM CDT   SUNSET   739 PM CDT


-  INDICATES NEGATIVE NUMBERS.
R  INDICATES RECORD WAS SET OR TIED.
MM INDICATES DATA IS MISSING.
T  INDICATES TRACE AMOUNT.




$$
