000
CDUS43 KTOP 230634
CLIMHK


CLIMATE REPORT
NATIONAL WEATHER SERVICE TOPEKA KS
133 AM CDT THU MAY 23 2019


...................................

...THE MANHATTAN KS CLIMATE SUMMARY FOR MAY 22 2019...

CLIMATE NORMAL PERIOD 1981 TO 2010
CLIMATE RECORD PERIOD 9999 TO 9999


WEATHER ITEM   OBSERVED NORMAL DEPARTURE LAST
                VALUE   VALUE  FROM      YEAR
                               NORMAL
...............................................
TEMPERATURE (F)
 YESTERDAY
  MAXIMUM         73     78     -5       89
  MINIMUM         47     53     -6       61
  AVERAGE         60     66     -6       75

PRECIPITATION (IN)
  YESTERDAY        0.00   0.18  -0.18     0.00
  MONTH TO DATE   10.05   2.93   7.12     1.70
  SINCE MAR 1     12.67   7.93   4.74     2.32
  SINCE JAN 1     14.81   9.65   5.16     2.90

DEGREE DAYS
 HEATING
  YESTERDAY        5      3      2        0
  MONTH TO DATE  124    107     17        3
  SINCE MAR 1   1037   1128    -91     1086
  SINCE JUL 1   5240   5288    -48     4889

 COOLING
  YESTERDAY        0      3     -3       10
  MONTH TO DATE   42     44     -2      151
  SINCE MAR 1     66     61      5      162
  SINCE JAN 1     66     61      5      162
...............................................


WIND (MPH)
  HIGHEST WIND SPEED    21   HIGHEST WIND DIRECTION    SW (220)
  HIGHEST GUST SPEED    30   HIGHEST GUST DIRECTION    SW (240)
  AVERAGE WIND SPEED     7.3


SKY COVER
  AVERAGE SKY COVER 0.0


WEATHER CONDITIONS
 THE FOLLOWING WEATHER WAS RECORDED YESTERDAY.
  NO SIGNIFICANT WEATHER WAS OBSERVED.


RELATIVE HUMIDITY (PERCENT)
 HIGHEST    93
 LOWEST     44
 AVERAGE    69

..........................................................


THE MANHATTAN KS CLIMATE NORMALS FOR TODAY
                         NORMAL
 MAXIMUM TEMPERATURE (F)   78
 MINIMUM TEMPERATURE (F)   54


SUNRISE AND SUNSET
MAY 23 2019...........SUNRISE   607 AM CDT   SUNSET   840 PM CDT
MAY 24 2019...........SUNRISE   607 AM CDT   SUNSET   841 PM CDT


-  INDICATES NEGATIVE NUMBERS.
R  INDICATES RECORD WAS SET OR TIED.
MM INDICATES DATA IS MISSING.
T  INDICATES TRACE AMOUNT.




$$
