000
CDUS43 KTOP 200632
CLIMHK


CLIMATE REPORT
NATIONAL WEATHER SERVICE TOPEKA KS
131 AM CDT FRI APR 20 2018


...................................

...THE MANHATTAN KS CLIMATE SUMMARY FOR APRIL 19 2018...

CLIMATE NORMAL PERIOD 1981 TO 2010
CLIMATE RECORD PERIOD 9999 TO 9999


WEATHER ITEM   OBSERVED NORMAL DEPARTURE LAST
                VALUE   VALUE  FROM      YEAR
                               NORMAL
...............................................
TEMPERATURE (F)
 YESTERDAY
  MAXIMUM         61     68     -7       84
  MINIMUM         28     43    -15       59
  AVERAGE         45     55    -10       72

PRECIPITATION (IN)
  YESTERDAY        0.00   0.10  -0.10     0.52
  MONTH TO DATE    T      1.47  -1.47     3.11
  SINCE MAR 1      0.33   3.67  -3.34     7.18
  SINCE JAN 1      0.91   5.39  -4.48     8.98

DEGREE DAYS
 HEATING
  YESTERDAY       20     10     10        0
  MONTH TO DATE  403    250    153      144
  SINCE MAR 1    982    926     56      653
  SINCE JUL 1   4785   5086   -301     3937

 COOLING
  YESTERDAY        0      1     -1        7
  MONTH TO DATE    3      8     -5       38
  SINCE MAR 1      3     10     -7       44
  SINCE JAN 1      3     10     -7       44
...............................................


WIND (MPH)
  HIGHEST WIND SPEED    14   HIGHEST WIND DIRECTION     E (100)
  HIGHEST GUST SPEED    22   HIGHEST GUST DIRECTION     E (100)
  AVERAGE WIND SPEED     4.6


SKY COVER
  AVERAGE SKY COVER 0.0


WEATHER CONDITIONS
 THE FOLLOWING WEATHER WAS RECORDED YESTERDAY.
  HAZE


RELATIVE HUMIDITY (PERCENT)
 HIGHEST    85
 LOWEST     29
 AVERAGE    57

..........................................................


THE MANHATTAN KS CLIMATE NORMALS FOR TODAY
                         NORMAL
 MAXIMUM TEMPERATURE (F)   68
 MINIMUM TEMPERATURE (F)   43


SUNRISE AND SUNSET
APRIL 20 2018.........SUNRISE   643 AM CDT   SUNSET   809 PM CDT
APRIL 21 2018.........SUNRISE   641 AM CDT   SUNSET   810 PM CDT


-  INDICATES NEGATIVE NUMBERS.
R  INDICATES RECORD WAS SET OR TIED.
MM INDICATES DATA IS MISSING.
T  INDICATES TRACE AMOUNT.




$$
