000
CDUS46 KMFR 240836
CLIMHS


CLIMATE REPORT
NATIONAL WEATHER SERVICE MEDFORD, OR
135 AM PDT TUE APR 24 2018


...................................

...THE MT SHASTA CITY CA CLIMATE SUMMARY FOR APRIL 23 2018...

CLIMATE NORMAL PERIOD 1981 TO 2010
CLIMATE RECORD PERIOD 1908 TO 2018


WEATHER ITEM   OBSERVED TIME   RECORD YEAR NORMAL DEPARTURE LAST
                VALUE   (LST)  VALUE       VALUE  FROM      YEAR
                                                  NORMAL
..................................................................
TEMPERATURE (F)
 YESTERDAY
  MAXIMUM         75    245 PM  82    1946  63     12       61
  MINIMUM         35    547 AM  22    1920  35      0       34
  AVERAGE         55                        49      6       48

PRECIPITATION (IN)
  YESTERDAY        0.00          1.47 1983   0.09  -0.09     0.00
  MONTH TO DATE    2.15                      2.36  -0.21     8.42
  SINCE OCT 1     18.10                     37.82 -19.72    57.88
  SINCE JAN 1     12.27                     22.61 -10.34    36.72

SNOWFALL (IN)
  YESTERDAY       MM                         0.1   MM       MM
  MONTH TO DATE   MM                         4.9   MM       MM
  SINCE JUL 1     MM                        91.0   MM       MM
  SNOW DEPTH      MM

DEGREE DAYS
 HEATING
  YESTERDAY       10                        16     -6       17
  MONTH TO DATE  409                       428    -19      447
  SINCE MAR 1   1185                      1132     53     1076
  SINCE JUL 1   4783                      5107   -324     4973

 COOLING
  YESTERDAY        0                         0      0        0
  MONTH TO DATE    0                         0      0        0
  SINCE MAR 1      0                         0      0        0
  SINCE JAN 1      0                         0      0        0
..................................................................


WIND (MPH)
  HIGHEST WIND SPEED     7   HIGHEST WIND DIRECTION    NW (300)
  HIGHEST GUST SPEED    12   HIGHEST GUST DIRECTION    NW (330)
  AVERAGE WIND SPEED     1.9


SKY COVER
  POSSIBLE SUNSHINE  MM
  AVERAGE SKY COVER 0.0


WEATHER CONDITIONS
 THE FOLLOWING WEATHER WAS RECORDED YESTERDAY.
  NO SIGNIFICANT WEATHER WAS OBSERVED.


RELATIVE HUMIDITY (PERCENT)
 HIGHEST    82           600 AM
 LOWEST     15           300 PM

..........................................................


THE MT SHASTA CITY CA CLIMATE NORMALS FOR TODAY
                         NORMAL    RECORD    YEAR
 MAXIMUM TEMPERATURE (F)   63        84      1946
 MINIMUM TEMPERATURE (F)   35        20      1964


SUNRISE AND SUNSET
APRIL 24 2018.........SUNRISE   616 AM PDT   SUNSET   759 PM PDT
APRIL 25 2018.........SUNRISE   615 AM PDT   SUNSET   800 PM PDT


-  INDICATES NEGATIVE NUMBERS.
R  INDICATES RECORD WAS SET OR TIED.
MM INDICATES DATA IS MISSING.
T  INDICATES TRACE AMOUNT.




$$
