000
CDUS46 KMFR 220040
CLIMHS


CLIMATE REPORT
NATIONAL WEATHER SERVICE MEDFORD, OR
540 PM PDT TUE MAY 21 2019


...................................

...THE MT SHASTA CITY CA CLIMATE SUMMARY FOR MAY 21 2019...
VALID TODAY AS OF 0500 PM LOCAL TIME.

CLIMATE NORMAL PERIOD 1981 TO 2010
CLIMATE RECORD PERIOD 1908 TO 2019


WEATHER ITEM   OBSERVED TIME   RECORD YEAR NORMAL DEPARTURE LAST
                VALUE   (LST)  VALUE       VALUE  FROM      YEAR
                                                  NORMAL
..................................................................
TEMPERATURE (F)
 TODAY
  MAXIMUM         49    329 PM  89    1919  71    -22       74
  MINIMUM         40    610 AM  25    1909  41     -1       44
  AVERAGE         45                        56    -11       59

PRECIPITATION (IN)
  TODAY            0.20          0.97 2006   0.07   0.13     0.00
  MONTH TO DATE    4.83                      1.51   3.32     1.33
  SINCE OCT 1     43.55                     39.90   3.65    19.63
  SINCE JAN 1     35.14                     24.69  10.45    13.80

SNOWFALL (IN)
  TODAY           MM                         0.0   MM       MM
  MONTH TO DATE   MM                         0.3   MM        0.0
  SINCE JUL 1     MM                        91.8   MM        0.0
  SNOW DEPTH      MM

DEGREE DAYS
 HEATING
  TODAY           20                        10     10        6
  MONTH TO DATE  231                       251    -20      148
  SINCE MAR 1   1433                      1491    -58     1423
  SINCE JUL 1   5045                      5466   -421     5021

 COOLING
  TODAY            0                         0      0        0
  MONTH TO DATE    0                         0      0        0
  SINCE MAR 1      0                         0      0        0
  SINCE JAN 1      0                         0      0        0
..................................................................


WIND (MPH)
  HIGHEST WIND SPEED     6   HIGHEST WIND DIRECTION     N (340)
  HIGHEST GUST SPEED    13   HIGHEST GUST DIRECTION    NW (310)
  AVERAGE WIND SPEED     3.0


SKY COVER
  POSSIBLE SUNSHINE  MM
  AVERAGE SKY COVER 1.0


WEATHER CONDITIONS
 THE FOLLOWING WEATHER WAS RECORDED TODAY.
  RAIN
  LIGHT RAIN
  FOG


RELATIVE HUMIDITY (PERCENT)
 HIGHEST    92           400 AM
 LOWEST     82          1200 AM

..........................................................


THE MT SHASTA CITY CA CLIMATE NORMALS FOR TOMORROW
                         NORMAL    RECORD    YEAR
 MAXIMUM TEMPERATURE (F)   71        90      2001
 MINIMUM TEMPERATURE (F)   41        26      1960


SUNRISE AND SUNSET
MAY 21 2019...........SUNRISE   545 AM PDT   SUNSET   827 PM PDT
MAY 22 2019...........SUNRISE   545 AM PDT   SUNSET   828 PM PDT


-  INDICATES NEGATIVE NUMBERS.
R  INDICATES RECORD WAS SET OR TIED.
MM INDICATES DATA IS MISSING.
T  INDICATES TRACE AMOUNT.




$$
