000
CDUS46 KMFR 230036
CLIMHS


CLIMATE REPORT
NATIONAL WEATHER SERVICE MEDFORD, OR
536 PM PDT FRI MAR 22 2019


...................................

...THE MT SHASTA CITY CA CLIMATE SUMMARY FOR MARCH 22 2019...
VALID TODAY AS OF 0500 PM LOCAL TIME.

CLIMATE NORMAL PERIOD 1981 TO 2010
CLIMATE RECORD PERIOD 1908 TO 2019


WEATHER ITEM   OBSERVED TIME   RECORD YEAR NORMAL DEPARTURE LAST
                VALUE   (LST)  VALUE       VALUE  FROM      YEAR
                                                  NORMAL
..................................................................
TEMPERATURE (F)
 TODAY
  MAXIMUM         42   1034 AM  74    2004  56    -14       51
  MINIMUM         37    359 PM  17    1952  31      6       27
  AVERAGE         40                        43     -3       39

PRECIPITATION (IN)
  TODAY            0.06          2.01 1998   0.16  -0.10     0.26
  MONTH TO DATE    2.60                      4.70  -2.10     4.59
  SINCE OCT 1     32.13                     34.20  -2.07    15.48
  SINCE JAN 1     23.72                     18.99   4.73     9.65

SNOWFALL (IN)
  TODAY           MM                         0.3   MM       MM
  MONTH TO DATE   MM                        10.1   MM       MM
  SINCE JUL 1     MM                        83.0   MM       MM
  SNOW DEPTH      MM

DEGREE DAYS
 HEATING
  TODAY           25                        22      3       26
  MONTH TO DATE  543                       514     29      596
  SINCE MAR 1    543                       514     29      596
  SINCE JUL 1   4155                      4489   -334     4194

 COOLING
  TODAY            0                         0      0        0
  MONTH TO DATE    0                         0      0        0
  SINCE MAR 1      0                         0      0        0
  SINCE JAN 1      0                         0      0        0
..................................................................


WIND (MPH)
  HIGHEST WIND SPEED     7   HIGHEST WIND DIRECTION     E (100)
  HIGHEST GUST SPEED    15   HIGHEST GUST DIRECTION    SE (130)
  AVERAGE WIND SPEED     3.4


SKY COVER
  POSSIBLE SUNSHINE  MM
  AVERAGE SKY COVER 0.9


WEATHER CONDITIONS
 THE FOLLOWING WEATHER WAS RECORDED TODAY.
  LIGHT RAIN
  FOG


RELATIVE HUMIDITY (PERCENT)
 HIGHEST    92           200 PM
 LOWEST     70           200 AM

..........................................................


THE MT SHASTA CITY CA CLIMATE NORMALS FOR TOMORROW
                         NORMAL    RECORD    YEAR
 MAXIMUM TEMPERATURE (F)   56        73      1960
 MINIMUM TEMPERATURE (F)   31        18      1929


SUNRISE AND SUNSET
MARCH 22 2019.........SUNRISE   709 AM PDT   SUNSET   724 PM PDT
MARCH 23 2019.........SUNRISE   708 AM PDT   SUNSET   725 PM PDT


-  INDICATES NEGATIVE NUMBERS.
R  INDICATES RECORD WAS SET OR TIED.
MM INDICATES DATA IS MISSING.
T  INDICATES TRACE AMOUNT.




$$
