000
CDUS41 KGYX 220807
CLIMHT


CLIMATE REPORT
NATIONAL WEATHER SERVICE GRAY ME
407 AM EDT WED MAY 22 2019


...................................

...THE MANCHESTER CLIMATE SUMMARY FOR MAY 21 2019...

CLIMATE NORMAL PERIOD 1981 TO 2010
CLIMATE RECORD PERIOD 1885 TO 2019


WEATHER ITEM   OBSERVED TIME   RECORD YEAR NORMAL DEPARTURE LAST
                VALUE   (LST)  VALUE       VALUE  FROM      YEAR
                                                  NORMAL
..................................................................
TEMPERATURE (F)
 YESTERDAY
  MAXIMUM         66    151 PM  92    2009  70     -4       82
                                      1941
  MINIMUM         56   1159 PM  35    2002  49      7       52
  AVERAGE         61                        60      1

PRECIPITATION (IN)
  YESTERDAY        T             1.15 1889   0.14  -0.14     0.00
  MONTH TO DATE    1.58                      2.55  -0.97     0.61
  SINCE MAR 1      7.96                     10.74  -2.78     7.48
  SINCE JAN 1     14.40                     16.54  -2.14    12.70

SNOWFALL (IN)
  YESTERDAY        0.0          MM      MM  MM               0.0
  MONTH TO DATE    0.0                      MM               0.0
  SINCE JUL 1     46.7                      MM              78.9
  SNOW DEPTH       0

DEGREE DAYS
 HEATING
  YESTERDAY        4                         6     -2        0
  MONTH TO DATE  211                       187     24       68
  SINCE MAR 1   1600                      1619    -19     1503
  SINCE JUL 1   6240                      6282    -42     5795

 COOLING
  YESTERDAY        0                         1     -1        2
  MONTH TO DATE   11                         8      3       48
  SINCE MAR 1     13                        12      1       48
  SINCE JAN 1     13                        12      1       48
..................................................................


WIND (MPH)
  RESULTANT WIND SPEED  14   RESULTANT WIND DIRECTION  NW (310)
  HIGHEST WIND SPEED    28   HIGHEST WIND DIRECTION     W (280)
  HIGHEST GUST SPEED    40   HIGHEST GUST DIRECTION    NW (300)



WEATHER CONDITIONS
 THE FOLLOWING WEATHER WAS RECORDED YESTERDAY.
  NO SIGNIFICANT WEATHER WAS OBSERVED.


RELATIVE HUMIDITY (PERCENT)
 HIGHEST    55
 LOWEST     31
 AVERAGE    43

..........................................................


THE MANCHESTER CLIMATE NORMALS FOR TODAY
                         NORMAL    RECORD    YEAR
 MAXIMUM TEMPERATURE (F)   70        96      1941
 MINIMUM TEMPERATURE (F)   49        35      1936
                                             1888


SUNRISE AND SUNSET
MAY 22 2019...........SUNRISE   516 AM EDT   SUNSET   809 PM EDT
MAY 23 2019...........SUNRISE   516 AM EDT   SUNSET   810 PM EDT


-  INDICATES NEGATIVE NUMBERS.
R  INDICATES RECORD WAS SET OR TIED.
MM INDICATES DATA IS MISSING.
T  INDICATES TRACE AMOUNT.




$$
