000
CDUS41 KGYX 222046
CLIMHT


CLIMATE REPORT
NATIONAL WEATHER SERVICE GRAY ME
446 PM EDT FRI MAR 22 2019


...................................

...THE MANCHESTER CLIMATE SUMMARY FOR MARCH 22 2019...
VALID TODAY AS OF 0400 PM LOCAL TIME.

CLIMATE NORMAL PERIOD 1981 TO 2010
CLIMATE RECORD PERIOD 1948 TO 2019


WEATHER ITEM   OBSERVED TIME   RECORD YEAR NORMAL DEPARTURE LAST
                VALUE   (LST)  VALUE       VALUE  FROM      YEAR
                                                  NORMAL
..................................................................
TEMPERATURE (F)
 TODAY
  MAXIMUM         42    344 PM  85    2012  47     -5       50
  MINIMUM         36    711 AM   9    1934  29      7       34
  AVERAGE         39                        38      1

PRECIPITATION (IN)
  TODAY            0.09          2.53 2001   0.18  -0.09      T
  MONTH TO DATE    0.99                      2.76  -1.77     2.78
  SINCE MAR 1      0.99                      2.76  -1.77     2.78
  SINCE JAN 1      7.43                      8.56  -1.13     8.00

SNOWFALL (IN)
  TODAY           MM            MM      MM  MM               0.3
  MONTH TO DATE    7.7                      MM              31.8
  SINCE JUL 1     46.6                      MM              78.4
  SNOW DEPTH       0

DEGREE DAYS
 HEATING
  TODAY           26                        27     -1       23
  MONTH TO DATE  709                       668     41      664
  SINCE MAR 1    709                       668     41      664
  SINCE JUL 1   5349                      5331     18     4956

 COOLING
  TODAY            0                         0      0        0
  MONTH TO DATE    0                         0      0        0
  SINCE MAR 1      0                         0      0        0
  SINCE JAN 1      0                         0      0        0
..................................................................


WIND (MPH)
  RESULTANT WIND SPEED   8   RESULTANT WIND DIRECTION   N (0)
  HIGHEST WIND SPEED    21   HIGHEST WIND DIRECTION    NW (310)
  HIGHEST GUST SPEED    36   HIGHEST GUST DIRECTION    NW (310)



WEATHER CONDITIONS
 THE FOLLOWING WEATHER WAS RECORDED TODAY.
  LIGHT RAIN
  FOG


RELATIVE HUMIDITY (PERCENT)
 HIGHEST    92
 LOWEST     70
 AVERAGE    81

..........................................................


THE MANCHESTER CLIMATE NORMALS FOR TOMORROW
                         NORMAL    RECORD    YEAR
 MAXIMUM TEMPERATURE (F)   47        73      2012
 MINIMUM TEMPERATURE (F)   29         6      1939


SUNRISE AND SUNSET
MARCH 22 2019.........SUNRISE   646 AM EDT   SUNSET   700 PM EDT
MARCH 23 2019.........SUNRISE   644 AM EDT   SUNSET   701 PM EDT


-  INDICATES NEGATIVE NUMBERS.
R  INDICATES RECORD WAS SET OR TIED.
MM INDICATES DATA IS MISSING.
T  INDICATES TRACE AMOUNT.




$$
