000
CDUS43 KIND 180534
CLIMIE


CLIMATE REPORT
NATIONAL WEATHER SERVICE INDIANAPOLIS IN
133 AM EDT MON MAR 18 2019


...................................

...THE MUNCIE IN CLIMATE SUMMARY FOR MARCH 17 2019...

CLIMATE NORMAL PERIOD 1981 TO 2010
CLIMATE RECORD PERIOD 9999 TO 9999


WEATHER ITEM   OBSERVED TIME   NORMAL DEPARTURE LAST
                VALUE   (LST)  VALUE  FROM      YEAR
                                      NORMAL
......................................................
TEMPERATURE (F)
 YESTERDAY
  MAXIMUM         42    424 PM  49     -7       41
  MINIMUM         26    521 AM  31     -5       28
  AVERAGE         34            40     -6       35

PRECIPITATION (IN)
  YESTERDAY        0.06          0.10  -0.04     0.29
  MONTH TO DATE    1.80          1.50   0.30     1.54
  SINCE MAR 1      1.80          1.50   0.30     1.54
  SINCE JAN 1      6.85          6.04   0.81     6.93

DEGREE DAYS
 HEATING
  YESTERDAY       31            25      6       30
  MONTH TO DATE  496           477     19      499
  SINCE MAR 1    496           477     19      499
  SINCE JUL 1   4562          4860   -298     4449

 COOLING
  YESTERDAY        0             0      0        0
  MONTH TO DATE    0             0      0        0
  SINCE MAR 1      0             0      0        0
  SINCE JAN 1      0             0      0        4
......................................................


WIND (MPH)
  HIGHEST WIND SPEED    20   HIGHEST WIND DIRECTION     N (340)
  HIGHEST GUST SPEED    23   HIGHEST GUST DIRECTION     N (340)
  AVERAGE WIND SPEED     4.0


SKY COVER
  AVERAGE SKY COVER 0.6


WEATHER CONDITIONS
 THE FOLLOWING WEATHER WAS RECORDED YESTERDAY.
  LIGHT RAIN
  HEAVY SNOW
  SNOW
  LIGHT SNOW
  FOG
  HAZE


RELATIVE HUMIDITY (PERCENT)
 HIGHEST    85          1000 PM
 LOWEST     64          1000 AM
 AVERAGE    75

..........................................................


THE MUNCIE IN CLIMATE NORMALS FOR TODAY
                         NORMAL
 MAXIMUM TEMPERATURE (F)   50
 MINIMUM TEMPERATURE (F)   31


SUNRISE AND SUNSET
MARCH 18 2019.........SUNRISE   749 AM EDT   SUNSET   751 PM EDT
MARCH 19 2019.........SUNRISE   747 AM EDT   SUNSET   752 PM EDT


-  INDICATES NEGATIVE NUMBERS.
R  INDICATES RECORD WAS SET OR TIED.
MM INDICATES DATA IS MISSING.
T  INDICATES TRACE AMOUNT.




$$
