000
CDUS43 KIND 190537
CLIMIE


CLIMATE REPORT
NATIONAL WEATHER SERVICE INDIANAPOLIS IN
136 AM EDT THU APR 19 2018


...................................

...THE MUNCIE IN CLIMATE SUMMARY FOR APRIL 18 2018...

CLIMATE NORMAL PERIOD 1981 TO 2010
CLIMATE RECORD PERIOD 9999 TO 9999


WEATHER ITEM   OBSERVED TIME   NORMAL DEPARTURE LAST
                VALUE   (LST)  VALUE  FROM      YEAR
                                      NORMAL
......................................................
TEMPERATURE (F)
 YESTERDAY
  MAXIMUM         58    434 PM  63     -5       78
  MINIMUM         28    356 AM  42    -14       44
  AVERAGE         43            52     -9       61

PRECIPITATION (IN)
  YESTERDAY        0.00          0.13  -0.13     0.00
  MONTH TO DATE    3.57          2.21   1.36     1.93
  SINCE MAR 1      7.40          5.16   2.24     6.77
  SINCE JAN 1     12.79          9.70   3.09    12.48

DEGREE DAYS
 HEATING
  YESTERDAY       22            13      9        4
  MONTH TO DATE  395           291    104      158
  SINCE MAR 1   1224          1078    146      844
  SINCE JUL 1   5174          5461   -287     4132

 COOLING
  YESTERDAY        0             1     -1        0
  MONTH TO DATE    9             1      8       10
  SINCE MAR 1      9             2      7       12
  SINCE JAN 1     13             2     11       12
......................................................


WIND (MPH)
  HIGHEST WIND SPEED    23   HIGHEST WIND DIRECTION    NW (300)
  HIGHEST GUST SPEED    30   HIGHEST GUST DIRECTION     W (290)
  AVERAGE WIND SPEED     9.9


SKY COVER
  AVERAGE SKY COVER 0.6


WEATHER CONDITIONS
 THE FOLLOWING WEATHER WAS RECORDED YESTERDAY.
  NO SIGNIFICANT WEATHER WAS OBSERVED.


RELATIVE HUMIDITY (PERCENT)
 HIGHEST    78          1200 AM
 LOWEST     51           200 PM
 AVERAGE    65

..........................................................


THE MUNCIE IN CLIMATE NORMALS FOR TODAY
                         NORMAL
 MAXIMUM TEMPERATURE (F)   63
 MINIMUM TEMPERATURE (F)   42


SUNRISE AND SUNSET
APRIL 19 2018.........SUNRISE   657 AM EDT   SUNSET   824 PM EDT
APRIL 20 2018.........SUNRISE   656 AM EDT   SUNSET   825 PM EDT


-  INDICATES NEGATIVE NUMBERS.
R  INDICATES RECORD WAS SET OR TIED.
MM INDICATES DATA IS MISSING.
T  INDICATES TRACE AMOUNT.




$$
