000
CDUS43 KMKX 200703
CLIMKE


CLIMATE REPORT
NATIONAL WEATHER SERVICE IN MILWAUKEE
201 AM CDT FRI APR 20 2018


...................................

...THE MILWAUKEE WI CLIMATE SUMMARY FOR APRIL 19 2018...

CLIMATE NORMAL PERIOD 1981 TO 2010
CLIMATE RECORD PERIOD 1871 TO 2018


WEATHER ITEM   OBSERVED TIME   RECORD YEAR NORMAL DEPARTURE LAST
                VALUE   (LST)  VALUE       VALUE  FROM      YEAR
                                                  NORMAL
..................................................................
TEMPERATURE (F)
 YESTERDAY
  MAXIMUM         50    524 PM  86    1985  55     -5       67
  MINIMUM         31    514 AM  23    1897  39     -8       41
  AVERAGE         41                        47     -6       54

PRECIPITATION (IN)
  YESTERDAY        0.00          2.92 1877   0.12  -0.12     0.01
  MONTH TO DATE    2.92                      2.30   0.62     3.28
  SINCE MAR 1      3.58                      4.57  -0.99     7.00
  SINCE JAN 1      8.40                      7.98   0.42    11.01

SNOWFALL (IN)
  YESTERDAY        0.0           0.2  2013   0.1   -0.1      0.0
  MONTH TO DATE   10.0                       1.7    8.3      0.0
  SINCE MAR 1     14.0                       8.7    5.3     13.6
  SINCE JUL 1     46.7                      46.5    0.2     37.6
  SNOW DEPTH       4

DEGREE DAYS
 HEATING
  YESTERDAY       24                        18      6       11
  MONTH TO DATE  573                       409    164      267
  SINCE MAR 1   1497                      1338    159     1154
  SINCE JUL 1   6109                      6318   -209     5153

 COOLING
  YESTERDAY        0                         0      0        0
  MONTH TO DATE    0                         0      0        2
  SINCE MAR 1      0                         0      0        2
  SINCE JAN 1      0                         0      0        2
..................................................................


WIND (MPH)
  HIGHEST WIND SPEED    17   HIGHEST WIND DIRECTION     N (10)
  HIGHEST GUST SPEED    27   HIGHEST GUST DIRECTION     N (10)
  AVERAGE WIND SPEED     9.1


SKY COVER
  POSSIBLE SUNSHINE  MM
  AVERAGE SKY COVER 0.2


WEATHER CONDITIONS
 THE FOLLOWING WEATHER WAS RECORDED YESTERDAY.
  NO SIGNIFICANT WEATHER WAS OBSERVED.


RELATIVE HUMIDITY (PERCENT)
 HIGHEST    75           100 AM
 LOWEST     29           500 PM
 AVERAGE    52

..........................................................


THE MILWAUKEE WI CLIMATE NORMALS FOR TODAY
                         NORMAL    RECORD    YEAR
 MAXIMUM TEMPERATURE (F)   56        83      1985
 MINIMUM TEMPERATURE (F)   39        25      1904


SUNRISE AND SUNSET
APRIL 20 2018.........SUNRISE   602 AM CDT   SUNSET   740 PM CDT
APRIL 21 2018.........SUNRISE   600 AM CDT   SUNSET   741 PM CDT


-  INDICATES NEGATIVE NUMBERS.
R  INDICATES RECORD WAS SET OR TIED.
MM INDICATES DATA IS MISSING.
T  INDICATES TRACE AMOUNT.




$$
