000
CDUS43 KMKX 202134
CLIMKE


CLIMATE REPORT
NATIONAL WEATHER SERVICE IN MILWAUKEE
433 PM CDT MON MAY 20 2019


...................................

...THE MILWAUKEE WI CLIMATE SUMMARY FOR MAY 20 2019...
VALID TODAY AS OF 0400 PM LOCAL TIME.

CLIMATE NORMAL PERIOD 1981 TO 2010
CLIMATE RECORD PERIOD 1871 TO 2019


WEATHER ITEM   OBSERVED TIME   RECORD YEAR NORMAL DEPARTURE LAST
                VALUE   (LST)  VALUE       VALUE  FROM      YEAR
                                                  NORMAL
..................................................................
TEMPERATURE (F)
 TODAY
  MAXIMUM         54    255 PM  92    1934  66    -12       49
  MINIMUM         45    654 AM  34    1895  48     -3       43
                                      1883
  AVERAGE         50                        57     -7       46

PRECIPITATION (IN)
  TODAY            T             1.60 1876   0.12  -0.12     0.28
  MONTH TO DATE    3.11                      2.12   0.99     5.75
  SINCE MAR 1      8.52                      7.95   0.57     9.52
  SINCE JAN 1     14.08                     11.36   2.72    14.34

SNOWFALL (IN)
  TODAY            0.0           0.0  2018   0.0    0.0      0.0
  MONTH TO DATE    0.0                       0.1   -0.1      0.0
  SINCE MAR 1      9.1                       9.1    0.0     14.0
  SINCE JUL 1     56.1                      46.9    9.2     46.7
  SNOW DEPTH       0

DEGREE DAYS
 HEATING
  TODAY           15                         9      6       19
  MONTH TO DATE  279                       232     47      162
  SINCE MAR 1   1820                      1749     71     1862
  SINCE JUL 1   6749                      6729     20     6474

 COOLING
  TODAY            0                         1     -1        0
  MONTH TO DATE    0                        10    -10       24
  SINCE MAR 1      0                        15    -15       24
  SINCE JAN 1      0                        15    -15       24
..................................................................


WIND (MPH)
  HIGHEST WIND SPEED    20   HIGHEST WIND DIRECTION    NW (330)
  HIGHEST GUST SPEED    28   HIGHEST GUST DIRECTION     W (290)
  AVERAGE WIND SPEED    11.4


SKY COVER
  POSSIBLE SUNSHINE  MM
  AVERAGE SKY COVER 0.9


WEATHER CONDITIONS
 THE FOLLOWING WEATHER WAS RECORDED TODAY.
  LIGHT RAIN


RELATIVE HUMIDITY (PERCENT)
 HIGHEST    76           400 AM
 LOWEST     59          1000 AM
 AVERAGE    68

..........................................................


THE MILWAUKEE WI CLIMATE NORMALS FOR TOMORROW
                         NORMAL    RECORD    YEAR
 MAXIMUM TEMPERATURE (F)   67        89      1934
                                             1921
 MINIMUM TEMPERATURE (F)   48        32      1883


SUNRISE AND SUNSET
MAY 20 2019...........SUNRISE   524 AM CDT   SUNSET   813 PM CDT
MAY 21 2019...........SUNRISE   523 AM CDT   SUNSET   814 PM CDT


-  INDICATES NEGATIVE NUMBERS.
R  INDICATES RECORD WAS SET OR TIED.
MM INDICATES DATA IS MISSING.
T  INDICATES TRACE AMOUNT.




$$
