000
CDUS44 KMEG 192154
CLIMKL


CLIMATE REPORT
NATIONAL WEATHER SERVICE MEMPHIS TN
453 PM CDT SUN MAY 19 2019


...................................

...THE JACKSON CLIMATE SUMMARY FOR MAY 19 2019...
VALID TODAY AS OF 0400 PM LOCAL TIME.

CLIMATE NORMAL PERIOD 1981 TO 2010
CLIMATE RECORD PERIOD 1948 TO 2019


WEATHER ITEM   OBSERVED TIME   RECORD YEAR NORMAL DEPARTURE LAST
                VALUE   (LST)  VALUE       VALUE  FROM      YEAR
                                                  NORMAL
..................................................................
TEMPERATURE (F)
 TODAY
  MAXIMUM         82    257 PM  92    1974  81      1       87
                                      1964
                                      1962
  MINIMUM         64    238 AM  38    2007  58      6       65
                                      2002
  AVERAGE         73                        69      4       76

PRECIPITATION (IN)
  TODAY           MM             0.79 1997   0.17  MM        0.08
  MONTH TO DATE    1.88                      3.54  -1.66     1.98
  SINCE MAR 1     12.41                     13.15  -0.74    13.31
  SINCE JAN 1     27.19                     21.39   5.80    32.02

DEGREE DAYS
 HEATING
  TODAY            0                         1     -1        0
  MONTH TO DATE   30                        38     -8        1
  SINCE MAR 1    739                       680     59      754
  SINCE JUL 1   3515                      3564    -49     3497

 COOLING
  TODAY            8                         6      2       11
  MONTH TO DATE   80                        76      4      170
  SINCE MAR 1    111                       134    -23      185
  SINCE JAN 1    113                       135    -22      203
..................................................................


WIND (MPH)
  HIGHEST WIND SPEED    21   HIGHEST WIND DIRECTION    SW (240)
  HIGHEST GUST SPEED    29   HIGHEST GUST DIRECTION     W (250)
  AVERAGE WIND SPEED    11.7


SKY COVER
  POSSIBLE SUNSHINE  MM
  AVERAGE SKY COVER 0.8


WEATHER CONDITIONS
 THE FOLLOWING WEATHER WAS RECORDED TODAY.
  RAIN
  LIGHT RAIN
  FOG


RELATIVE HUMIDITY (PERCENT)
 HIGHEST   100           100 AM
 LOWEST     69           100 PM
 AVERAGE    85

..........................................................


THE JACKSON CLIMATE NORMALS FOR TOMORROW
                         NORMAL    RECORD    YEAR
 MAXIMUM TEMPERATURE (F)   81        93      1964
 MINIMUM TEMPERATURE (F)   58        41      2007


SUNRISE AND SUNSET
MAY 19 2019...........SUNRISE   548 AM CDT   SUNSET   757 PM CDT
MAY 20 2019...........SUNRISE   547 AM CDT   SUNSET   757 PM CDT


-  INDICATES NEGATIVE NUMBERS.
R  INDICATES RECORD WAS SET OR TIED.
MM INDICATES DATA IS MISSING.
T  INDICATES TRACE AMOUNT.




$$
