000
CDUS44 KMEG 210639
CLIMKL


CLIMATE REPORT
NATIONAL WEATHER SERVICE MEMPHIS TN
138 AM CDT THU MAR 21 2019


...................................

...THE JACKSON CLIMATE SUMMARY FOR MARCH 20 2019...

CLIMATE NORMAL PERIOD 1981 TO 2010
CLIMATE RECORD PERIOD 1948 TO 2019


WEATHER ITEM   OBSERVED TIME   RECORD YEAR NORMAL DEPARTURE LAST
                VALUE   (LST)  VALUE       VALUE  FROM      YEAR
                                                  NORMAL
..................................................................
TEMPERATURE (F)
 YESTERDAY
  MAXIMUM         66    121 PM  85    2017  64      2       53
                                      2012
  MINIMUM         29    604 AM  17    1965  40    -11       33
  AVERAGE         48                        52     -4       43

PRECIPITATION (IN)
  YESTERDAY        0.21          3.06 1980   0.16   0.05     0.01
  MONTH TO DATE    2.77                      2.95  -0.18     1.93
  SINCE MAR 1      2.77                      2.95  -0.18     1.93
  SINCE JAN 1     17.55                     11.19   6.36    20.64

DEGREE DAYS
 HEATING
  YESTERDAY       17                        13      4       22
  MONTH TO DATE  409                       317     92      312
  SINCE MAR 1    409                       317     92      312
  SINCE JUL 1   3185                      3201    -16     3055

 COOLING
  YESTERDAY        0                         0      0        0
  MONTH TO DATE    0                         0      0        0
  SINCE MAR 1      0                         0      0        0
  SINCE JAN 1      2                         1      1       18
..................................................................


WIND (MPH)
  HIGHEST WIND SPEED    22   HIGHEST WIND DIRECTION     W (280)
  HIGHEST GUST SPEED    27   HIGHEST GUST DIRECTION     W (270)
  AVERAGE WIND SPEED     6.2


SKY COVER
  POSSIBLE SUNSHINE  MM
  AVERAGE SKY COVER 0.4


WEATHER CONDITIONS
 THE FOLLOWING WEATHER WAS RECORDED YESTERDAY.
  LIGHT RAIN
  FOG


RELATIVE HUMIDITY (PERCENT)
 HIGHEST    93           700 PM
 LOWEST     25          1100 AM
 AVERAGE    59

..........................................................


THE JACKSON CLIMATE NORMALS FOR TODAY
                         NORMAL    RECORD    YEAR
 MAXIMUM TEMPERATURE (F)   64        84      1966
 MINIMUM TEMPERATURE (F)   41        21      1986
                                             1965


SUNRISE AND SUNSET
MARCH 21 2019.........SUNRISE   658 AM CDT   SUNSET   708 PM CDT
MARCH 22 2019.........SUNRISE   657 AM CDT   SUNSET   709 PM CDT


-  INDICATES NEGATIVE NUMBERS.
R  INDICATES RECORD WAS SET OR TIED.
MM INDICATES DATA IS MISSING.
T  INDICATES TRACE AMOUNT.




$$
