000
CDUS42 KMLB 260627
CLIMLB


CLIMATE REPORT
NATIONAL WEATHER SERVICE MELBOURNE FL
226 AM EDT SUN MAY 26 2019


...................................

...THE MELBOURNE CLIMATE SUMMARY FOR MAY 25 2019...

CLIMATE NORMAL PERIOD 1981 TO 2010
CLIMATE RECORD PERIOD 1939 TO 2019


WEATHER ITEM   OBSERVED TIME   RECORD YEAR NORMAL DEPARTURE LAST
                VALUE   (LST)  VALUE       VALUE  FROM      YEAR
                                                  NORMAL
..................................................................
TEMPERATURE (F)
 YESTERDAY
  MAXIMUM         87    101 PM  95    2000  87      0       87
  MINIMUM         72    613 AM  58    1992  69      3       74
  AVERAGE         80                        78      2       81

PRECIPITATION (IN)
  YESTERDAY        0.00          2.01 2001   0.15  -0.15     0.07
  MONTH TO DATE    5.74                      2.37   3.37     5.60
  SINCE MAR 1     10.47                      7.78   2.69     9.08
  SINCE JAN 1     18.77                     12.58   6.19    12.25

SNOWFALL (IN)
  YESTERDAY        0.0
  MONTH TO DATE    0.0
  SINCE JUL 1      0.0

DEGREE DAYS
 HEATING
  YESTERDAY        0                         0      0        0
  MONTH TO DATE    0                         0      0        0
  SINCE MAR 1     33                        87    -54       89
  SINCE JUL 1    332                       576   -244      342

 COOLING
  YESTERDAY       15                        13      2       16
  MONTH TO DATE  353                       270     83      314
  SINCE MAR 1    783                       547    236      720
  SINCE JAN 1   1014                       645    369     1053
..................................................................


WIND (MPH)
  HIGHEST WIND SPEED    16   HIGHEST WIND DIRECTION     E (80)
  HIGHEST GUST SPEED    22   HIGHEST GUST DIRECTION    NE (60)
  AVERAGE WIND SPEED     9.6


SKY COVER
  AVERAGE SKY COVER 0.1


WEATHER CONDITIONS
 THE FOLLOWING WEATHER WAS RECORDED YESTERDAY.
  NO SIGNIFICANT WEATHER WAS OBSERVED.


RELATIVE HUMIDITY (PERCENT)
 HIGHEST    79           600 AM
 LOWEST     65           900 AM
 AVERAGE    72

..........................................................


THE MELBOURNE CLIMATE NORMALS FOR TODAY
                         NORMAL    RECORD    YEAR
 MAXIMUM TEMPERATURE (F)   87        95      1962
 MINIMUM TEMPERATURE (F)   69        54      1979


SUNRISE AND SUNSET
MAY 26 2019...........SUNRISE   628 AM EDT   SUNSET   812 PM EDT
MAY 27 2019...........SUNRISE   628 AM EDT   SUNSET   812 PM EDT


-  INDICATES NEGATIVE NUMBERS.
R  INDICATES RECORD WAS SET OR TIED.
MM INDICATES DATA IS MISSING.
T  INDICATES TRACE AMOUNT.




$$
