000
CDUS42 KMLB 240645
CLIMLB


CLIMATE REPORT
NATIONAL WEATHER SERVICE MELBOURNE FL
245 AM EDT SUN MAR 24 2019


...................................

...THE MELBOURNE CLIMATE SUMMARY FOR MARCH 23 2019...

CLIMATE NORMAL PERIOD 1981 TO 2010
CLIMATE RECORD PERIOD 1939 TO 2019


WEATHER ITEM   OBSERVED TIME   RECORD YEAR NORMAL DEPARTURE LAST
                VALUE   (LST)  VALUE       VALUE  FROM      YEAR
                                                  NORMAL
..................................................................
TEMPERATURE (F)
 YESTERDAY
  MAXIMUM         76    112 PM  90    2013  78     -2       71
  MINIMUM         46    555 AM  32    1968  56    -10       43
  AVERAGE         61                        67     -6       57

PRECIPITATION (IN)
  YESTERDAY        0.00          1.27 1962   0.11  -0.11     0.00
  MONTH TO DATE    1.78                      2.46  -0.68     0.45
  SINCE MAR 1      1.78                      2.46  -0.68     0.45
  SINCE JAN 1     10.08                      7.26   2.82     3.62

SNOWFALL (IN)
  YESTERDAY        0.0
  MONTH TO DATE    0.0
  SINCE JUL 1      0.0

DEGREE DAYS
 HEATING
  YESTERDAY        4                         2      2        8
  MONTH TO DATE   32                        60    -28       84
  SINCE MAR 1     32                        60    -28       84
  SINCE JUL 1    331                       549   -218      337

 COOLING
  YESTERDAY        0                         3     -3        0
  MONTH TO DATE  114                        68     46       65
  SINCE MAR 1    114                        68     46       65
  SINCE JAN 1    345                       166    179      398
..................................................................


WIND (MPH)
  HIGHEST WIND SPEED    13   HIGHEST WIND DIRECTION    NW (300)
  HIGHEST GUST SPEED    16   HIGHEST GUST DIRECTION    NW (300)
  AVERAGE WIND SPEED     7.4


SKY COVER
  AVERAGE SKY COVER 0.0


WEATHER CONDITIONS
 THE FOLLOWING WEATHER WAS RECORDED YESTERDAY.
  NO SIGNIFICANT WEATHER WAS OBSERVED.


RELATIVE HUMIDITY (PERCENT)
 HIGHEST    86           600 AM
 LOWEST     33           100 PM
 AVERAGE    60

..........................................................


THE MELBOURNE CLIMATE NORMALS FOR TODAY
                         NORMAL    RECORD    YEAR
 MAXIMUM TEMPERATURE (F)   78        91      2013
 MINIMUM TEMPERATURE (F)   56        34      1968


SUNRISE AND SUNSET
MARCH 24 2019.........SUNRISE   722 AM EDT   SUNSET   736 PM EDT
MARCH 25 2019.........SUNRISE   721 AM EDT   SUNSET   737 PM EDT


-  INDICATES NEGATIVE NUMBERS.
R  INDICATES RECORD WAS SET OR TIED.
MM INDICATES DATA IS MISSING.
T  INDICATES TRACE AMOUNT.




$$
