000
CDUS43 KDVN 172127
CLIMLI


CLIMATE REPORT
NATIONAL WEATHER SERVICE QUAD CITIES IA IL
425 PM CDT MON JUN 17 2019


...................................

...THE MOLINE IL CLIMATE SUMMARY FOR JUNE 17 2019...
VALID TODAY AS OF 0400 PM LOCAL TIME.

CLIMATE NORMAL PERIOD 1981 TO 2010
CLIMATE RECORD PERIOD 1872 TO 2019


WEATHER ITEM   OBSERVED TIME   RECORD YEAR NORMAL DEPARTURE LAST
                VALUE   (LST)  VALUE       VALUE  FROM      YEAR
                                                  NORMAL
..................................................................
TEMPERATURE (F)
 TODAY
  MAXIMUM         70    259 PM  98    1897  83    -13       94
  MINIMUM         61    641 AM  46    1876  61      0       78
  AVERAGE         66                        72     -6       86

PRECIPITATION (IN)
  TODAY            0.00          1.65 1990   0.15  -0.15     0.00
  MONTH TO DATE    2.16                      2.52  -0.36     1.91
  SINCE JUN 1      2.16                      2.52  -0.36     1.91
  SINCE JAN 1     27.24                     16.38  10.86    13.48

SNOWFALL (IN)
  TODAY            0.0          MM      MM   0.0    0.0      0.0
  MONTH TO DATE    0.0                       0.0    0.0      0.0
  SINCE JUN 1      0.0                       0.0    0.0      0.0
  SINCE JUL 1     60.8                      31.6   29.2     41.7
  SNOW DEPTH       0

DEGREE DAYS
 HEATING
  TODAY            0                         0      0        0
  MONTH TO DATE    2                        17    -15        0
  SINCE JUN 1      2                        17    -15        0
  SINCE JUL 1   6377                      6201    176     6148

 COOLING
  TODAY            1                         8     -7       21
  MONTH TO DATE  103                        97      6      169
  SINCE JUN 1    103                        97      6      169
  SINCE JAN 1    169                       173     -4      349
..................................................................


WIND (MPH)
  HIGHEST WIND SPEED    10   HIGHEST WIND DIRECTION    NE (60)
  HIGHEST GUST SPEED    14   HIGHEST GUST DIRECTION     E (70)
  AVERAGE WIND SPEED     6.5


SKY COVER
  POSSIBLE SUNSHINE  MM
  AVERAGE SKY COVER 1.0


WEATHER CONDITIONS
 THE FOLLOWING WEATHER WAS RECORDED TODAY.
  FOG
  HAZE


RELATIVE HUMIDITY (PERCENT)
 HIGHEST    93           500 AM
 LOWEST     70          1200 PM
 AVERAGE    82

..........................................................


THE MOLINE IL CLIMATE NORMALS FOR TOMORROW
                         NORMAL    RECORD    YEAR
 MAXIMUM TEMPERATURE (F)   83        98      1994
 MINIMUM TEMPERATURE (F)   62        43      1876


SUNRISE AND SUNSET
JUNE 17 2019..........SUNRISE   528 AM CDT   SUNSET   838 PM CDT
JUNE 18 2019..........SUNRISE   528 AM CDT   SUNSET   838 PM CDT


-  INDICATES NEGATIVE NUMBERS.
R  INDICATES RECORD WAS SET OR TIED.
MM INDICATES DATA IS MISSING.
T  INDICATES TRACE AMOUNT.




$$
