000
CDUS43 KDVN 262122
CLIMLI


CLIMATE REPORT
NATIONAL WEATHER SERVICE QUAD CITIES IA IL
421 PM CDT TUE MAR 26 2019


...................................

...THE MOLINE IL CLIMATE SUMMARY FOR MARCH 26 2019...
VALID TODAY AS OF 0400 PM LOCAL TIME.

CLIMATE NORMAL PERIOD 1981 TO 2010
CLIMATE RECORD PERIOD 1872 TO 2019


WEATHER ITEM   OBSERVED TIME   RECORD YEAR NORMAL DEPARTURE LAST
                VALUE   (LST)  VALUE       VALUE  FROM      YEAR
                                                  NORMAL
..................................................................
TEMPERATURE (F)
 TODAY
  MAXIMUM         52    259 PM  84    1991  54     -2       39
  MINIMUM         24    627 AM   9    1955  33     -9       27
  AVERAGE         38                        43     -5       33

PRECIPITATION (IN)
  TODAY            0.00          1.35 1916   0.10  -0.10     0.51
  MONTH TO DATE    1.87                      2.37  -0.50     2.86
  SINCE MAR 1      1.87                      2.37  -0.50     2.86
  SINCE JAN 1      8.55                      5.46   3.09     6.69

SNOWFALL (IN)
  TODAY            0.0          MM      MM   0.1   -0.1      0.0
  MONTH TO DATE    2.1                       3.6   -1.5     10.4
  SINCE MAR 1      2.1                       3.6   -1.5     10.4
  SINCE JUL 1     60.8                      30.3   30.5     38.5
  SNOW DEPTH       0

DEGREE DAYS
 HEATING
  TODAY           27                        22      5       32
  MONTH TO DATE  778                       703     75      735
  SINCE MAR 1    778                       703     75      735
  SINCE JUL 1   5725                      5501    224     5362

 COOLING
  TODAY            0                         0      0        0
  MONTH TO DATE    0                         0      0        0
  SINCE MAR 1      0                         0      0        0
  SINCE JAN 1      0                         0      0        0
..................................................................


WIND (MPH)
  HIGHEST WIND SPEED    16   HIGHEST WIND DIRECTION    SE (130)
  HIGHEST GUST SPEED    22   HIGHEST GUST DIRECTION    SE (140)
  AVERAGE WIND SPEED     5.3


SKY COVER
  POSSIBLE SUNSHINE  MM
  AVERAGE SKY COVER 0.0


WEATHER CONDITIONS
 THE FOLLOWING WEATHER WAS RECORDED TODAY.
  NO SIGNIFICANT WEATHER WAS OBSERVED.


RELATIVE HUMIDITY (PERCENT)
 HIGHEST    81           500 AM
 LOWEST     19           300 PM
 AVERAGE    50

..........................................................


THE MOLINE IL CLIMATE NORMALS FOR TOMORROW
                         NORMAL    RECORD    YEAR
 MAXIMUM TEMPERATURE (F)   54        83      1945
 MINIMUM TEMPERATURE (F)   34        13      1964


SUNRISE AND SUNSET
MARCH 26 2019.........SUNRISE   656 AM CDT   SUNSET   721 PM CDT
MARCH 27 2019.........SUNRISE   654 AM CDT   SUNSET   722 PM CDT


-  INDICATES NEGATIVE NUMBERS.
R  INDICATES RECORD WAS SET OR TIED.
MM INDICATES DATA IS MISSING.
T  INDICATES TRACE AMOUNT.




$$
