000
CDUS45 KBYZ 172222
CLIMLS


CLIMATE REPORT
NATIONAL WEATHER SERVICE BILLINGS MT
421 PM MDT MON JUN 17 2019


...................................

...THE MILES CITY MT CLIMATE SUMMARY FOR JUNE 17 2019...
VALID TODAY AS OF 0400 PM LOCAL TIME.

CLIMATE NORMAL PERIOD 1981 TO 2010
CLIMATE RECORD PERIOD 1937 TO 2019


WEATHER ITEM   OBSERVED TIME   RECORD YEAR NORMAL DEPARTURE LAST
                VALUE   (LST)  VALUE       VALUE  FROM      YEAR
                                                  NORMAL
..................................................................
TEMPERATURE (F)
 TODAY
  MAXIMUM         78    256 PM 102    1988  79     -1       70
  MINIMUM         48    434 AM  41    2004  53     -5       53
  AVERAGE         63                        66     -3       62

PRECIPITATION (IN)
  TODAY            0.00          1.92 1944   0.09  -0.09      T
  MONTH TO DATE    0.42                      1.53  -1.11     1.81
  SINCE OCT 1      8.09                      7.83   0.26    11.69
  SINCE JAN 1      5.99                      6.23  -0.24    10.50

DEGREE DAYS
 HEATING
  TODAY            2                         2      0        3
  MONTH TO DATE   51                        68    -17       43
  SINCE JUN 1     51                        68    -17       43
  SINCE JUL 1   8340                      7617    723     8360

 COOLING
  TODAY            0                         4     -4        0
  MONTH TO DATE   32                        42    -10       44
  SINCE JUN 1     32                        42    -10       44
  SINCE JAN 1     35                        62    -27       81
..................................................................


WIND (MPH)
  HIGHEST WIND SPEED     9   HIGHEST WIND DIRECTION    NE (50)
  HIGHEST GUST SPEED    20   HIGHEST GUST DIRECTION     N (20)
  AVERAGE WIND SPEED     3.1


SKY COVER
  POSSIBLE SUNSHINE  MM
  AVERAGE SKY COVER 0.2


WEATHER CONDITIONS
 THE FOLLOWING WEATHER WAS RECORDED TODAY.
  FOG


RELATIVE HUMIDITY (PERCENT)
 HIGHEST   100           100 AM
 LOWEST     30           300 PM
 AVERAGE    65

..........................................................


THE MILES CITY MT CLIMATE NORMALS FOR TOMORROW
                         NORMAL    RECORD    YEAR
 MAXIMUM TEMPERATURE (F)   80        98      1986
 MINIMUM TEMPERATURE (F)   53        34      2004


SUNRISE AND SUNSET
JUNE 17 2019..........SUNRISE   510 AM MDT   SUNSET   859 PM MDT
JUNE 18 2019..........SUNRISE   510 AM MDT   SUNSET   859 PM MDT


-  INDICATES NEGATIVE NUMBERS.
R  INDICATES RECORD WAS SET OR TIED.
MM INDICATES DATA IS MISSING.
T  INDICATES TRACE AMOUNT.




$$
