650
CDUS45 KBYZ 262221
CLIMLS


CLIMATE REPORT
NATIONAL WEATHER SERVICE BILLINGS MT
421 PM MDT TUE MAR 26 2019


...................................

...THE MILES CITY MT CLIMATE SUMMARY FOR MARCH 26 2019...
VALID TODAY AS OF 0400 PM LOCAL TIME.

CLIMATE NORMAL PERIOD 1981 TO 2010
CLIMATE RECORD PERIOD 1937 TO 2019


WEATHER ITEM   OBSERVED TIME   RECORD YEAR NORMAL DEPARTURE LAST
                VALUE   (LST)  VALUE       VALUE  FROM      YEAR
                                                  NORMAL
..................................................................
TEMPERATURE (F)
 TODAY
  MAXIMUM         66    259 PM  81    1999  51     15       44
  MINIMUM         32    636 AM  -6    1937  27      5       28
  AVERAGE         49                        39     10       36

PRECIPITATION (IN)
  TODAY            0.00          0.42 1985   0.03  -0.03      T
  MONTH TO DATE    0.14                      0.46  -0.32     0.51
  SINCE OCT 1      2.60                      2.61  -0.01     2.48
  SINCE JAN 1      0.50                      1.01  -0.51     1.29

DEGREE DAYS
 HEATING
  TODAY           16                        26    -10       29
  MONTH TO DATE 1121                       815    306     1015
  SINCE MAR 1   1121                       815    306     1015
  SINCE JUL 1   7172                      6549    623     7281

 COOLING
  TODAY            0                         0      0        0
  MONTH TO DATE    0                         0      0        0
  SINCE MAR 1      0                         0      0        0
  SINCE JAN 1      0                         0      0        0
..................................................................


WIND (MPH)
  HIGHEST WIND SPEED    14   HIGHEST WIND DIRECTION    SE (150)
  HIGHEST GUST SPEED    21   HIGHEST GUST DIRECTION    SE (120)
  AVERAGE WIND SPEED     9.4


SKY COVER
  POSSIBLE SUNSHINE  MM
  AVERAGE SKY COVER 0.0


WEATHER CONDITIONS
 THE FOLLOWING WEATHER WAS RECORDED TODAY.
  FOG


RELATIVE HUMIDITY (PERCENT)
 HIGHEST   100          1200 AM
 LOWEST     34           300 PM
 AVERAGE    67

..........................................................


THE MILES CITY MT CLIMATE NORMALS FOR TOMORROW
                         NORMAL    RECORD    YEAR
 MAXIMUM TEMPERATURE (F)   51        82      1946
 MINIMUM TEMPERATURE (F)   27        -3      1937


SUNRISE AND SUNSET
MARCH 26 2019.........SUNRISE   655 AM MDT   SUNSET   724 PM MDT
MARCH 27 2019.........SUNRISE   653 AM MDT   SUNSET   725 PM MDT


-  INDICATES NEGATIVE NUMBERS.
R  INDICATES RECORD WAS SET OR TIED.
MM INDICATES DATA IS MISSING.
T  INDICATES TRACE AMOUNT.




$$
