907
CDUS45 KBYZ 241104
CLIMLS


CLIMATE REPORT
NATIONAL WEATHER SERVICE BILLINGS MT
504 AM MDT TUE APR 24 2018


...................................

...THE MILES CITY MT CLIMATE SUMMARY FOR APRIL 23 2018...

CLIMATE NORMAL PERIOD 1981 TO 2010
CLIMATE RECORD PERIOD 1937 TO 2018


WEATHER ITEM   OBSERVED TIME   RECORD YEAR NORMAL DEPARTURE LAST
                VALUE   (LST)  VALUE       VALUE  FROM      YEAR
                                                  NORMAL
..................................................................
TEMPERATURE (F)
 YESTERDAY
  MAXIMUM         51    102 AM  91    2012  62    -11       59
  MINIMUM         32    320 PM  19    2013  36     -4       40
                                      1967
  AVERAGE         42                        49     -7       50

PRECIPITATION (IN)
  YESTERDAY        0.72          1.02 2010   0.06   0.66     0.19
  MONTH TO DATE    2.44                      0.96   1.48     0.94
  SINCE OCT 1      5.04                      3.71   1.33     3.06
  SINCE JAN 1      3.85                      2.11   1.74     1.97

DEGREE DAYS
 HEATING
  YESTERDAY       23                        16      7       15
  MONTH TO DATE  633                       464    169      351
  SINCE MAR 1   1819                      1405    414     1153
  SINCE JUL 1   8085                      7139    946     6705

 COOLING
  YESTERDAY        0                         0      0        0
  MONTH TO DATE    0                         0      0        0
  SINCE MAR 1      0                         0      0        0
  SINCE JAN 1      0                         0      0        0
..................................................................


WIND (MPH)
  HIGHEST WIND SPEED    26   HIGHEST WIND DIRECTION     N (20)
  HIGHEST GUST SPEED    32   HIGHEST GUST DIRECTION     N (20)
  AVERAGE WIND SPEED    14.6


SKY COVER
  POSSIBLE SUNSHINE  MM
  AVERAGE SKY COVER 1.0


WEATHER CONDITIONS
 THE FOLLOWING WEATHER WAS RECORDED YESTERDAY.
  RAIN
  LIGHT RAIN
  HEAVY SNOW
  SNOW
  LIGHT SNOW
  FOG
  FOG W/VISIBILITY <= 1/4 MILE


RELATIVE HUMIDITY (PERCENT)
 HIGHEST   100          1000 AM
 LOWEST     44           100 AM
 AVERAGE    72

..........................................................


THE MILES CITY MT CLIMATE NORMALS FOR TODAY
                         NORMAL    RECORD    YEAR
 MAXIMUM TEMPERATURE (F)   62        90      2012
 MINIMUM TEMPERATURE (F)   36        24      1958


SUNRISE AND SUNSET
APRIL 24 2018.........SUNRISE   601 AM MDT   SUNSET   803 PM MDT
APRIL 25 2018.........SUNRISE   559 AM MDT   SUNSET   805 PM MDT


-  INDICATES NEGATIVE NUMBERS.
R  INDICATES RECORD WAS SET OR TIED.
MM INDICATES DATA IS MISSING.
T  INDICATES TRACE AMOUNT.




$$
