000
CDUS41 KCAR 220555
CLIMLT


CLIMATE REPORT
NATIONAL WEATHER SERVICE CARIBOU, ME
154 AM EDT WED MAY 22 2019


...................................

...THE MILLINOCKET ME CLIMATE SUMMARY FOR MAY 21 2019...

CLIMATE NORMAL PERIOD 1981 TO 2010
CLIMATE RECORD PERIOD 1903 TO 2019


WEATHER ITEM   OBSERVED TIME   RECORD YEAR NORMAL DEPARTURE LAST
                VALUE   (LST)  VALUE       VALUE  FROM      YEAR
                                                  NORMAL
..................................................................
TEMPERATURE (F)
 YESTERDAY
  MAXIMUM         58    253 PM  93    1911  66     -8       75
  MINIMUM         44   1148 PM  29    1974  43      1       41
                                      1956
                                      1927
  AVERAGE         51                        55     -4       58

PRECIPITATION (IN)
  YESTERDAY       MM             1.99 1998   0.11  MM        0.00
  MONTH TO DATE    2.42                      2.16   0.26     1.76
  SINCE MAR 1      9.97                      8.78   1.19     7.84
  SINCE JAN 1     14.78                     13.89   0.89    13.71

SNOWFALL (IN)
  YESTERDAY       MM            MM      MM  MM     MM       MM
  MONTH TO DATE   MM                        MM     MM       MM
  SINCE MAR 1     MM                        MM     MM       MM
  SINCE JUL 1     MM                        MM     MM       MM
  SNOW DEPTH      MM

DEGREE DAYS
 HEATING
  YESTERDAY       14                        10      4        7
  MONTH TO DATE  352                       280     72      232
  SINCE MAR 1   2325                      2149    176     2105
  SINCE JUL 1   8639                      8201    438     7849

 COOLING
  YESTERDAY        0                         0      0        0
  MONTH TO DATE    0                         0      0        0
  SINCE MAR 1      0                         0      0        0
  SINCE JAN 1      0                         0      0        0
..................................................................


WIND (MPH)
  HIGHEST WIND SPEED    25   HIGHEST WIND DIRECTION    NW (310)
  HIGHEST GUST SPEED    37   HIGHEST GUST DIRECTION    NW (300)
  AVERAGE WIND SPEED    11.6


SKY COVER
  POSSIBLE SUNSHINE  MM
  AVERAGE SKY COVER 0.9


WEATHER CONDITIONS
 THE FOLLOWING WEATHER WAS RECORDED YESTERDAY.
  FOG
  FOG W/VISIBILITY <= 1/4 MILE


RELATIVE HUMIDITY (PERCENT)
 HIGHEST   100          1200 AM
 LOWEST     51           100 PM
 AVERAGE    76

..........................................................


THE MILLINOCKET ME CLIMATE NORMALS FOR TODAY
                         NORMAL    RECORD    YEAR
 MAXIMUM TEMPERATURE (F)   67        96      1911
 MINIMUM TEMPERATURE (F)   44        23      1906


SUNRISE AND SUNSET
MAY 22 2019...........SUNRISE   457 AM EDT   SUNSET   807 PM EDT
MAY 23 2019...........SUNRISE   456 AM EDT   SUNSET   808 PM EDT


-  INDICATES NEGATIVE NUMBERS.
R  INDICATES RECORD WAS SET OR TIED.
MM INDICATES DATA IS MISSING.
T  INDICATES TRACE AMOUNT.




$$
