000
CDUS44 KSHV 240756
CLIMLU


CLIMATE REPORT
NATIONAL WEATHER SERVICE SHREVEPORT, LA
255 AM CDT SUN MAR 24 2019


...................................

...THE MONROE CLIMATE SUMMARY FOR MARCH 23 2019...

CLIMATE NORMAL PERIOD 1981 TO 2010
CLIMATE RECORD PERIOD 1893 TO 2019


WEATHER ITEM   OBSERVED TIME   RECORD YEAR NORMAL DEPARTURE LAST
                VALUE   (LST)  VALUE       VALUE  FROM      YEAR
                                                  NORMAL
..................................................................
TEMPERATURE (F)
 YESTERDAY
  MAXIMUM         77    441 PM  90    1910  72      5       79
  MINIMUM         43    602 AM  25    1927  48     -5       47
  AVERAGE         60                        60      0       63

PRECIPITATION (IN)
  YESTERDAY        0.00          2.20 1958   0.14  -0.14     0.00
  MONTH TO DATE    1.78                      3.56  -1.78     1.60
  SINCE DEC 1     26.89                     18.49   8.40    18.29
  SINCE JAN 1     15.86                     13.20   2.66    14.77

SNOWFALL (IN)
  YESTERDAY        0.0
  MONTH TO DATE    0.0
  SINCE MAR 1      0.0
  SINCE JUL 1      0.4
  SNOW DEPTH       0

DEGREE DAYS
 HEATING
  YESTERDAY        5                         6     -1        2
  MONTH TO DATE  244                       206     38      161
  SINCE MAR 1    244                       206     38      161
  SINCE JUL 1   2017                      2100    -83     1942

 COOLING
  YESTERDAY        0                         1     -1        0
  MONTH TO DATE   12                        21     -9       24
  SINCE MAR 1     12                        21     -9       24
  SINCE JAN 1     28                        32     -4       61
..................................................................


WIND (MPH)
  HIGHEST WIND SPEED    14   HIGHEST WIND DIRECTION     S (180)
  HIGHEST GUST SPEED    18   HIGHEST GUST DIRECTION    SE (150)
  AVERAGE WIND SPEED     4.9


SKY COVER
  POSSIBLE SUNSHINE  MM
  AVERAGE SKY COVER 0.0


WEATHER CONDITIONS
 THE FOLLOWING WEATHER WAS RECORDED YESTERDAY.
  NO SIGNIFICANT WEATHER WAS OBSERVED.


RELATIVE HUMIDITY (PERCENT)
 HIGHEST    92           400 AM
 LOWEST     31           500 PM
 AVERAGE    62

..........................................................


THE MONROE CLIMATE NORMALS FOR TODAY
                         NORMAL    RECORD    YEAR
 MAXIMUM TEMPERATURE (F)   72        88      1936
                                             1910
                                             1907
 MINIMUM TEMPERATURE (F)   48        30      1968
                                             1915


SUNRISE AND SUNSET
MARCH 24 2019.........SUNRISE   707 AM CDT   SUNSET   722 PM CDT
MARCH 25 2019.........SUNRISE   706 AM CDT   SUNSET   723 PM CDT


-  INDICATES NEGATIVE NUMBERS.
R  INDICATES RECORD WAS SET OR TIED.
MM INDICATES DATA IS MISSING.
T  INDICATES TRACE AMOUNT.




$$
