000
CDUS44 KSHV 242133
CLIMLU


CLIMATE REPORT
NATIONAL WEATHER SERVICE SHREVEPORT, LA
433 PM CDT FRI MAY 24 2019


...................................

...THE MONROE CLIMATE SUMMARY FOR MAY 24 2019...
VALID TODAY AS OF 0400 PM LOCAL TIME.

CLIMATE NORMAL PERIOD 1981 TO 2010
CLIMATE RECORD PERIOD 1893 TO 2019


WEATHER ITEM   OBSERVED TIME   RECORD YEAR NORMAL DEPARTURE LAST
                VALUE   (LST)  VALUE       VALUE  FROM      YEAR
                                                  NORMAL
..................................................................
TEMPERATURE (F)
 TODAY
  MAXIMUM         89    259 PM  95    2010  87      2       90
                                      1996
  MINIMUM         70    520 AM  49    1931  65      5       69
  AVERAGE         80                        76      4       80

PRECIPITATION (IN)
  TODAY            0.00          1.99 1997   0.16  -0.16     0.02
  MONTH TO DATE    5.07                      4.05   1.02     1.97
  SINCE DEC 1     44.21                     28.20  16.01    28.43
  SINCE JAN 1     33.18                     22.91  10.27    24.91

DEGREE DAYS
 HEATING
  TODAY            0                         0      0        0
  MONTH TO DATE    0                         3     -3        0
  SINCE MAR 1    377                       333     44      306
  SINCE JUL 1   2150                      2227    -77     2087

 COOLING
  TODAY           15                        11      4       15
  MONTH TO DATE  227                       204     23      308
  SINCE MAR 1    315                       340    -25      408
  SINCE JAN 1    331                       351    -20      445
..................................................................


WIND (MPH)
  HIGHEST WIND SPEED    14   HIGHEST WIND DIRECTION     S (190)
  HIGHEST GUST SPEED    18   HIGHEST GUST DIRECTION     S (180)
  AVERAGE WIND SPEED     4.4


SKY COVER
  POSSIBLE SUNSHINE  MM
  AVERAGE SKY COVER 0.3


WEATHER CONDITIONS
 THE FOLLOWING WEATHER WAS RECORDED TODAY.
  FOG


RELATIVE HUMIDITY (PERCENT)
 HIGHEST    93           400 AM
 LOWEST     44           300 PM
 AVERAGE    69

..........................................................


THE MONROE CLIMATE NORMALS FOR TOMORROW
                         NORMAL    RECORD    YEAR
 MAXIMUM TEMPERATURE (F)   88        95      1996
                                             1963
                                             1915
 MINIMUM TEMPERATURE (F)   65        50      2017


SUNRISE AND SUNSET
MAY 24 2019...........SUNRISE   605 AM CDT   SUNSET   806 PM CDT
MAY 25 2019...........SUNRISE   604 AM CDT   SUNSET   806 PM CDT


-  INDICATES NEGATIVE NUMBERS.
R  INDICATES RECORD WAS SET OR TIED.
MM INDICATES DATA IS MISSING.
T  INDICATES TRACE AMOUNT.




$$
