000
CDUS46 KPQR 172323
CLIMMV


CLIMATE REPORT
NATIONAL WEATHER SERVICE PORTLAND OREGON
422 PM PDT MON JUN 17 2019


...................................

...THE MCMINNVILLE OR CLIMATE SUMMARY FOR JUNE 17 2019...
VALID TODAY AS OF 0400 PM LOCAL TIME.

CLIMATE NORMAL PERIOD 1981 TO 2010
CLIMATE RECORD PERIOD 1894 TO 2019


WEATHER ITEM   OBSERVED TIME   RECORD YEAR NORMAL DEPARTURE LAST
                VALUE   (LST)  VALUE       VALUE  FROM      YEAR
                                                  NORMAL
..................................................................
TEMPERATURE (F)
 TODAY
  MAXIMUM         82    259 PM  97    1969  73      9       90
                                      1958
  MINIMUM         51    422 AM  34    1951  47      4       49
  AVERAGE         67                        60      7       70

PRECIPITATION (IN)
  TODAY            0.00                      0.06  -0.06     0.00
  MONTH TO DATE    T                         0.98  -0.98     0.91
  SINCE OCT 1     28.36                     36.73  -8.37    32.66
  SINCE JAN 1     16.13                     20.70  -4.57    17.12

DEGREE DAYS
 HEATING
  TODAY            0                                         0
  MONTH TO DATE   50                                       103
  SINCE JUN 1     50                                       103
  SINCE JUL 1   4494                                      4308

 COOLING
  TODAY            2                                         5
  MONTH TO DATE   34                                         5
  SINCE JUN 1     34                                         5
  SINCE JAN 1     37                                         7
..................................................................


WIND (MPH)
  HIGHEST WIND SPEED     9   HIGHEST WIND DIRECTION     N (20)
  HIGHEST GUST SPEED    13   HIGHEST GUST DIRECTION     N (360)
  AVERAGE WIND SPEED     2.4


SKY COVER
  POSSIBLE SUNSHINE  MM
  AVERAGE SKY COVER 0.0


WEATHER CONDITIONS
 THE FOLLOWING WEATHER WAS RECORDED TODAY.
  NO SIGNIFICANT WEATHER WAS OBSERVED.


RELATIVE HUMIDITY (PERCENT)
 HIGHEST    89           400 AM
 LOWEST     42           200 PM
 AVERAGE    66

..........................................................


THE MCMINNVILLE OR CLIMATE NORMALS FOR TOMORROW
                         NORMAL    RECORD    YEAR
 MAXIMUM TEMPERATURE (F)   73        98      1982
 MINIMUM TEMPERATURE (F)   47        35      1973
                                             1930
                                             1911


SUNRISE AND SUNSET
JUNE 17 2019..........SUNRISE   424 AM PST   SUNSET   803 PM PST
JUNE 18 2019..........SUNRISE   425 AM PST   SUNSET   803 PM PST


-  INDICATES NEGATIVE NUMBERS.
R  INDICATES RECORD WAS SET OR TIED.
MM INDICATES DATA IS MISSING.
T  INDICATES TRACE AMOUNT.




$$
