000
CDUS46 KPQR 270223
CLIMMV


CLIMATE REPORT
NATIONAL WEATHER SERVICE PORTLAND OREGON
723 PM PDT TUE MAR 26 2019


...................................

...THE MCMINNVILLE OR CLIMATE SUMMARY FOR MARCH 26 2019...
VALID TODAY AS OF 0700 PM LOCAL TIME.

CLIMATE NORMAL PERIOD 1981 TO 2010
CLIMATE RECORD PERIOD 1894 TO 2019


WEATHER ITEM   OBSERVED TIME   RECORD YEAR NORMAL DEPARTURE LAST
                VALUE   (LST)  VALUE       VALUE  FROM      YEAR
                                                  NORMAL
..................................................................
TEMPERATURE (F)
 TODAY
  MAXIMUM         59    351 PM  81    1923  58      1       49
  MINIMUM         35    637 AM  15    1920  38     -3       35
  AVERAGE         47                        48     -1       42

PRECIPITATION (IN)
  TODAY            0.00                      0.12  -0.12      T
  MONTH TO DATE    0.96                      3.44  -2.48     3.04
  SINCE OCT 1     22.07                     30.01  -7.94    26.59
  SINCE JAN 1      9.84                     13.98  -4.14    11.05

DEGREE DAYS
 HEATING
  TODAY           18                                        23
  MONTH TO DATE  522                                       538
  SINCE MAR 1    522                                       538
  SINCE JUL 1   3778                                      3495

 COOLING
  TODAY            0                                         0
  MONTH TO DATE    0                                         0
  SINCE MAR 1      0                                         0
  SINCE JAN 1      0                                         0
..................................................................


WIND (MPH)
  HIGHEST WIND SPEED     7   HIGHEST WIND DIRECTION    SW (210)
  HIGHEST GUST SPEED     9   HIGHEST GUST DIRECTION    SE (120)
  AVERAGE WIND SPEED     2.9


SKY COVER
  POSSIBLE SUNSHINE  MM
  AVERAGE SKY COVER 0.2


WEATHER CONDITIONS
 THE FOLLOWING WEATHER WAS RECORDED TODAY.
  FOG
  FOG W/VISIBILITY <= 1/4 MILE


RELATIVE HUMIDITY (PERCENT)
 HIGHEST   100           300 AM
 LOWEST     40           200 PM
 AVERAGE    70

..........................................................


THE MCMINNVILLE OR CLIMATE NORMALS FOR TOMORROW
                         NORMAL    RECORD    YEAR
 MAXIMUM TEMPERATURE (F)   58        86      1923
 MINIMUM TEMPERATURE (F)   38        23      1920


SUNRISE AND SUNSET
MARCH 26 2019.........SUNRISE   605 AM PST   SUNSET   633 PM PST
MARCH 27 2019.........SUNRISE   603 AM PST   SUNSET   634 PM PST


-  INDICATES NEGATIVE NUMBERS.
R  INDICATES RECORD WAS SET OR TIED.
MM INDICATES DATA IS MISSING.
T  INDICATES TRACE AMOUNT.




$$
