812
CDUS44 KMOB 220645
CLIMOB


CLIMATE REPORT
NATIONAL WEATHER SERVICE MOBILE AL
145 AM CDT FRI MAR 22 2019


...................................

...THE MOBILE CLIMATE SUMMARY FOR MARCH 21 2019...

CLIMATE NORMAL PERIOD 1981 TO 2010
CLIMATE RECORD PERIOD 1842 TO 2019


WEATHER ITEM   OBSERVED TIME   RECORD YEAR NORMAL DEPARTURE LAST
                VALUE   (LST)  VALUE       VALUE  FROM      YEAR
                                                  NORMAL
..................................................................
TEMPERATURE (F)
 YESTERDAY
  MAXIMUM         72    357 PM  86    1962  72      0       69
  MINIMUM         45   1102 PM  31    1996  50     -5       44
                                      1876
  AVERAGE         59                        61     -2       57

PRECIPITATION (IN)
  YESTERDAY        0.00          4.20 1879   0.20  -0.20     0.00
  MONTH TO DATE    1.62                      4.17  -2.55     2.39
  SINCE MAR 1      1.62                      4.17  -2.55     2.39
  SINCE JAN 1     11.11                     14.94  -3.83    11.97

SNOWFALL (IN)
  YESTERDAY        0.0          MM      MM   0.0    0.0      0.0
  MONTH TO DATE    0.0                       0.1   -0.1      0.0
  SINCE MAR 1      0.0                       0.1   -0.1      0.0
  SINCE JUL 1      T                         0.2   -0.2      1.1
  SNOW DEPTH       0

DEGREE DAYS
 HEATING
  YESTERDAY        6                         5      1        8
  MONTH TO DATE  140                       144     -4      137
  SINCE MAR 1    140                       144     -4      137
  SINCE JUL 1   1270                      1586   -316     1394

 COOLING
  YESTERDAY        0                         1     -1        0
  MONTH TO DATE   43                        21     22       33
  SINCE MAR 1     43                        21     22       33
  SINCE JAN 1    115                        37     78      140
..................................................................


WIND (MPH)
  HIGHEST WIND SPEED    20   HIGHEST WIND DIRECTION     N (360)
  HIGHEST GUST SPEED    27   HIGHEST GUST DIRECTION     N (350)
  AVERAGE WIND SPEED     6.8


SKY COVER
  POSSIBLE SUNSHINE  MM
  AVERAGE SKY COVER 0.2


WEATHER CONDITIONS
 THE FOLLOWING WEATHER WAS RECORDED YESTERDAY.
  NO SIGNIFICANT WEATHER WAS OBSERVED.


RELATIVE HUMIDITY (PERCENT)
 HIGHEST    86          1200 AM
 LOWEST     29           200 PM
 AVERAGE    58

..........................................................


THE MOBILE CLIMATE NORMALS FOR TODAY
                         NORMAL    RECORD    YEAR
 MAXIMUM TEMPERATURE (F)   73        88      2017
 MINIMUM TEMPERATURE (F)   50        27      1986


SUNRISE AND SUNSET
MARCH 22 2019.........SUNRISE   655 AM CDT   SUNSET   706 PM CDT
MARCH 23 2019.........SUNRISE   653 AM CDT   SUNSET   706 PM CDT


-  INDICATES NEGATIVE NUMBERS.
R  INDICATES RECORD WAS SET OR TIED.
MM INDICATES DATA IS MISSING.
T  INDICATES TRACE AMOUNT.




$$
