000
CDUS44 KMOB 270645
CLIMOB


CLIMATE REPORT
NATIONAL WEATHER SERVICE MOBILE AL
145 AM CDT MON MAY 27 2019


...................................

...THE MOBILE CLIMATE SUMMARY FOR MAY 26 2019...

CLIMATE NORMAL PERIOD 1981 TO 2010
CLIMATE RECORD PERIOD 1842 TO 2019


WEATHER ITEM   OBSERVED TIME   RECORD YEAR NORMAL DEPARTURE LAST
                VALUE   (LST)  VALUE       VALUE  FROM      YEAR
                                                  NORMAL
..................................................................
TEMPERATURE (F)
 YESTERDAY
  MAXIMUM         96R   308 PM  96    1962  87      9       85
                                      1953
                                      1878
  MINIMUM         69    457 AM  48    1979  66      3       71
  AVERAGE         83                        76      7       78

PRECIPITATION (IN)
  YESTERDAY        0.00          3.28 1991   0.16  -0.16     1.11
  MONTH TO DATE    3.86                      4.25  -0.39     4.83
  SINCE MAR 1     11.79                     15.18  -3.39    11.61
  SINCE JAN 1     21.28                     25.95  -4.67    21.19

DEGREE DAYS
 COOLING
  YESTERDAY       18                        12      6       13
  MONTH TO DATE  300                       226     74      311
  SINCE MAR 1    465                       369     96      425
  SINCE JAN 1    537                       385    152      532
..................................................................


WIND (MPH)
  HIGHEST WIND SPEED    12   HIGHEST WIND DIRECTION    SE (150)
  HIGHEST GUST SPEED    15   HIGHEST GUST DIRECTION     S (170)
  AVERAGE WIND SPEED     3.6


SKY COVER
  POSSIBLE SUNSHINE  MM
  AVERAGE SKY COVER 0.1


WEATHER CONDITIONS
 THE FOLLOWING WEATHER WAS RECORDED YESTERDAY.
  NO SIGNIFICANT WEATHER WAS OBSERVED.


RELATIVE HUMIDITY (PERCENT)
 HIGHEST    97           300 AM
 LOWEST     39           200 PM
 AVERAGE    68

..........................................................


THE MOBILE CLIMATE NORMALS FOR TODAY
                         NORMAL    RECORD    YEAR
 MAXIMUM TEMPERATURE (F)   87       100      1953
 MINIMUM TEMPERATURE (F)   67        49      1961


SUNRISE AND SUNSET
MAY 27 2019...........SUNRISE   552 AM CDT   SUNSET   748 PM CDT
MAY 28 2019...........SUNRISE   552 AM CDT   SUNSET   749 PM CDT


-  INDICATES NEGATIVE NUMBERS.
R  INDICATES RECORD WAS SET OR TIED.
MM INDICATES DATA IS MISSING.
T  INDICATES TRACE AMOUNT.




$$
