000
CDUS44 KMOB 242335
CLIMOB


CLIMATE REPORT
NATIONAL WEATHER SERVICE MOBILE AL
634 PM CDT TUE APR 24 2018


...................................

...THE MOBILE CLIMATE SUMMARY FOR APRIL 24 2018...
VALID TODAY AS OF 0500 PM LOCAL TIME.

CLIMATE NORMAL PERIOD 1981 TO 2010
CLIMATE RECORD PERIOD 1842 TO 2018


WEATHER ITEM   OBSERVED TIME   RECORD YEAR NORMAL DEPARTURE LAST
                VALUE   (LST)  VALUE       VALUE  FROM      YEAR
                                                  NORMAL
..................................................................
TEMPERATURE (F)
 TODAY
  MAXIMUM         77    323 PM  91    1999  79     -2       76
  MINIMUM         51    533 AM  37    2012  58     -7       52
  AVERAGE         64                        68     -4       64

PRECIPITATION (IN)
  TODAY            0.00          2.68 1937   0.15  -0.15     0.00
  MONTH TO DATE    3.02                      3.88  -0.86     3.34
  SINCE MAR 1      6.73                     10.02  -3.29     6.48
  SINCE JAN 1     16.31                     20.79  -4.48    18.69

DEGREE DAYS
 HEATING
  TODAY            1                         1      0        1
  MONTH TO DATE   72                        56     16       23
  SINCE MAR 1    230                       245    -15      142
  SINCE JUL 1   1487                      1687   -200      913

 COOLING
  TODAY            0                         4     -4        0
  MONTH TO DATE   47                        72    -25      111
  SINCE MAR 1    102                       111     -9      206
  SINCE JAN 1    209                       127     82      281
..................................................................


WIND (MPH)
  HIGHEST WIND SPEED    16   HIGHEST WIND DIRECTION     N (350)
  HIGHEST GUST SPEED    23   HIGHEST GUST DIRECTION     W (260)
  AVERAGE WIND SPEED     6.6


SKY COVER
  POSSIBLE SUNSHINE  MM
  AVERAGE SKY COVER 0.4


WEATHER CONDITIONS
 THE FOLLOWING WEATHER WAS RECORDED TODAY.
  NO SIGNIFICANT WEATHER WAS OBSERVED.


RELATIVE HUMIDITY (PERCENT)
 HIGHEST    96           500 AM
 LOWEST     46           200 PM
 AVERAGE    71

..........................................................


THE MOBILE CLIMATE NORMALS FOR TOMORROW
                         NORMAL    RECORD    YEAR
 MAXIMUM TEMPERATURE (F)   80        88      1989
 MINIMUM TEMPERATURE (F)   58        39      1910


SUNRISE AND SUNSET
APRIL 24 2018.........SUNRISE   616 AM CDT   SUNSET   727 PM CDT
APRIL 25 2018.........SUNRISE   615 AM CDT   SUNSET   727 PM CDT


-  INDICATES NEGATIVE NUMBERS.
R  INDICATES RECORD WAS SET OR TIED.
MM INDICATES DATA IS MISSING.
T  INDICATES TRACE AMOUNT.




$$
