000
CDUS46 KSTO 250853
CLIMOD


CLIMATE REPORT
NATIONAL WEATHER SERVICE SACRAMENTO, CA
153 AM PDT SAT MAY 25 2019


...................................

...THE MODESTO CA CLIMATE SUMMARY FOR MAY 24 2019...

CLIMATE NORMAL PERIOD 1981 TO 2010
CLIMATE RECORD PERIOD 1931 TO 2019


WEATHER ITEM   OBSERVED TIME   RECORD YEAR NORMAL DEPARTURE LAST
                VALUE   (LST)  VALUE       VALUE  FROM      YEAR
                                                  NORMAL
..................................................................
TEMPERATURE (F)
 YESTERDAY
  MAXIMUM         78    444 PM 100    1982  85     -7       78
  MINIMUM         54    446 AM  42    1953  56     -2       53
  AVERAGE         66

PRECIPITATION (IN)
  YESTERDAY        0.00          0.37 1993   0.01  -0.01     0.00
  MONTH TO DATE    0.92                      0.52   0.40      T
  SINCE OCT 1     12.98                     12.60   0.38     8.00
  SINCE JAN 1      8.49                      8.52  -0.03     6.97

SNOWFALL (IN)
  YESTERDAY        0.0          MM      MM
  MONTH TO DATE    0.0
  SINCE MAR 1      0.0
  SINCE JUL 1      0.0
  SNOW DEPTH       0

DEGREE DAYS
 HEATING
  YESTERDAY        0                         1     -1        0
  MONTH TO DATE   42                        31     11        3
  SINCE MAR 1    399                       397      2      412
  SINCE JUL 1   2093                      2165    -72     1990

 COOLING
  YESTERDAY        1                         6     -5        1
  MONTH TO DATE   38                       108    -70       77
  SINCE MAR 1     98                       152    -54      105
  SINCE JAN 1     98                       152    -54      105
..................................................................


WIND (MPH)
  RESULTANT WIND SPEED   2   RESULTANT WIND DIRECTION  NE (30)
  HIGHEST WIND SPEED    13   HIGHEST WIND DIRECTION    NW (330)
  HIGHEST GUST SPEED    16   HIGHEST GUST DIRECTION    NW (330)


SKY COVER
  POSSIBLE SUNSHINE  MM
  AVERAGE SKY COVER 0.2


WEATHER CONDITIONS
 THE FOLLOWING WEATHER WAS RECORDED YESTERDAY.
  FOG


RELATIVE HUMIDITY (PERCENT)
 HIGHEST    93           200 AM
 LOWEST     47           400 PM
 AVERAGE    70

..........................................................


THE MODESTO CA CLIMATE NORMALS FOR TODAY
                         NORMAL    RECORD    YEAR
 MAXIMUM TEMPERATURE (F)   85        99      1979
 MINIMUM TEMPERATURE (F)   56        42      1962


SUNRISE AND SUNSET
MAY 25 2019...........SUNRISE   547 AM PDT   SUNSET   815 PM PDT
MAY 26 2019...........SUNRISE   547 AM PDT   SUNSET   815 PM PDT


-  INDICATES NEGATIVE NUMBERS.
R  INDICATES RECORD WAS SET OR TIED.
MM INDICATES DATA IS MISSING.
T  INDICATES TRACE AMOUNT.




$$
