000
CDUS46 KSTO 230041
CLIMOD


CLIMATE REPORT
NATIONAL WEATHER SERVICE SACRAMENTO, CA
541 PM PDT FRI MAR 22 2019


...................................

...THE MODESTO CA CLIMATE SUMMARY FOR MARCH 22 2019...
VALID TODAY AS OF 0500 PM LOCAL TIME.

CLIMATE NORMAL PERIOD 1981 TO 2010
CLIMATE RECORD PERIOD 1931 TO 2019


WEATHER ITEM   OBSERVED TIME   RECORD YEAR NORMAL DEPARTURE LAST
                VALUE   (LST)  VALUE       VALUE  FROM      YEAR
                                                  NORMAL
..................................................................
TEMPERATURE (F)
 TODAY
  MAXIMUM         64    251 PM  83    1997  70     -6       68
  MINIMUM         43    527 AM  32    1935  47     -4       46
  AVERAGE         54

PRECIPITATION (IN)
  TODAY            0.00          1.02 1937   0.05  -0.05     0.15
  MONTH TO DATE    1.56                      1.58  -0.02     1.80
  SINCE OCT 1     10.88                     10.65   0.23     5.55
  SINCE JAN 1      6.39                      6.57  -0.18     4.52

SNOWFALL (IN)
  TODAY            0.0          MM      MM
  MONTH TO DATE    0.0
  SINCE MAR 1      0.0
  SINCE JUL 1      0.0

DEGREE DAYS
 HEATING
  TODAY           11                         7      4        8
  MONTH TO DATE  223                       177     46      239
  SINCE MAR 1    223                       177     46      239
  SINCE JUL 1   1917                      1945    -28     1817

 COOLING
  TODAY            0                         0      0        0
  MONTH TO DATE    0                         0      0        0
  SINCE MAR 1      0                         0      0        0
  SINCE JAN 1      0                         0      0        0
..................................................................


WIND (MPH)
  RESULTANT WIND SPEED   2   RESULTANT WIND DIRECTION  SE (130)
  HIGHEST WIND SPEED    10   HIGHEST WIND DIRECTION    SE (140)
  HIGHEST GUST SPEED    14   HIGHEST GUST DIRECTION     S (170)


SKY COVER
  POSSIBLE SUNSHINE  MM
  AVERAGE SKY COVER 0.4


WEATHER CONDITIONS
 THE FOLLOWING WEATHER WAS RECORDED TODAY.
  NO SIGNIFICANT WEATHER WAS OBSERVED.


RELATIVE HUMIDITY (PERCENT)
 HIGHEST    89           600 AM
 LOWEST     43           100 PM
 AVERAGE    66

..........................................................


THE MODESTO CA CLIMATE NORMALS FOR TOMORROW
                         NORMAL    RECORD    YEAR
 MAXIMUM TEMPERATURE (F)   70        80      1984
 MINIMUM TEMPERATURE (F)   47        31      1954


SUNRISE AND SUNSET
MARCH 22 2019.........SUNRISE   704 AM PDT   SUNSET   717 PM PDT
MARCH 23 2019.........SUNRISE   703 AM PDT   SUNSET   718 PM PDT


-  INDICATES NEGATIVE NUMBERS.
R  INDICATES RECORD WAS SET OR TIED.
MM INDICATES DATA IS MISSING.
T  INDICATES TRACE AMOUNT.




$$
