000
CDUS43 KBIS 250746
CLIMOT


CLIMATE REPORT
NATIONAL WEATHER SERVICE BISMARCK ND
245 AM CDT SAT MAY 25 2019


...................................

...THE MINOT ND CLIMATE SUMMARY FOR MAY 24 2019...

CLIMATE NORMAL PERIOD 1981 TO 2010
CLIMATE RECORD PERIOD 1897 TO 2019


WEATHER ITEM   OBSERVED TIME   RECORD YEAR NORMAL DEPARTURE LAST
                VALUE   (LST)  VALUE       VALUE  FROM      YEAR
                                                  NORMAL
..................................................................
TEMPERATURE (F)
 YESTERDAY
  MAXIMUM         56    539 PM  91    1977  69    -13       89
  MINIMUM         40    244 AM  24    1924  46     -6       60
  AVERAGE         48                        57     -9       75

PRECIPITATION (IN)
  YESTERDAY        0.57          1.10 1933   0.09   0.48     0.00
  MONTH TO DATE    0.67                      1.84  -1.17     0.30
  SINCE MAR 1      1.53                      3.82  -2.29     0.95
  SINCE JAN 1      1.83                      4.73  -2.90     1.06

DEGREE DAYS
 COOLING
  YESTERDAY        0                         1     -1       10
  MONTH TO DATE    5                         2      3       31
  SINCE MAR 1      5                         3      2       32
  SINCE JAN 1      5                         3      2       32
..................................................................


WIND (MPH)
  HIGHEST WIND SPEED    21   HIGHEST WIND DIRECTION    NW (330)
  HIGHEST GUST SPEED    25   HIGHEST GUST DIRECTION     W (290)
  AVERAGE WIND SPEED    11.8


SKY COVER
  POSSIBLE SUNSHINE  MM
  AVERAGE SKY COVER 0.8


WEATHER CONDITIONS
 THE FOLLOWING WEATHER WAS RECORDED YESTERDAY.
  HEAVY RAIN
  RAIN
  LIGHT RAIN
  FOG


RELATIVE HUMIDITY (PERCENT)
 HIGHEST    93           700 AM
 LOWEST     71          1200 AM
 AVERAGE    82

..........................................................


THE MINOT ND CLIMATE NORMALS FOR TODAY
                         NORMAL    RECORD    YEAR
 MAXIMUM TEMPERATURE (F)   69        92      2018
                                             1931
 MINIMUM TEMPERATURE (F)   46        20      1924


SUNRISE AND SUNSET
MAY 25 2019...........SUNRISE   555 AM CDT   SUNSET   930 PM CDT
MAY 26 2019...........SUNRISE   554 AM CDT   SUNSET   931 PM CDT


-  INDICATES NEGATIVE NUMBERS.
R  INDICATES RECORD WAS SET OR TIED.
MM INDICATES DATA IS MISSING.
T  INDICATES TRACE AMOUNT.




$$
