000
CDUS41 KPHI 252145
CLIMPO


CLIMATE REPORT
NATIONAL WEATHER SERVICE MOUNT HOLLY NJ
545 PM EDT MON MAR 25 2019


...................................

...THE MOUNT POCONO PA CLIMATE SUMMARY FOR MARCH 25 2019...
VALID TODAY AS OF 0500 PM LOCAL TIME.

CLIMATE NORMAL PERIOD 1981 TO 2010
CLIMATE RECORD PERIOD 1901 TO 2019


WEATHER ITEM   OBSERVED TIME   RECORD YEAR NORMAL DEPARTURE LAST
                VALUE   (LST)  VALUE       VALUE  FROM      YEAR
                                                  NORMAL
..................................................................
TEMPERATURE (F)
 TODAY
  MAXIMUM         44   1225 AM  72    1939  46     -2       36
  MINIMUM         33   1142 AM -10    1906  28      5       17
  AVERAGE         39                        37      2       27

PRECIPITATION (IN)
  TODAY            0.00          2.60 1921   0.15  -0.15     0.02
  MONTH TO DATE    3.11                      2.88   0.23     2.13
  SINCE MAR 1      3.11                      2.88   0.23     2.13
  SINCE JAN 1      9.70                      8.14   1.56    11.76

DEGREE DAYS
 HEATING
  TODAY           26                        28     -2       38
  MONTH TO DATE  913                       813    100      945
  SINCE MAR 1    913                       813    100      945
  SINCE JUL 1   6017                      5936     81     5906

 COOLING
  TODAY            0                         0      0        0
  MONTH TO DATE    0                         0      0        0
  SINCE MAR 1      0                         0      0        0
  SINCE JAN 1      0                         0      0        0
..................................................................


WIND (MPH)
  HIGHEST WIND SPEED    21   HIGHEST WIND DIRECTION    NW (330)
  HIGHEST GUST SPEED    24   HIGHEST GUST DIRECTION    NW (320)
  AVERAGE WIND SPEED    10.1


SKY COVER
  POSSIBLE SUNSHINE  MM
  AVERAGE SKY COVER 0.9


WEATHER CONDITIONS
 THE FOLLOWING WEATHER WAS RECORDED TODAY.
  NO SIGNIFICANT WEATHER WAS OBSERVED.


RELATIVE HUMIDITY (PERCENT)
 HIGHEST    75           800 AM
 LOWEST     27           400 PM
 AVERAGE    51

..........................................................


THE MOUNT POCONO PA CLIMATE NORMALS FOR TOMORROW
                         NORMAL    RECORD    YEAR
 MAXIMUM TEMPERATURE (F)   46        71      1939
 MINIMUM TEMPERATURE (F)   28        -1      1960


SUNRISE AND SUNSET
MARCH 25 2019.........SUNRISE   657 AM EDT   SUNSET   719 PM EDT
MARCH 26 2019.........SUNRISE   655 AM EDT   SUNSET   720 PM EDT


-  INDICATES NEGATIVE NUMBERS.
R  INDICATES RECORD WAS SET OR TIED.
MM INDICATES DATA IS MISSING.
T  INDICATES TRACE AMOUNT.




$$
