000
CDUS41 KPHI 222130
CLIMPO


CLIMATE REPORT
NATIONAL WEATHER SERVICE MOUNT HOLLY NJ
528 PM EDT WED MAY 22 2019


...................................

...THE MOUNT POCONO PA CLIMATE SUMMARY FOR MAY 22 2019...
VALID TODAY AS OF 0500 PM LOCAL TIME.

CLIMATE NORMAL PERIOD 1981 TO 2010
CLIMATE RECORD PERIOD 1901 TO 2019


WEATHER ITEM   OBSERVED TIME   RECORD YEAR NORMAL DEPARTURE LAST
                VALUE   (LST)  VALUE       VALUE  FROM      YEAR
                                                  NORMAL
..................................................................
TEMPERATURE (F)
 TODAY
  MAXIMUM         71    320 PM  94    1911  67      4       58
  MINIMUM         39    443 AM  30    1967  47     -8       51
                                      1936
                                      1907
  AVERAGE         55                        57     -2       55

PRECIPITATION (IN)
  TODAY            0.00          3.15 1942   0.16  -0.16     0.86
  MONTH TO DATE    4.84                      2.84   2.00     6.34
  SINCE MAR 1     14.21                     10.69   3.52    13.24
  SINCE JAN 1     20.80                     15.95   4.85    22.87

DEGREE DAYS
 HEATING
  TODAY           10                         9      1       10
  MONTH TO DATE  231                       252    -21      158
  SINCE MAR 1   1835                      1823     12     2039
  SINCE JUL 1   6939                      6946     -7     7000

 COOLING
  TODAY            0                         1     -1        0
  MONTH TO DATE    2                         4     -2       17
  SINCE MAR 1      2                         8     -6       17
  SINCE JAN 1      2                         8     -6       17
..................................................................


WIND (MPH)
  HIGHEST WIND SPEED    16   HIGHEST WIND DIRECTION     N (340)
  HIGHEST GUST SPEED    21   HIGHEST GUST DIRECTION     N (360)
  AVERAGE WIND SPEED     6.6


SKY COVER
  POSSIBLE SUNSHINE  MM
  AVERAGE SKY COVER 0.0


WEATHER CONDITIONS
 THE FOLLOWING WEATHER WAS RECORDED TODAY.
  NO SIGNIFICANT WEATHER WAS OBSERVED.


RELATIVE HUMIDITY (PERCENT)
 HIGHEST    85           500 AM
 LOWEST     23           400 PM
 AVERAGE    54

..........................................................


THE MOUNT POCONO PA CLIMATE NORMALS FOR TOMORROW
                         NORMAL    RECORD    YEAR
 MAXIMUM TEMPERATURE (F)   67        89      1911
 MINIMUM TEMPERATURE (F)   47        30      1993
                                             1932


SUNRISE AND SUNSET
MAY 22 2019...........SUNRISE   538 AM EDT   SUNSET   819 PM EDT
MAY 23 2019...........SUNRISE   537 AM EDT   SUNSET   820 PM EDT


-  INDICATES NEGATIVE NUMBERS.
R  INDICATES RECORD WAS SET OR TIED.
MM INDICATES DATA IS MISSING.
T  INDICATES TRACE AMOUNT.




$$
