000
CDUS41 KBTV 210540
CLIMPV


CLIMATE REPORT
NATIONAL WEATHER SERVICE BURLINGTON VT
136 AM EDT THU MAR 21 2019


...................................

...THE MONTPELIER VT CLIMATE SUMMARY FOR MARCH 20 2019...

CLIMATE NORMAL PERIOD 1981 TO 2010
CLIMATE RECORD PERIOD 1948 TO 2019


WEATHER ITEM   OBSERVED TIME   RECORD YEAR NORMAL DEPARTURE LAST
                VALUE   (LST)  VALUE       VALUE  FROM      YEAR
                                                  NORMAL
..................................................................
TEMPERATURE (F)
 YESTERDAY
  MAXIMUM         44        MM  78    2012  40      4       34
  MINIMUM          8        MM  -2    1949  21    -13        1
  AVERAGE         26                        30     -4       18

PRECIPITATION (IN)
  YESTERDAY        0.00          2.14        0.08  -0.08     0.00
  MONTH TO DATE    0.41                      1.49  -1.08     1.98
  SINCE MAR 1      0.41                      1.49  -1.08     1.98
  SINCE JAN 1      6.07                      5.98   0.09     6.26

DEGREE DAYS
 HEATING
  YESTERDAY       39                        35      4       47
  MONTH TO DATE  840                       766     74      782
  SINCE MAR 1    840                       766     74      782
  SINCE JUL 1   6983                      6674    309     6437

 COOLING
  YESTERDAY        0                         0      0        0
  MONTH TO DATE    0                         0      0        0
  SINCE MAR 1      0                         0      0        0
  SINCE JAN 1      0                         0      0        0
..................................................................


WIND (MPH)
  HIGHEST WIND SPEED     9   HIGHEST WIND DIRECTION     S (190)
  HIGHEST GUST SPEED    20   HIGHEST GUST DIRECTION     S (190)
  AVERAGE WIND SPEED     3.0


SKY COVER
  AVERAGE SKY COVER 0.1


WEATHER CONDITIONS
 THE FOLLOWING WEATHER WAS RECORDED YESTERDAY.
  NO SIGNIFICANT WEATHER WAS OBSERVED.


RELATIVE HUMIDITY (PERCENT)
 HIGHEST    84           700 AM
 LOWEST     33           200 PM
 AVERAGE    59

..........................................................


THE MONTPELIER VT CLIMATE NORMALS FOR TODAY
                         NORMAL    RECORD    YEAR
 MAXIMUM TEMPERATURE (F)   41        80      2012
 MINIMUM TEMPERATURE (F)   21        -3      1988


SUNRISE AND SUNSET
MARCH 21 2019.........SUNRISE   652 AM EDT   SUNSET   704 PM EDT
MARCH 22 2019.........SUNRISE   650 AM EDT   SUNSET   705 PM EDT


-  INDICATES NEGATIVE NUMBERS.
R  INDICATES RECORD WAS SET OR TIED.
MM INDICATES DATA IS MISSING.
T  INDICATES TRACE AMOUNT.




$$
