151
CDUS41 KBTV 190541
CLIMPV


CLIMATE REPORT
NATIONAL WEATHER SERVICE BURLINGTON VT
139 AM EDT SUN MAY 19 2019


...................................

...THE MONTPELIER VT CLIMATE SUMMARY FOR MAY 18 2019...

CLIMATE NORMAL PERIOD 1981 TO 2010
CLIMATE RECORD PERIOD 1948 TO 2019


WEATHER ITEM   OBSERVED TIME   RECORD YEAR NORMAL DEPARTURE LAST
                VALUE   (LST)  VALUE       VALUE  FROM      YEAR
                                                  NORMAL
..................................................................
TEMPERATURE (F)
 YESTERDAY
  MAXIMUM         63    347 PM  90    1962  66     -3       66
  MINIMUM         46    714 AM  28    1983  43      3       38
  AVERAGE         55                        54      1       52

PRECIPITATION (IN)
  YESTERDAY        0.00          1.44        0.11  -0.11     0.00
  MONTH TO DATE    2.41                      1.88   0.53     1.44
  SINCE MAR 1      8.87                      6.93   1.94     9.54
  SINCE JAN 1     14.53                     11.42   3.11    13.82

DEGREE DAYS
 HEATING
  YESTERDAY       10                        11     -1       13
  MONTH TO DATE  313                       240     73      160
  SINCE MAR 1   2222                      2036    186     2163
  SINCE JUL 1   8365                      7944    421     7818

 COOLING
  YESTERDAY        0                         0      0        0
  MONTH TO DATE    0                         0      0        1
  SINCE MAR 1      0                         1     -1        1
  SINCE JAN 1      0                         1     -1        1
..................................................................


WIND (MPH)
  HIGHEST WIND SPEED    23   HIGHEST WIND DIRECTION    NW (300)
  HIGHEST GUST SPEED    32   HIGHEST GUST DIRECTION    NW (310)
  AVERAGE WIND SPEED     7.6


SKY COVER
  AVERAGE SKY COVER 0.6


WEATHER CONDITIONS
 THE FOLLOWING WEATHER WAS RECORDED YESTERDAY.
  NO SIGNIFICANT WEATHER WAS OBSERVED.


RELATIVE HUMIDITY (PERCENT)
 HIGHEST    80          1100 PM
 LOWEST     46           400 PM
 AVERAGE    63

..........................................................


THE MONTPELIER VT CLIMATE NORMALS FOR TODAY
                         NORMAL    RECORD    YEAR
 MAXIMUM TEMPERATURE (F)   67        90      1962
 MINIMUM TEMPERATURE (F)   43        28      2009


SUNRISE AND SUNSET
MAY 19 2019...........SUNRISE   520 AM EDT   SUNSET   814 PM EDT
MAY 20 2019...........SUNRISE   519 AM EDT   SUNSET   815 PM EDT


-  INDICATES NEGATIVE NUMBERS.
R  INDICATES RECORD WAS SET OR TIED.
MM INDICATES DATA IS MISSING.
T  INDICATES TRACE AMOUNT.




$$
