000
CDUS43 KMQT 240536
CLIMQT


CLIMATE REPORT
NATIONAL WEATHER SERVICE MARQUETTE MI
134 AM EDT SUN MAR 24 2019


...................................

...THE MARQUETTE MI CLIMATE SUMMARY FOR MARCH 23 2019...

CLIMATE NORMAL PERIOD 1981 TO 2010
CLIMATE RECORD PERIOD 1961 TO 2019


WEATHER ITEM   OBSERVED RECORD YEAR NORMAL DEPARTURE LAST
                VALUE   VALUE       VALUE  FROM      YEAR
                                           NORMAL
...........................................................
TEMPERATURE (F)
 YESTERDAY
  MAXIMUM         50     62    2000  37     13       28
                               1987
  MINIMUM         10    -18    1965  17     -7       13
  AVERAGE         30                 27      3       21

PRECIPITATION (IN)
  YESTERDAY        0.00   1.93 1979   0.11  -0.11     0.00
  MONTH TO DATE    1.12               2.23  -1.11     0.69
  SINCE MAR 1      1.12               2.23  -1.11     0.69
  SINCE JAN 1      9.57               6.78   2.79     4.85

SNOWFALL (IN)
  YESTERDAY        0.0   16.2  1966   1.0   -1.0      0.0
  MONTH TO DATE    8.2               27.8  -19.6     16.5
  SINCE MAR 1      8.2               27.8  -19.6     16.5
  SINCE JUL 1    213.1              180.2   32.9    132.5
  SNOW DEPTH      30

DEGREE DAYS
 HEATING
  YESTERDAY       35                 38     -3       44
  MONTH TO DATE 1047                973     74     1012
  SINCE MAR 1   1047                973     74     1012
  SINCE JUL 1   8050               7597    453     7700

 COOLING
  YESTERDAY        0                  0      0        0
  MONTH TO DATE    0                  0      0        0
  SINCE MAR 1      0                  0      0        0
  SINCE JAN 1      0                  0      0        0
...........................................................


WIND (MPH)
  HIGHEST WIND SPEED    MM   HIGHEST WIND DIRECTION    MM
  HIGHEST GUST SPEED    20   HIGHEST GUST DIRECTION    SW (225)
  AVERAGE WIND SPEED    MM


SKY COVER
  POSSIBLE SUNSHINE  MM
  AVERAGE SKY COVER  MM


WEATHER CONDITIONS
 THE FOLLOWING WEATHER WAS RECORDED YESTERDAY.
  NO SIGNIFICANT WEATHER WAS OBSERVED.


RELATIVE HUMIDITY (PERCENT)
 HIGHEST    MM
 LOWEST     MM
 AVERAGE    MM

..........................................................


THE MARQUETTE MI CLIMATE NORMALS FOR TODAY
                         NORMAL    RECORD    YEAR
 MAXIMUM TEMPERATURE (F)   37        61      2012
                                             1987
 MINIMUM TEMPERATURE (F)   17       -20      1965


SUNRISE AND SUNSET
MARCH 24 2019.........SUNRISE   746 AM EDT   SUNSET   808 PM EDT
MARCH 25 2019.........SUNRISE   744 AM EDT   SUNSET   809 PM EDT


-  INDICATES NEGATIVE NUMBERS.
R  INDICATES RECORD WAS SET OR TIED.
MM INDICATES DATA IS MISSING.
T  INDICATES TRACE AMOUNT.




$$
JLA
