000
CDUS43 KMQT 250527
CLIMQT


CLIMATE REPORT
NATIONAL WEATHER SERVICE MARQUETTE MI
127 AM EDT WED APR 25 2018


...................................

...THE MARQUETTE MI CLIMATE SUMMARY FOR APRIL 24 2018...

CLIMATE NORMAL PERIOD 1981 TO 2010
CLIMATE RECORD PERIOD 1961 TO 2018


WEATHER ITEM   OBSERVED RECORD YEAR NORMAL DEPARTURE LAST
                VALUE   VALUE       VALUE  FROM      YEAR
                                           NORMAL
...........................................................
TEMPERATURE (F)
 YESTERDAY
  MAXIMUM         51     86    1990  52     -1       63
  MINIMUM         31     18    2015  32     -1       27
                               2013
  AVERAGE         41                 42     -1       45

PRECIPITATION (IN)
  YESTERDAY        0.01   0.53 2002   0.09  -0.08     0.00
  MONTH TO DATE    3.28               2.45   0.83     3.94
  SINCE MAR 1      4.66               5.48  -0.82     5.78
  SINCE JAN 1      8.82              10.03  -1.21    10.36

SNOWFALL (IN)
  YESTERDAY        0.0    4.3  1980   0.3   -0.3      0.0
  MONTH TO DATE   35.2               13.1   22.1     11.6
  SINCE MAR 1     59.3               48.0   11.3     31.5
  SINCE JUL 1    175.3              200.4  -25.1    152.6
  SNOW DEPTH      17

DEGREE DAYS
 HEATING
  YESTERDAY       24                 23      1       20
  MONTH TO DATE  911                684    227      596
  SINCE MAR 1   2238               1947    291     1848
  SINCE JUL 1   8926               8571    355     7532

 COOLING
  YESTERDAY        0                  0      0        0
  MONTH TO DATE    0                  0      0        0
  SINCE MAR 1      0                  0      0        0
  SINCE JAN 1      0                  0      0        0
...........................................................


WIND (MPH)
  RESULTANT WIND SPEED  MM   RESULTANT WIND DIRECTION  MM
  HIGHEST WIND SPEED    MM   HIGHEST WIND DIRECTION    MM
  HIGHEST GUST SPEED    22   HIGHEST GUST DIRECTION     N (360)
  AVERAGE WIND SPEED    MM


SKY COVER
  POSSIBLE SUNSHINE  MM
  AVERAGE SKY COVER  MM


WEATHER CONDITIONS
 THE FOLLOWING WEATHER WAS RECORDED YESTERDAY.
  LIGHT RAIN


RELATIVE HUMIDITY (PERCENT)
 HIGHEST    MM
 LOWEST     MM
 AVERAGE    MM

..........................................................


THE MARQUETTE MI CLIMATE NORMALS FOR TODAY
                         NORMAL    RECORD    YEAR
 MAXIMUM TEMPERATURE (F)   53        89      1990
 MINIMUM TEMPERATURE (F)   33         9      1972


SUNRISE AND SUNSET
APRIL 25 2018.........SUNRISE   646 AM EDT   SUNSET   852 PM EDT
APRIL 26 2018.........SUNRISE   644 AM EDT   SUNSET   853 PM EDT


-  INDICATES NEGATIVE NUMBERS.
R  INDICATES RECORD WAS SET OR TIED.
MM INDICATES DATA IS MISSING.
T  INDICATES TRACE AMOUNT.




$$
