280
CDUS41 KLWX 252124
CLIMRB


CLIMATE REPORT
NATIONAL WEATHER SERVICE BALTIMORE MD/WASHINGTON DC
523 PM EDT SAT MAY 25 2019


...................................

...THE MARTINSBURG WV CLIMATE SUMMARY FOR MAY 25 2019...
VALID TODAY AS OF 0500 PM LOCAL TIME.

CLIMATE NORMAL PERIOD 1981 TO 2010
CLIMATE RECORD PERIOD 1926 TO 2019


WEATHER ITEM   OBSERVED TIME   NORMAL DEPARTURE LAST
                VALUE   (LST)  VALUE  FROM      YEAR
                                      NORMAL
......................................................
TEMPERATURE (F)
 TODAY
  MAXIMUM         83    228 PM  75      8       87
  MINIMUM         59    433 AM  52      7       53
  AVERAGE         71            64      7       70

PRECIPITATION (IN)
  TODAY            0.00          0.13  -0.13     0.00
  MONTH TO DATE    5.28          3.31   1.97     5.91
  SINCE MAR 1     12.71         10.17   2.54    11.35
  SINCE JAN 1     20.12         14.95   5.17    17.54

DEGREE DAYS
 HEATING
  TODAY            0             4     -4        0
  MONTH TO DATE   76           151    -75       35
  SINCE MAR 1   1055          1252   -197     1312
  SINCE JUL 1   4814          5208   -394     4877

 COOLING
  TODAY            6             2      4        5
  MONTH TO DATE   81            34     47       94
  SINCE MAR 1     92            43     49      110
  SINCE JAN 1     92            43     49      115
......................................................


WIND (MPH)
  HIGHEST WIND SPEED    14   HIGHEST WIND DIRECTION    SE (140)
  HIGHEST GUST SPEED    20   HIGHEST GUST DIRECTION    SE (150)
  AVERAGE WIND SPEED     4.2


SKY COVER
  POSSIBLE SUNSHINE  MM
  AVERAGE SKY COVER 0.4


WEATHER CONDITIONS
 THE FOLLOWING WEATHER WAS RECORDED TODAY.
  THUNDERSTORM


RELATIVE HUMIDITY (PERCENT)
 HIGHEST    90           100 AM
 LOWEST     54          1200 PM
 AVERAGE    72

..........................................................


THE MARTINSBURG WV CLIMATE NORMALS FOR TOMORROW
                         NORMAL
 MAXIMUM TEMPERATURE (F)   75
 MINIMUM TEMPERATURE (F)   53


SUNRISE AND SUNSET
MAY 25 2019...........SUNRISE   551 AM EDT   SUNSET   827 PM EDT
MAY 26 2019...........SUNRISE   550 AM EDT   SUNSET   828 PM EDT


-  INDICATES NEGATIVE NUMBERS.
R  INDICATES RECORD WAS SET OR TIED.
MM INDICATES DATA IS MISSING.
T  INDICATES TRACE AMOUNT.




$$
