000
CDUS44 KHUN 262122
CLIMSL


CLIMATE REPORT
NATIONAL WEATHER SERVICE HUNTSVILLE AL
422 PM CDT TUE MAR 26 2019

...................................

...THE MUSCLE SHOALS CLIMATE SUMMARY FOR MARCH 26 2019...
VALID TODAY AS OF 400 PM LOCAL TIME.

CLIMATE NORMAL PERIOD 1981 TO 2010
CLIMATE RECORD PERIOD 1893 TO 2019


WEATHER ITEM   OBSERVED TIME   RECORD YEAR NORMAL DEPARTURE LAST
                VALUE   (LST)  VALUE       VALUE  FROM      YEAR
                                                  NORMAL
...................................................................
TEMPERATURE (F)
 TODAY
  MAXIMUM         64    259 PM  87    2007  68     -4       57
                                      1908
  MINIMUM         49    715 AM  17    1955  44      5       51
  AVERAGE         57                        56      1       54

PRECIPITATION (IN)
  TODAY            0.00          2.36 2011   0.15  -0.15      T
  MONTH TO DATE    2.74                      3.99  -1.25     3.21
  SINCE MAR 1      2.74                      3.99  -1.25     3.21
  SINCE JAN 1     21.72                     13.26   8.46    17.55

SNOWFALL (IN)
  TODAY            0.0
  MONTH TO DATE    0.0
  SINCE MAR 1      0.0
  SINCE JUL 1      T
  SNOW DEPTH       0

DEGREE DAYS
 HEATING
  TODAY            8                        10     -2       11
  MONTH TO DATE  370                       333     37      355
  SINCE MAR 1    370                       333     37      355
  SINCE JUL 1   2598                      2868   -270     2703

 COOLING
  TODAY            0                         1     -1        0
  MONTH TO DATE    3                         3      0        6
  SINCE MAR 1      3                         3      0        6
  SINCE JAN 1     10                         4      6       34
...................................................................


WIND (MPH)
  HIGHEST WIND SPEED    18   HIGHEST WIND DIRECTION    NE (40)
  HIGHEST GUST SPEED    23   HIGHEST GUST DIRECTION     N (20)
  AVERAGE WIND SPEED    12.1


SKY COVER
  POSSIBLE SUNSHINE  MM
  AVERAGE SKY COVER 0.3


WEATHER CONDITIONS
THE FOLLOWING WEATHER WAS RECORDED TODAY.
  NO SIGNIFICANT WEATHER WAS OBSERVED.


RELATIVE HUMIDITY (PERCENT)
 HIGHEST    74          1200 AM
 LOWEST     31           300 PM
 AVERAGE    53

..........................................................


THE MUSCLE SHOALS CLIMATE NORMALS FOR TOMORROW
                         NORMAL    RECORD    YEAR
 MAXIMUM TEMPERATURE (F)   68        87      1910
 MINIMUM TEMPERATURE (F)   44        17      1955


SUNRISE AND SUNSET
MARCH 26 2019.........SUNRISE   546 AM CST   SUNSET   607 PM CST
MARCH 27 2019.........SUNRISE   545 AM CST   SUNSET   608 PM CST


-  INDICATES NEGATIVE NUMBERS.
R  INDICATES RECORD WAS SET OR TIED.
MM INDICATES DATA IS MISSING.
T  INDICATES TRACE AMOUNT.




$$
