000
CDUS44 KHUN 250701
CLIMSL


CLIMATE REPORT
NATIONAL WEATHER SERVICE HUNTSVILLE AL
201 AM CDT TUE JUN 25 2019

...................................

...THE MUSCLE SHOALS CLIMATE SUMMARY FOR JUNE 24 2019...

CLIMATE NORMAL PERIOD 1981 TO 2010
CLIMATE RECORD PERIOD 1893 TO 2019


WEATHER ITEM   OBSERVED TIME   RECORD YEAR NORMAL DEPARTURE LAST
                VALUE   (LST)  VALUE       VALUE  FROM      YEAR
                                                  NORMAL
...................................................................
TEMPERATURE (F)
 YESTERDAY
  MAXIMUM         89    241 PM 103    1914  89      0       91
  MINIMUM         71    233 AM  53    1915  68      3       73
                                      1961
                                      1974
  AVERAGE         80                        79      1       82

PRECIPITATION (IN)
  YESTERDAY        0.05          3.13 1900   0.15  -0.10     0.00
  MONTH TO DATE    2.85                      3.84  -0.99     5.35
  SINCE JUN 1      2.85                      3.84  -0.99     5.35
  SINCE JAN 1     36.13                     27.34   8.79    36.46

SNOWFALL (IN)
  YESTERDAY        0.0
  MONTH TO DATE    0.0
  SINCE JUN 1      0.0
  SINCE JUL 1      T
  SNOW DEPTH       0

DEGREE DAYS
 HEATING
  YESTERDAY        0                         0      0        0
  MONTH TO DATE    0                         0      0        0
  SINCE JUN 1      0                         0      0        0
  SINCE JUL 1   2742                      3103   -361     2957

 COOLING
  YESTERDAY       15                        14      1       17
  MONTH TO DATE  320                       278     42      338
  SINCE JUN 1    320                       278     42      338
  SINCE JAN 1    703                       522    181      737
...................................................................


WIND (MPH)
  HIGHEST WIND SPEED    24   HIGHEST WIND DIRECTION     W (280)
  HIGHEST GUST SPEED    29   HIGHEST GUST DIRECTION     W (260)
  AVERAGE WIND SPEED     9.5


SKY COVER
  POSSIBLE SUNSHINE  MM
  AVERAGE SKY COVER 0.3


WEATHER CONDITIONS
THE FOLLOWING WEATHER WAS RECORDED YESTERDAY.
  THUNDERSTORM
  LIGHT RAIN


RELATIVE HUMIDITY (PERCENT)
 HIGHEST    91           600 AM
 LOWEST     48           300 PM
 AVERAGE    70

..........................................................


THE MUSCLE SHOALS CLIMATE NORMALS FOR TODAY
                         NORMAL    RECORD    YEAR
 MAXIMUM TEMPERATURE (F)   90       106      1914
 MINIMUM TEMPERATURE (F)   68        53      1974


SUNRISE AND SUNSET
JUNE 25 2019..........SUNRISE   539 AM CDT   SUNSET   808 PM CDT
JUNE 26 2019..........SUNRISE   539 AM CDT   SUNSET   808 PM CDT


-  INDICATES NEGATIVE NUMBERS.
R  INDICATES RECORD WAS SET OR TIED.
MM INDICATES DATA IS MISSING.
T  INDICATES TRACE AMOUNT.




$$
