000
CDUS44 KHUN 220740
CLIMSL


CLIMATE REPORT
NATIONAL WEATHER SERVICE HUNTSVILLE AL
240 AM CDT SUN APR 22 2018


...................................

...THE MUSCLE SHOALS CLIMATE SUMMARY FOR APRIL 21 2018...

CLIMATE NORMAL PERIOD 1981 TO 2010
CLIMATE RECORD PERIOD 1893 TO 2018


WEATHER ITEM   OBSERVED TIME   RECORD YEAR NORMAL DEPARTURE LAST
                VALUE   (LST)  VALUE       VALUE  FROM      YEAR
                                                  NORMAL
..................................................................
TEMPERATURE (F)
 YESTERDAY
  MAXIMUM         76    401 PM  91    1987  75      1       83
                                      1925
  MINIMUM         41    419 AM  33    1953  51    -10       64
  AVERAGE         59                        63     -4       74

PRECIPITATION (IN)
  YESTERDAY        0.00          2.46 1920   0.14  -0.14     0.21
  MONTH TO DATE    4.29                      3.04   1.25     1.90
  SINCE MAR 1      8.86                      7.80   1.06     6.90
  SINCE JAN 1     23.20                     17.07   6.13    14.14

SNOWFALL (IN)
  YESTERDAY        0.0
  MONTH TO DATE    0.0
  SINCE MAR 1      T
  SINCE JUL 1      0.6
  SNOW DEPTH       0

DEGREE DAYS
 HEATING
  YESTERDAY        6                         4      2        0
  MONTH TO DATE  188                       132     56       42
  SINCE MAR 1    575                       510     65      362
  SINCE JUL 1   2923                      3045   -122     2042

 COOLING
  YESTERDAY        0                         2     -2        9
  MONTH TO DATE   15                        30    -15       79
  SINCE MAR 1     24                        42    -18      104
  SINCE JAN 1     52                        43      9      112
..................................................................


WIND (MPH)
  HIGHEST WIND SPEED    16   HIGHEST WIND DIRECTION    SE (140)
  HIGHEST GUST SPEED    21   HIGHEST GUST DIRECTION     E (110)
  AVERAGE WIND SPEED     5.3


SKY COVER
  POSSIBLE SUNSHINE  MM
  AVERAGE SKY COVER 0.2


WEATHER CONDITIONS
 THE FOLLOWING WEATHER WAS RECORDED YESTERDAY.
  NO SIGNIFICANT WEATHER WAS OBSERVED.


RELATIVE HUMIDITY (PERCENT)
 HIGHEST    89           100 AM
 LOWEST     27          1200 PM
 AVERAGE    58

..........................................................


THE MUSCLE SHOALS CLIMATE NORMALS FOR TODAY
                         NORMAL    RECORD    YEAR
 MAXIMUM TEMPERATURE (F)   75        90      1925
 MINIMUM TEMPERATURE (F)   51        34      1908


SUNRISE AND SUNSET
APRIL 22 2018.........SUNRISE   610 AM CDT   SUNSET   728 PM CDT
APRIL 23 2018.........SUNRISE   609 AM CDT   SUNSET   729 PM CDT


-  INDICATES NEGATIVE NUMBERS.
R  INDICATES RECORD WAS SET OR TIED.
MM INDICATES DATA IS MISSING.
T  INDICATES TRACE AMOUNT.




$$
