000
CDUS43 KMKX 230642
CLIMSN


CLIMATE REPORT
NATIONAL WEATHER SERVICE IN MILWAUKEE
142 AM CDT SAT MAR 23 2019


...................................

...THE MADISON WI CLIMATE SUMMARY FOR MARCH 22 2019...

CLIMATE NORMAL PERIOD 1981 TO 2010
CLIMATE RECORD PERIOD 1871 TO 2019


WEATHER ITEM   OBSERVED TIME   RECORD YEAR NORMAL DEPARTURE LAST
                VALUE   (LST)  VALUE       VALUE  FROM      YEAR
                                                  NORMAL
..................................................................
TEMPERATURE (F)
 YESTERDAY
  MAXIMUM         49    422 PM  79    2012  46      3       48
  MINIMUM         27   1159 PM  -5    1888  27      0       18
  AVERAGE         38                        36      2       33

PRECIPITATION (IN)
  YESTERDAY        0.00          1.00 1916   0.07  -0.07     0.00
  MONTH TO DATE    0.88                      1.42  -0.54     0.24
  SINCE MAR 1      0.88                      1.42  -0.54     0.24
  SINCE JAN 1      6.38                      4.10   2.28     4.42

SNOWFALL (IN)
  YESTERDAY        0.0          12.0  1916   0.2   -0.2      0.0
  MONTH TO DATE    2.8                       5.5   -2.7      3.4
  SINCE MAR 1      2.8                       5.5   -2.7      3.4
  SINCE JUL 1     54.3                      46.6    7.7     30.9
  SNOW DEPTH       0

DEGREE DAYS
 HEATING
  YESTERDAY       27                        29     -2       32
  MONTH TO DATE  814                       723     91      729
  SINCE MAR 1    814                       723     91      729
  SINCE JUL 1   6393                      6209    184     6004

 COOLING
  YESTERDAY        0                         0      0        0
  MONTH TO DATE    0                         0      0        0
  SINCE MAR 1      0                         0      0        0
  SINCE JAN 1      0                         0      0        0
..................................................................


WIND (MPH)
  HIGHEST WIND SPEED    20   HIGHEST WIND DIRECTION     N (10)
  HIGHEST GUST SPEED    30   HIGHEST GUST DIRECTION     N (10)
  AVERAGE WIND SPEED     8.1


SKY COVER
  POSSIBLE SUNSHINE  MM
  AVERAGE SKY COVER 0.1


WEATHER CONDITIONS
 THE FOLLOWING WEATHER WAS RECORDED YESTERDAY.
  NO SIGNIFICANT WEATHER WAS OBSERVED.


RELATIVE HUMIDITY (PERCENT)
 HIGHEST    85          1100 PM
 LOWEST     34           100 PM
 AVERAGE    60

..........................................................


THE MADISON WI CLIMATE NORMALS FOR TODAY
                         NORMAL    RECORD    YEAR
 MAXIMUM TEMPERATURE (F)   46        78      1910
 MINIMUM TEMPERATURE (F)   27        -6      1888


SUNRISE AND SUNSET
MARCH 23 2019.........SUNRISE   656 AM CDT   SUNSET   713 PM CDT
MARCH 24 2019.........SUNRISE   654 AM CDT   SUNSET   714 PM CDT


-  INDICATES NEGATIVE NUMBERS.
R  INDICATES RECORD WAS SET OR TIED.
MM INDICATES DATA IS MISSING.
T  INDICATES TRACE AMOUNT.




$$
