000
CDUS43 KMKX 210644
CLIMSN


CLIMATE REPORT
NATIONAL WEATHER SERVICE IN MILWAUKEE
143 AM CDT TUE MAY 21 2019


...................................

...THE MADISON WI CLIMATE SUMMARY FOR MAY 20 2019...

CLIMATE NORMAL PERIOD 1981 TO 2010
CLIMATE RECORD PERIOD 1871 TO 2019


WEATHER ITEM   OBSERVED TIME   RECORD YEAR NORMAL DEPARTURE LAST
                VALUE   (LST)  VALUE       VALUE  FROM      YEAR
                                                  NORMAL
..................................................................
TEMPERATURE (F)
 YESTERDAY
  MAXIMUM         58    439 PM  91    1934  70    -12       60
  MINIMUM         41    450 AM  32    1967  47     -6       47
                                      1954
  AVERAGE         50                        58     -8       54

PRECIPITATION (IN)
  YESTERDAY        0.00          1.82 1913   0.11  -0.11     0.36
  MONTH TO DATE    3.06                      2.19   0.87     8.25
  SINCE MAR 1      7.20                      7.79  -0.59    11.13
  SINCE JAN 1     12.70                     10.47   2.23    15.31

SNOWFALL (IN)
  YESTERDAY        0.0           0.0  2018   0.0    0.0      0.0
  MONTH TO DATE    0.0                       0.2   -0.2      0.0
  SINCE MAR 1      5.7                       9.8   -4.1     16.9
  SINCE JUL 1     57.2                      50.9    6.3     44.4
  SNOW DEPTH       0

DEGREE DAYS
 HEATING
  YESTERDAY       15                         8      7       11
  MONTH TO DATE  258                       200     58       91
  SINCE MAR 1   1842                      1721    121     1901
  SINCE JUL 1   7421                      7207    214     7176

 COOLING
  YESTERDAY        0                         1     -1        0
  MONTH TO DATE    4                        10     -6        9
  SINCE MAR 1      4                        14    -10        9
  SINCE JAN 1      4                        14    -10        9
..................................................................


WIND (MPH)
  HIGHEST WIND SPEED    17   HIGHEST WIND DIRECTION     N (350)
  HIGHEST GUST SPEED    27   HIGHEST GUST DIRECTION     N (340)
  AVERAGE WIND SPEED     8.4


SKY COVER
  POSSIBLE SUNSHINE  MM
  AVERAGE SKY COVER 0.8


WEATHER CONDITIONS
 THE FOLLOWING WEATHER WAS RECORDED YESTERDAY.
  NO SIGNIFICANT WEATHER WAS OBSERVED.


RELATIVE HUMIDITY (PERCENT)
 HIGHEST    86           400 AM
 LOWEST     47           400 PM
 AVERAGE    67

..........................................................


THE MADISON WI CLIMATE NORMALS FOR TODAY
                         NORMAL    RECORD    YEAR
 MAXIMUM TEMPERATURE (F)   70        89      1972
 MINIMUM TEMPERATURE (F)   48        30      2002
                                             1997


SUNRISE AND SUNSET
MAY 21 2019...........SUNRISE   528 AM CDT   SUNSET   820 PM CDT
MAY 22 2019...........SUNRISE   527 AM CDT   SUNSET   821 PM CDT


-  INDICATES NEGATIVE NUMBERS.
R  INDICATES RECORD WAS SET OR TIED.
MM INDICATES DATA IS MISSING.
T  INDICATES TRACE AMOUNT.




$$
