000
CDUS45 KMSO 242231
CLIMSO


CLIMATE REPORT
NATIONAL WEATHER SERVICE MISSOULA, MT
430 PM MDT FRI MAY 24 2019


...................................

...THE MISSOULA MT CLIMATE SUMMARY FOR MAY 24 2019...
VALID TODAY AS OF 0400 PM LOCAL TIME.

CLIMATE NORMAL PERIOD 1981 TO 2010
CLIMATE RECORD PERIOD 1893 TO 2019


WEATHER ITEM   OBSERVED TIME   RECORD YEAR NORMAL DEPARTURE LAST
                VALUE   (LST)  VALUE       VALUE  FROM      YEAR
                                                  NORMAL
..................................................................
TEMPERATURE (F)
 TODAY
  MAXIMUM         65   1146 AM  93    1934  70     -5       78
  MINIMUM         39    525 AM  29    1964  42     -3       52
  AVERAGE         52                        56     -4       65

PRECIPITATION (IN)
  TODAY            T             1.31 1953   0.08  -0.08     0.03
  MONTH TO DATE    1.59                      1.42   0.17     1.37
  SINCE OCT 1     12.22                      8.12   4.10    10.67
  SINCE JAN 1      7.52                      5.19   2.33     6.85

SNOWFALL (IN)
  TODAY            0.0
  MONTH TO DATE    0.0
  SINCE JAN 1     41.1
  SINCE JUL 1     60.0
  SNOW DEPTH       0

DEGREE DAYS
 HEATING
  TODAY           13                         9      4        0
  MONTH TO DATE  271                       299    -28      181
  SINCE MAR 1   1999                      1693    306     1688
  SINCE JUL 1   7717                      7062    655     7085

 COOLING
  TODAY            0                         0      0        0
  MONTH TO DATE    0                         0      0        0
  SINCE MAR 1      0                         0      0        0
  SINCE JAN 1      0                         0      0        0
..................................................................


WIND (MPH)
  HIGHEST WIND SPEED    20   HIGHEST WIND DIRECTION     W (290)
  HIGHEST GUST SPEED    22   HIGHEST GUST DIRECTION     W (290)
  AVERAGE WIND SPEED     4.0


SKY COVER
  POSSIBLE SUNSHINE  MM
  AVERAGE SKY COVER 0.4


WEATHER CONDITIONS
 THE FOLLOWING WEATHER WAS RECORDED TODAY.
  THUNDERSTORM
  LIGHT RAIN


RELATIVE HUMIDITY (PERCENT)
 HIGHEST    76           400 AM
 LOWEST     43          1100 AM
 AVERAGE    60

..........................................................


THE MISSOULA MT CLIMATE NORMALS FOR TOMORROW
                         NORMAL    RECORD    YEAR
 MAXIMUM TEMPERATURE (F)   70        94      1928
 MINIMUM TEMPERATURE (F)   42        26      1964


SUNRISE AND SUNSET
MAY 24 2019...........SUNRISE   552 AM MDT   SUNSET   915 PM MDT
MAY 25 2019...........SUNRISE   551 AM MDT   SUNSET   916 PM MDT


-  INDICATES NEGATIVE NUMBERS.
R  INDICATES RECORD WAS SET OR TIED.
MM INDICATES DATA IS MISSING.
T  INDICATES TRACE AMOUNT.




$$
