000
CDUS45 KMSO 250738
CLIMSO


CLIMATE REPORT
NATIONAL WEATHER SERVICE MISSOULA, MT
138 AM MDT MON MAR 25 2019


...................................

...THE MISSOULA MT CLIMATE SUMMARY FOR MARCH 24 2019...

CLIMATE NORMAL PERIOD 1981 TO 2010
CLIMATE RECORD PERIOD 1893 TO 2019


WEATHER ITEM   OBSERVED TIME   RECORD YEAR NORMAL DEPARTURE LAST
                VALUE   (LST)  VALUE       VALUE  FROM      YEAR
                                                  NORMAL
..................................................................
TEMPERATURE (F)
 YESTERDAY
  MAXIMUM         54    419 PM  71    2007  53      1       45
  MINIMUM         23    706 AM  -9    1965  30     -7       26
  AVERAGE         39                        41     -2       36

PRECIPITATION (IN)
  YESTERDAY        0.00          0.32 1899   0.03  -0.03      T
                                      1896
  MONTH TO DATE    0.21                      0.74  -0.53     0.73
  SINCE OCT 1      7.48                      5.22   2.26     6.87
  SINCE JAN 1      2.78                      2.29   0.49     3.05

SNOWFALL (IN)
  YESTERDAY        0.0
  MONTH TO DATE    2.1
  SINCE JAN 1     40.5
  SINCE JUL 1     59.4
  SNOW DEPTH       T

DEGREE DAYS
 HEATING
  YESTERDAY       26                        24      2       29
  MONTH TO DATE  957                       653    304      684
  SINCE MAR 1    957                       653    304      684
  SINCE JUL 1   6675                      6022    653     6081

 COOLING
  YESTERDAY        0                         0      0        0
  MONTH TO DATE    0                         0      0        0
  SINCE MAR 1      0                         0      0        0
  SINCE JAN 1      0                         0      0        0
..................................................................


WIND (MPH)
  HIGHEST WIND SPEED    16   HIGHEST WIND DIRECTION    SE (120)
  HIGHEST GUST SPEED    19   HIGHEST GUST DIRECTION    SE (130)
  AVERAGE WIND SPEED     4.3


SKY COVER
  POSSIBLE SUNSHINE  MM
  AVERAGE SKY COVER 0.2


WEATHER CONDITIONS
 THE FOLLOWING WEATHER WAS RECORDED YESTERDAY.
  FOG


RELATIVE HUMIDITY (PERCENT)
 HIGHEST    96           700 AM
 LOWEST     44           600 PM
 AVERAGE    70

..........................................................


THE MISSOULA MT CLIMATE NORMALS FOR TODAY
                         NORMAL    RECORD    YEAR
 MAXIMUM TEMPERATURE (F)   53        70      1960
 MINIMUM TEMPERATURE (F)   30        -7      1955


SUNRISE AND SUNSET
MARCH 25 2019.........SUNRISE   730 AM MDT   SUNSET   756 PM MDT
MARCH 26 2019.........SUNRISE   728 AM MDT   SUNSET   757 PM MDT


-  INDICATES NEGATIVE NUMBERS.
R  INDICATES RECORD WAS SET OR TIED.
MM INDICATES DATA IS MISSING.
T  INDICATES TRACE AMOUNT.




$$
