000
CDUS43 KMPX 230628
CLIMSP


CLIMATE REPORT
NATIONAL WEATHER SERVICE CHANHASSEN MN
128 AM CDT SAT MAR 23 2019


...................................

...THE TWIN CITIES MN CLIMATE SUMMARY FOR MARCH 22 2019...

CLIMATE NORMAL PERIOD 1981 TO 2010
CLIMATE RECORD PERIOD 1871 TO 2019


WEATHER ITEM   OBSERVED TIME   RECORD YEAR NORMAL DEPARTURE LAST
                VALUE   (LST)  VALUE       VALUE  FROM      YEAR
                                                  NORMAL
..................................................................
TEMPERATURE (F)
 YESTERDAY
  MAXIMUM         50    402 PM  71    1945  44      6       43
  MINIMUM         29    519 AM -14    1888  27      2       29
  AVERAGE         40                        35      5       36

PRECIPITATION (IN)
  YESTERDAY        0.00          1.40 1952   0.06  -0.06     0.00
  MONTH TO DATE    2.00                      1.26   0.74     0.57
  SINCE MAR 1      2.00                      1.26   0.74     0.57
  SINCE JAN 1      5.02                      2.93   2.09     3.45

SNOWFALL (IN)
  YESTERDAY        0.0          13.7  1952   0.3   -0.3      0.0
  MONTH TO DATE   10.5                       8.3    2.2      5.2
  SINCE MAR 1     10.5                       8.3    2.2      5.2
  SINCE JUL 1     67.3                      50.0   17.3     48.6
  SNOW DEPTH       T

DEGREE DAYS
 HEATING
  YESTERDAY       25                        30     -5       29
  MONTH TO DATE  892                       754    138      732
  SINCE MAR 1    892                       754    138      732
  SINCE JUL 1   6922                      6544    378     6423

 COOLING
  YESTERDAY        0                         0      0        0
  MONTH TO DATE    0                         0      0        0
  SINCE MAR 1      0                         0      0        0
  SINCE JAN 1      0                         0      0        0
..................................................................


WIND (MPH)
  HIGHEST WIND SPEED    13   HIGHEST WIND DIRECTION     N (340)
  HIGHEST GUST SPEED    23   HIGHEST GUST DIRECTION     E (110)
  AVERAGE WIND SPEED     5.9


SKY COVER
  POSSIBLE SUNSHINE  MM
  AVERAGE SKY COVER 0.0


WEATHER CONDITIONS
 THE FOLLOWING WEATHER WAS RECORDED YESTERDAY.
  NO SIGNIFICANT WEATHER WAS OBSERVED.


RELATIVE HUMIDITY (PERCENT)
 HIGHEST    78           500 AM
 LOWEST     29           400 PM
 AVERAGE    54

..........................................................


THE TWIN CITIES MN CLIMATE NORMALS FOR TODAY
                         NORMAL    RECORD    YEAR
 MAXIMUM TEMPERATURE (F)   45        83      1910
 MINIMUM TEMPERATURE (F)   27        -4      1965


SUNRISE AND SUNSET
MARCH 23 2019.........SUNRISE   711 AM CDT   SUNSET   729 PM CDT
MARCH 24 2019.........SUNRISE   709 AM CDT   SUNSET   730 PM CDT


-  INDICATES NEGATIVE NUMBERS.
R  INDICATES RECORD WAS SET OR TIED.
MM INDICATES DATA IS MISSING.
T  INDICATES TRACE AMOUNT.




$$
