000
CDUS43 KMPX 220628
CLIMSP


CLIMATE REPORT
NATIONAL WEATHER SERVICE CHANHASSEN MN
127 AM CDT WED MAY 22 2019


...................................

...THE TWIN CITIES MN CLIMATE SUMMARY FOR MAY 21 2019...

CLIMATE NORMAL PERIOD 1981 TO 2010
CLIMATE RECORD PERIOD 1871 TO 2019


WEATHER ITEM   OBSERVED TIME   RECORD YEAR NORMAL DEPARTURE LAST
                VALUE   (LST)  VALUE       VALUE  FROM      YEAR
                                                  NORMAL
..................................................................
TEMPERATURE (F)
 YESTERDAY
  MAXIMUM         61   1241 PM  92    1964  71    -10       71
  MINIMUM         47   1145 PM  33    1997  51     -4       59
  AVERAGE         54                        61     -7       65

PRECIPITATION (IN)
  YESTERDAY        0.59          3.16 1906   0.11   0.48     0.00
  MONTH TO DATE    4.30                      2.28   2.02     1.25
  SINCE MAR 1     10.21                      6.83   3.38     4.65
  SINCE JAN 1     13.23                      8.50   4.73     7.53

SNOWFALL (IN)
  YESTERDAY        0.0           T    1931   0.0    0.0      0.0
                                      1963
  MONTH TO DATE    T                         0.0    0.0      0.0
  SINCE MAR 1     20.3                      12.7    7.6     34.9
  SINCE JUL 1     77.1                      54.4   22.7     78.3
  SNOW DEPTH       0

DEGREE DAYS
 COOLING
  YESTERDAY        0                         1     -1        0
  MONTH TO DATE    5                        19    -14       36
  SINCE MAR 1      5                        24    -19       40
  SINCE JAN 1      5                        24    -19       40
..................................................................


WIND (MPH)
  HIGHEST WIND SPEED    31   HIGHEST WIND DIRECTION     E (80)
  HIGHEST GUST SPEED    42   HIGHEST GUST DIRECTION     E (80)
  AVERAGE WIND SPEED    16.5


SKY COVER
  POSSIBLE SUNSHINE  MM
  AVERAGE SKY COVER 1.0


WEATHER CONDITIONS
 THE FOLLOWING WEATHER WAS RECORDED YESTERDAY.
  RAIN
  LIGHT RAIN
  FOG
  HAZE


RELATIVE HUMIDITY (PERCENT)
 HIGHEST    86           700 PM
 LOWEST     39           100 PM
 AVERAGE    63

..........................................................


THE TWIN CITIES MN CLIMATE NORMALS FOR TODAY
                         NORMAL    RECORD    YEAR
 MAXIMUM TEMPERATURE (F)   71        99      1925
 MINIMUM TEMPERATURE (F)   51        32      1917


SUNRISE AND SUNSET
MAY 22 2019...........SUNRISE   537 AM CDT   SUNSET   842 PM CDT
MAY 23 2019...........SUNRISE   536 AM CDT   SUNSET   843 PM CDT


-  INDICATES NEGATIVE NUMBERS.
R  INDICATES RECORD WAS SET OR TIED.
MM INDICATES DATA IS MISSING.
T  INDICATES TRACE AMOUNT.




$$
