000
CDUS41 KBTV 200559
CLIMSS


CLIMATE REPORT
NATIONAL WEATHER SERVICE BURLINGTON VT
159 AM EDT WED MAR 20 2019


...................................

...THE MASSENA NY CLIMATE SUMMARY FOR MARCH 19 2019...

CLIMATE NORMAL PERIOD 1981 TO 2010
CLIMATE RECORD PERIOD 1948 TO 2019


WEATHER ITEM   OBSERVED TIME   RECORD YEAR NORMAL DEPARTURE LAST
                VALUE   (LST)  VALUE       VALUE  FROM      YEAR
                                                  NORMAL
..................................................................
TEMPERATURE (F)
 YESTERDAY
  MAXIMUM         37    433 PM  77    2012  39     -2       24
  MINIMUM         10    627 AM -15    1993  20    -10        2
  AVERAGE         24                        29     -5       13

PRECIPITATION (IN)
  YESTERDAY        0.00          0.48        0.06  -0.06     0.00
  MONTH TO DATE    0.68                      1.23  -0.55     0.38
  SINCE MAR 1      0.68                      1.23  -0.55     0.38
  SINCE JAN 1      3.88                      5.18  -1.30     3.61

DEGREE DAYS
 HEATING
  YESTERDAY       41                        36      5       52
  MONTH TO DATE  785                       755     30      694
  SINCE MAR 1    785                       755     30      694
  SINCE JUL 1   6754                      6742     12     5892

 COOLING
  YESTERDAY        0                         0      0        0
  MONTH TO DATE    0                         0      0        0
  SINCE MAR 1      0                         0      0        0
  SINCE JAN 1      0                         0      0        0
..................................................................


WIND (MPH)
  HIGHEST WIND SPEED    15   HIGHEST WIND DIRECTION    SW (220)
  HIGHEST GUST SPEED    19   HIGHEST GUST DIRECTION    SW (220)
  AVERAGE WIND SPEED     3.3


SKY COVER
  AVERAGE SKY COVER 0.0


WEATHER CONDITIONS
 THE FOLLOWING WEATHER WAS RECORDED YESTERDAY.
  NO SIGNIFICANT WEATHER WAS OBSERVED.


RELATIVE HUMIDITY (PERCENT)
 HIGHEST    92           400 AM
 LOWEST     32           100 PM
 AVERAGE    62

..........................................................


THE MASSENA NY CLIMATE NORMALS FOR TODAY
                         NORMAL    RECORD    YEAR
 MAXIMUM TEMPERATURE (F)   39        79      2012
 MINIMUM TEMPERATURE (F)   20        -8      1956


SUNRISE AND SUNSET
MARCH 20 2019.........SUNRISE   703 AM EDT   SUNSET   712 PM EDT
MARCH 21 2019.........SUNRISE   701 AM EDT   SUNSET   713 PM EDT


-  INDICATES NEGATIVE NUMBERS.
R  INDICATES RECORD WAS SET OR TIED.
MM INDICATES DATA IS MISSING.
T  INDICATES TRACE AMOUNT.




$$
