000
CDUS41 KBTV 210530
CLIMSS


CLIMATE REPORT
NATIONAL WEATHER SERVICE BURLINGTON VT
129 AM EDT SAT APR 21 2018


...................................

...THE MASSENA NY CLIMATE SUMMARY FOR APRIL 20 2018...

CLIMATE NORMAL PERIOD 1981 TO 2010
CLIMATE RECORD PERIOD 1948 TO 2018


WEATHER ITEM   OBSERVED TIME   RECORD YEAR NORMAL DEPARTURE LAST
                VALUE   (LST)  VALUE       VALUE  FROM      YEAR
                                                  NORMAL
..................................................................
TEMPERATURE (F)
 YESTERDAY
  MAXIMUM         48    558 PM  82    1987  57     -9       50
  MINIMUM         28   1159 PM  20    1974  35     -7       42
  AVERAGE         38                        46     -8       46

PRECIPITATION (IN)
  YESTERDAY        T             0.90        0.09  -0.09     0.04
  MONTH TO DATE    2.03                      1.87   0.16     3.20
  SINCE MAR 1      2.97                      3.96  -0.99     5.32
  SINCE JAN 1      6.20                      7.91  -1.71     8.75

DEGREE DAYS
 HEATING
  YESTERDAY       27                        19      8       19
  MONTH TO DATE  616                       480    136      378
  SINCE MAR 1   1714                      1624     90     1634
  SINCE JUL 1   6912                      7611   -699     6560

 COOLING
  YESTERDAY        0                         0      0        0
  MONTH TO DATE    0                         0      0        0
  SINCE MAR 1      0                         0      0        0
  SINCE JAN 1      0                         0      0        0
..................................................................


WIND (MPH)
  HIGHEST WIND SPEED    18   HIGHEST WIND DIRECTION     W (290)
  HIGHEST GUST SPEED    26   HIGHEST GUST DIRECTION     W (280)
  AVERAGE WIND SPEED     9.4


SKY COVER
  AVERAGE SKY COVER 0.8


WEATHER CONDITIONS
 THE FOLLOWING WEATHER WAS RECORDED YESTERDAY.
  LIGHT SNOW
  FOG


RELATIVE HUMIDITY (PERCENT)
 HIGHEST    92          1000 PM
 LOWEST     42           600 PM
 AVERAGE    67

..........................................................


THE MASSENA NY CLIMATE NORMALS FOR TODAY
                         NORMAL    RECORD    YEAR
 MAXIMUM TEMPERATURE (F)   57        84      1987
 MINIMUM TEMPERATURE (F)   35        21      1981


SUNRISE AND SUNSET
APRIL 21 2018.........SUNRISE   605 AM EDT   SUNSET   752 PM EDT
APRIL 22 2018.........SUNRISE   603 AM EDT   SUNSET   754 PM EDT


-  INDICATES NEGATIVE NUMBERS.
R  INDICATES RECORD WAS SET OR TIED.
MM INDICATES DATA IS MISSING.
T  INDICATES TRACE AMOUNT.




$$
