000
CDUS42 KKEY 190538
CLIMTH

CLIMATE REPORT
NATIONAL WEATHER SERVICE KEY WEST, FL
136 AM EDT TUE MAR 19 2019

...................................

...THE MARATHON CLIMATE SUMMARY FOR MARCH 18 2019...

CLIMATE NORMAL PERIOD 1981 TO 2010
CLIMATE RECORD PERIOD 1951 TO 2019


WEATHER ITEM   OBSERVED TIME   RECORD YEAR NORMAL DEPARTURE LAST
                VALUE   (LST)  VALUE       VALUE  FROM      YEAR
                                                  NORMAL
..................................................................
TEMPERATURE (F)
 YESTERDAY
  MAXIMUM         84    320 PM  89    1986  80      4       84
  MINIMUM         75    734 AM  57    1962  69      6       72
  AVERAGE         80                        74      6       78

PRECIPITATION (IN)
  YESTERDAY        T             0.75 1960   0.07  -0.07     0.00
  MONTH TO DATE    0.03                      1.36  -1.33     1.15
  SINCE MAR 1      0.03                      1.36  -1.33     1.15
  SINCE JAN 1      4.19                      5.18  -0.99     1.71

SNOWFALL (IN)
  YESTERDAY        0.0
  MONTH TO DATE    0.0
  SINCE MAR 1      0.0
  SINCE JUL 1      0.0
  SNOW DEPTH       0

DEGREE DAYS
 HEATING
  YESTERDAY        0                         0      0        0
  MONTH TO DATE    0                         0      0        1
  SINCE MAR 1      0                         0      0        1
  SINCE JUL 1     18                        75    -57       62

 COOLING
  YESTERDAY       15                         9      6       13
  MONTH TO DATE  255                       152    103      131
  SINCE MAR 1    255                       152    103      131
  SINCE JAN 1    903                       534    369      630
..................................................................


WIND (MPH)
  HIGHEST WIND SPEED    16   HIGHEST WIND DIRECTION    NE (40)
  HIGHEST GUST SPEED    21   HIGHEST GUST DIRECTION    NE (30)
  AVERAGE WIND SPEED     9.4


SKY COVER
  POSSIBLE SUNSHINE  MM
  AVERAGE SKY COVER 0.4


WEATHER CONDITIONS
 THE FOLLOWING WEATHER WAS RECORDED YESTERDAY.
  LIGHT RAIN


RELATIVE HUMIDITY (PERCENT)
 HIGHEST    82
 LOWEST     58
 AVERAGE    70

..........................................................


THE MARATHON CLIMATE NORMALS FOR TODAY
                         NORMAL    RECORD    YEAR
 MAXIMUM TEMPERATURE (F)   80        88      2018
                                             2016
                                             2003
 MINIMUM TEMPERATURE (F)   69        56      2010
                                             1962

SUNRISE AND SUNSET
MARCH 19 2019.........SUNRISE   730 AM EDT   SUNSET   735 PM EDT
MARCH 20 2019.........SUNRISE   729 AM EDT   SUNSET   735 PM EDT


-  INDICATES NEGATIVE NUMBERS.
R  INDICATES RECORD WAS SET OR TIED.
MM INDICATES DATA IS MISSING.
T  INDICATES TRACE AMOUNT.

$$

APA
