000
CDUS43 KILX 230640
CLIMTO


CLIMATE REPORT
NATIONAL WEATHER SERVICE LINCOLN IL
139 AM CDT WED MAY 23 2018


...................................

...THE MATTOON IL AIRPORT CLIMATE SUMMARY FOR MAY 22 2018...

CLIMATE NORMAL PERIOD 1981 TO 2010
CLIMATE RECORD PERIOD 9999 TO 9999


WEATHER ITEM   OBSERVED TIME   RECORD YEAR NORMAL DEPARTURE LAST
                VALUE   (LST)  VALUE       VALUE  FROM      YEAR
                                                  NORMAL
..................................................................
TEMPERATURE (F)
 YESTERDAY
  MAXIMUM         85    251 PM  MM      MM  75     10       71
  MINIMUM         64   1159 PM  MM      MM  55      9       50
  AVERAGE         75                        65     10       61

PRECIPITATION (IN)
  YESTERDAY        0.00         MM      MM   0.14  -0.14     0.00
  MONTH TO DATE    3.37                      3.32   0.05     6.31
  SINCE MAR 1     11.90                      9.32   2.58    14.33
  SINCE JAN 1     15.32                     13.30   2.02    16.16

DEGREE DAYS
 HEATING
  YESTERDAY        0                         3     -3        4
  MONTH TO DATE    9                       108    -99      127
  SINCE MAR 1   1363                      1166    197     1014
  SINCE JUL 1   5456                      5370     86     4395

 COOLING
  YESTERDAY       10                         3      7        0
  MONTH TO DATE  128                        42     86       57
  SINCE MAR 1    128                        56     72       78
  SINCE JAN 1    128                        56     72       78
..................................................................


WIND (MPH)
  HIGHEST WIND SPEED    16   HIGHEST WIND DIRECTION    NW (310)
  HIGHEST GUST SPEED    23   HIGHEST GUST DIRECTION    NW (320)
  AVERAGE WIND SPEED     6.9


SKY COVER
  POSSIBLE SUNSHINE  MM
  AVERAGE SKY COVER 0.4


WEATHER CONDITIONS
 THE FOLLOWING WEATHER WAS RECORDED YESTERDAY.
  FOG
  HAZE


RELATIVE HUMIDITY (PERCENT)
 HIGHEST   100           400 AM
 LOWEST     51           300 PM
 AVERAGE    76

..........................................................


THE MATTOON IL AIRPORT CLIMATE NORMALS FOR TODAY
                         NORMAL    RECORD    YEAR
 MAXIMUM TEMPERATURE (F)   76        MM        MM
 MINIMUM TEMPERATURE (F)   55        MM        MM


SUNRISE AND SUNSET
MAY 23 2018...........SUNRISE   533 AM CDT   SUNSET   807 PM CDT
MAY 24 2018...........SUNRISE   532 AM CDT   SUNSET   808 PM CDT


-  INDICATES NEGATIVE NUMBERS.
R  INDICATES RECORD WAS SET OR TIED.
MM INDICATES DATA IS MISSING.
T  INDICATES TRACE AMOUNT.




$$
