000
CDUS43 KILX 200627
CLIMTO


CLIMATE REPORT
NATIONAL WEATHER SERVICE LINCOLN IL
127 AM CDT WED MAR 20 2019


...................................

...THE MATTOON IL AIRPORT CLIMATE SUMMARY FOR MARCH 19 2019...

CLIMATE NORMAL PERIOD 1981 TO 2010
CLIMATE RECORD PERIOD 9999 TO 9999


WEATHER ITEM   OBSERVED TIME   RECORD YEAR NORMAL DEPARTURE LAST
                VALUE   (LST)  VALUE       VALUE  FROM      YEAR
                                                  NORMAL
..................................................................
TEMPERATURE (F)
 YESTERDAY
  MAXIMUM         52    234 PM  MM      MM  54     -2       62
  MINIMUM         27    639 AM  MM      MM  34     -7       33
  AVERAGE         40                        44     -4       48

PRECIPITATION (IN)
  YESTERDAY        0.00         MM      MM   0.10  -0.10     0.20
  MONTH TO DATE    2.18                      1.34   0.84     0.66
  SINCE MAR 1      2.18                      1.34   0.84     0.66
  SINCE JAN 1      5.07                      5.32  -0.25     4.08

DEGREE DAYS
 HEATING
  YESTERDAY       25                        21      4       17
  MONTH TO DATE  589                       469    120      511
  SINCE MAR 1    589                       469    120      511
  SINCE JUL 1   4848                      4673    175     4604

 COOLING
  YESTERDAY        0                         0      0        0
  MONTH TO DATE    0                         0      0        0
  SINCE MAR 1      0                         0      0        0
  SINCE JAN 1      0                         0      0        0
..................................................................


WIND (MPH)
  HIGHEST WIND SPEED    14   HIGHEST WIND DIRECTION    SW (220)
  HIGHEST GUST SPEED    21   HIGHEST GUST DIRECTION    SW (210)
  AVERAGE WIND SPEED     5.7


SKY COVER
  POSSIBLE SUNSHINE  MM
  AVERAGE SKY COVER 0.1


WEATHER CONDITIONS
 THE FOLLOWING WEATHER WAS RECORDED YESTERDAY.
  NO SIGNIFICANT WEATHER WAS OBSERVED.


RELATIVE HUMIDITY (PERCENT)
 HIGHEST   100           400 AM
 LOWEST     41           100 PM
 AVERAGE    71

..........................................................


THE MATTOON IL AIRPORT CLIMATE NORMALS FOR TODAY
                         NORMAL    RECORD    YEAR
 MAXIMUM TEMPERATURE (F)   54        MM        MM
 MINIMUM TEMPERATURE (F)   34        MM        MM


SUNRISE AND SUNSET
MARCH 20 2019.........SUNRISE   657 AM CDT   SUNSET   705 PM CDT
MARCH 21 2019.........SUNRISE   655 AM CDT   SUNSET   706 PM CDT


-  INDICATES NEGATIVE NUMBERS.
R  INDICATES RECORD WAS SET OR TIED.
MM INDICATES DATA IS MISSING.
T  INDICATES TRACE AMOUNT.




$$
