000
CDUS43 KILX 230637
CLIMTO


CLIMATE REPORT
NATIONAL WEATHER SERVICE LINCOLN IL
137 AM CDT THU MAY 23 2019


...................................

...THE MATTOON IL AIRPORT CLIMATE SUMMARY FOR MAY 22 2019...

CLIMATE NORMAL PERIOD 1981 TO 2010
CLIMATE RECORD PERIOD 9999 TO 9999


WEATHER ITEM   OBSERVED TIME   RECORD YEAR NORMAL DEPARTURE LAST
                VALUE   (LST)  VALUE       VALUE  FROM      YEAR
                                                  NORMAL
..................................................................
TEMPERATURE (F)
 YESTERDAY
  MAXIMUM         78    447 PM  MM      MM  75      3       85
  MINIMUM         60    555 AM  MM      MM  55      5       64
  AVERAGE         69                        65      4       75

PRECIPITATION (IN)
  YESTERDAY        0.23         MM      MM   0.14   0.09     0.00
  MONTH TO DATE    2.23                      3.32  -1.09     3.37
  SINCE MAR 1      8.36                      9.32  -0.96    11.90
  SINCE JAN 1     11.25                     13.30  -2.05    15.32

DEGREE DAYS
 HEATING
  YESTERDAY        0                         3     -3        0
  MONTH TO DATE  130                       108     22        9
  SINCE MAR 1   1258                      1166     92     1363
  SINCE JUL 1   5517                      5370    147     5456

 COOLING
  YESTERDAY        4                         3      1       10
  MONTH TO DATE   37                        42     -5      128
  SINCE MAR 1     42                        56    -14      128
  SINCE JAN 1     42                        56    -14      128
..................................................................


WIND (MPH)
  HIGHEST WIND SPEED    23   HIGHEST WIND DIRECTION     S (170)
  HIGHEST GUST SPEED    32   HIGHEST GUST DIRECTION     S (160)
  AVERAGE WIND SPEED    12.6


SKY COVER
  POSSIBLE SUNSHINE  MM
  AVERAGE SKY COVER 0.3


WEATHER CONDITIONS
 THE FOLLOWING WEATHER WAS RECORDED YESTERDAY.
  HEAVY RAIN
  RAIN
  LIGHT RAIN
  FOG


RELATIVE HUMIDITY (PERCENT)
 HIGHEST   100           100 AM
 LOWEST     58           300 PM
 AVERAGE    79

..........................................................


THE MATTOON IL AIRPORT CLIMATE NORMALS FOR TODAY
                         NORMAL    RECORD    YEAR
 MAXIMUM TEMPERATURE (F)   76        MM        MM
 MINIMUM TEMPERATURE (F)   55        MM        MM


SUNRISE AND SUNSET
MAY 23 2019...........SUNRISE   533 AM CDT   SUNSET   807 PM CDT
MAY 24 2019...........SUNRISE   532 AM CDT   SUNSET   808 PM CDT


-  INDICATES NEGATIVE NUMBERS.
R  INDICATES RECORD WAS SET OR TIED.
MM INDICATES DATA IS MISSING.
T  INDICATES TRACE AMOUNT.




$$
