000
CDUS41 KBTV 220546
CLIMVL


CLIMATE REPORT
NATIONAL WEATHER SERVICE BURLINGTON VT
146 AM EDT WED MAY 22 2019


...................................

...THE MORRISVILLE VT CLIMATE SUMMARY FOR MAY 21 2019...

CLIMATE NORMAL PERIOD 1981 TO 2010
CLIMATE RECORD PERIOD 9999 TO 9999


WEATHER ITEM   OBSERVED TIME   NORMAL DEPARTURE LAST
                VALUE   (LST)  VALUE  FROM      YEAR
                                      NORMAL
......................................................
TEMPERATURE (F)
 YESTERDAY
  MAXIMUM         57    355 PM  68    -11       76
  MINIMUM         45    728 AM  43      2       35
  AVERAGE         51            56     -5       56

PRECIPITATION (IN)
  YESTERDAY        0.04          0.11  -0.07     0.00
  MONTH TO DATE    4.59          2.02   2.57     2.01
  SINCE MAR 1     10.06          6.09   3.97     8.55
  SINCE JAN 1     14.40         10.37   4.03    13.64

DEGREE DAYS
 HEATING
  YESTERDAY       14            10      4        9
  MONTH TO DATE  320           268     52      228
  SINCE MAR 1   2247          2088    159     2218
  SINCE JUL 1   8406          8048    358     7823

 COOLING
  YESTERDAY        0             0      0        0
  MONTH TO DATE    1             0      1        0
  SINCE MAR 1      1             1      0        0
  SINCE JAN 1      1             1      0        0
......................................................


WIND (MPH)
  HIGHEST WIND SPEED    23   HIGHEST WIND DIRECTION     N (350)
  HIGHEST GUST SPEED    39   HIGHEST GUST DIRECTION     W (290)
  AVERAGE WIND SPEED    10.5


SKY COVER
  AVERAGE SKY COVER 0.9


WEATHER CONDITIONS
 THE FOLLOWING WEATHER WAS RECORDED YESTERDAY.
  LIGHT RAIN
  FOG


RELATIVE HUMIDITY (PERCENT)
 HIGHEST    82           300 AM
 LOWEST     47           400 PM
 AVERAGE    65

..........................................................


THE MORRISVILLE VT CLIMATE NORMALS FOR TODAY
                         NORMAL    RECORD    YEAR
 MAXIMUM TEMPERATURE (F)   69        82      2010
 MINIMUM TEMPERATURE (F)   43        28      2002


SUNRISE AND SUNSET
MAY 22 2019...........SUNRISE   516 AM EDT   SUNSET   819 PM EDT
MAY 23 2019...........SUNRISE   515 AM EDT   SUNSET   820 PM EDT


-  INDICATES NEGATIVE NUMBERS.
R  INDICATES RECORD WAS SET OR TIED.
MM INDICATES DATA IS MISSING.
T  INDICATES TRACE AMOUNT.




$$
