000
CDUS41 KBTV 230534
CLIMVL


CLIMATE REPORT
NATIONAL WEATHER SERVICE BURLINGTON VT
130 AM EDT MON APR 23 2018


...................................

...THE MORRISVILLE VT CLIMATE SUMMARY FOR APRIL 22 2018...

CLIMATE NORMAL PERIOD 1981 TO 2010
CLIMATE RECORD PERIOD 9999 TO 9999


WEATHER ITEM   OBSERVED TIME   NORMAL DEPARTURE LAST
                VALUE   (LST)  VALUE  FROM      YEAR
                                      NORMAL
......................................................
TEMPERATURE (F)
 YESTERDAY
  MAXIMUM         54    336 PM  58     -4       44
  MINIMUM         21    538 AM  33    -12       37
  AVERAGE         38            45     -7       41

PRECIPITATION (IN)
  YESTERDAY        0.00          0.07  -0.07     0.15
  MONTH TO DATE    2.56          1.80   0.76     3.46
  SINCE MAR 1      5.05          3.47   1.58     4.46
  SINCE JAN 1     10.14          7.75   2.39     7.53

DEGREE DAYS
 HEATING
  YESTERDAY       27            20      7       24
  MONTH TO DATE  670           548    122      468
  SINCE MAR 1   1844          1675    169     1776
  SINCE JUL 1   7449          7635   -186     6999

 COOLING
  YESTERDAY        0             0      0        0
  MONTH TO DATE    0             0      0        0
  SINCE MAR 1      0             0      0        0
  SINCE JAN 1      0             0      0        0
......................................................


WIND (MPH)
  HIGHEST WIND SPEED    18   HIGHEST WIND DIRECTION     N (10)
  HIGHEST GUST SPEED    30   HIGHEST GUST DIRECTION     N (20)
  AVERAGE WIND SPEED     4.7


SKY COVER
  AVERAGE SKY COVER 0.0


WEATHER CONDITIONS
 THE FOLLOWING WEATHER WAS RECORDED YESTERDAY.
  NO SIGNIFICANT WEATHER WAS OBSERVED.


RELATIVE HUMIDITY (PERCENT)
 HIGHEST   100           600 AM
 LOWEST     24           100 PM
 AVERAGE    62

..........................................................


THE MORRISVILLE VT CLIMATE NORMALS FOR TODAY
                         NORMAL    RECORD    YEAR
 MAXIMUM TEMPERATURE (F)   58        81      2007
 MINIMUM TEMPERATURE (F)   33        23      1989


SUNRISE AND SUNSET
APRIL 23 2018.........SUNRISE   553 AM EDT   SUNSET   745 PM EDT
APRIL 24 2018.........SUNRISE   552 AM EDT   SUNSET   746 PM EDT


-  INDICATES NEGATIVE NUMBERS.
R  INDICATES RECORD WAS SET OR TIED.
MM INDICATES DATA IS MISSING.
T  INDICATES TRACE AMOUNT.




$$
