000
CDUS46 KOTX 240826
CLIMWH


CLIMATE REPORT
NATIONAL WEATHER SERVICE SPOKANE, WA
126 AM PDT FRI MAY 24 2019


...................................

...THE MOSES LAKE WA AIRPORT CLIMATE SUMMARY FOR MAY 23 2019...

CLIMATE NORMAL PERIOD 1981 TO 2010
CLIMATE RECORD PERIOD 9999 TO 9999


WEATHER ITEM   OBSERVED TIME   RECORD YEAR NORMAL DEPARTURE LAST
                VALUE   (LST)  VALUE       VALUE  FROM      YEAR
                                                  NORMAL
..................................................................
TEMPERATURE (F)
 YESTERDAY
  MAXIMUM         85    339 PM  MM      MM  75     10       90
  MINIMUM         49    427 AM  MM      MM  47      2       56
  AVERAGE         67                        61      6       73

PRECIPITATION (IN)
  YESTERDAY        0.00         MM      MM   0.02  -0.02      T
  MONTH TO DATE    0.22                      0.44  -0.22     1.36
  SINCE OCT 1      5.85                      7.15  -1.30     8.55
  SINCE JAN 1      3.35                      3.86  -0.51     5.38

SNOWFALL (IN)
  YESTERDAY       MM

DEGREE DAYS
 HEATING
  YESTERDAY        0                         5     -5        0
  MONTH TO DATE   71                       177   -106       36
  SINCE MAR 1   1282                      1289     -7     1098
  SINCE JUL 1   5717                      5794    -77     5380

 COOLING
  YESTERDAY        2                         1      1        8
  MONTH TO DATE   19                        13      6       40
  SINCE MAR 1     19                        14      5       41
  SINCE JAN 1     19                        14      5       41
..................................................................


WIND (MPH)
  HIGHEST WIND SPEED    25   HIGHEST WIND DIRECTION    NW (330)
  HIGHEST GUST SPEED    33   HIGHEST GUST DIRECTION    NW (320)
  AVERAGE WIND SPEED     9.3


SKY COVER
  POSSIBLE SUNSHINE  MM
  AVERAGE SKY COVER 0.2


WEATHER CONDITIONS
 THE FOLLOWING WEATHER WAS RECORDED YESTERDAY.
  NO SIGNIFICANT WEATHER WAS OBSERVED.


RELATIVE HUMIDITY (PERCENT)
 HIGHEST    42           700 AM
 LOWEST     14           300 PM
 AVERAGE    28

..........................................................


THE MOSES LAKE WA AIRPORT CLIMATE NORMALS FOR TODAY
                         NORMAL    RECORD    YEAR
 MAXIMUM TEMPERATURE (F)   76        MM        MM
 MINIMUM TEMPERATURE (F)   47        MM        MM


SUNRISE AND SUNSET
MAY 24 2019...........SUNRISE   512 AM PDT   SUNSET   837 PM PDT
MAY 25 2019...........SUNRISE   511 AM PDT   SUNSET   838 PM PDT


-  INDICATES NEGATIVE NUMBERS.
R  INDICATES RECORD WAS SET OR TIED.
MM INDICATES DATA IS MISSING.
T  INDICATES TRACE AMOUNT.




$$
