000
CDUS46 KSGX 231219
CLIMYF


CLIMATE REPORT
NATIONAL WEATHER SERVICE SAN DIEGO, CA
519 AM PDT THU MAY 23 2019


...................................

...THE SAN DIEGO/MONTGOMERY FLD CA CLIMATE SUMMARY FOR MAY 22 2019...

CLIMATE NORMAL PERIOD 1981 TO 2010
CLIMATE RECORD PERIOD 1998 TO 2019


WEATHER ITEM   OBSERVED TIME   RECORD YEAR NORMAL DEPARTURE LAST
                VALUE   (LST)  VALUE       VALUE  FROM      YEAR
                                                  NORMAL
..................................................................
TEMPERATURE (F)
 YESTERDAY
  MAXIMUM         63    117 PM  80    2017  71     -8       67
  MINIMUM         54   1159 PM  49    2002  57     -3       58
  AVERAGE         59                        64     -5       63

PRECIPITATION (IN)
  YESTERDAY        0.12          0.64 2006   0.00   0.12     0.00
  MONTH TO DATE    0.86                      0.18   0.68     0.04
  SINCE OCT 1     13.14                     12.08   1.06     3.66
  SINCE JAN 1      8.91                      8.24   0.67     3.57

DEGREE DAYS
 HEATING
  YESTERDAY        6                         2      4        2
  MONTH TO DATE   63                        55      8       58
  SINCE MAR 1    326                       437   -111      307
  SINCE JUL 1   1202                      1506   -304      703

 COOLING
  YESTERDAY        0                         1     -1        0
  MONTH TO DATE    1                        22    -21       18
  SINCE MAR 1     22                        42    -20       48
  SINCE JAN 1     23                        46    -23       96
..................................................................


WIND (MPH)
  RESULTANT WIND SPEED   9   RESULTANT WIND DIRECTION   W (250)
  HIGHEST WIND SPEED    20   HIGHEST WIND DIRECTION    SW (210)
  HIGHEST GUST SPEED    26   HIGHEST GUST DIRECTION    SW (220)
  AVERAGE WIND SPEED     9.5


SKY COVER
  POSSIBLE SUNSHINE  MM
  AVERAGE SKY COVER 0.7


WEATHER CONDITIONS
 THE FOLLOWING WEATHER WAS RECORDED YESTERDAY.
  LIGHT RAIN
  FOG
  HAZE


RELATIVE HUMIDITY (PERCENT)
 HIGHEST    86           400 AM
 LOWEST     55          1100 AM
 AVERAGE    71

..........................................................


THE SAN DIEGO/MONTGOMERY FLD CA CLIMATE NORMALS FOR TODAY
                         NORMAL    RECORD    YEAR
 MAXIMUM TEMPERATURE (F)   71        78      2017
 MINIMUM TEMPERATURE (F)   57        50      2010


SUNRISE AND SUNSET
MAY 23 2019...........SUNRISE   545 AM PDT   SUNSET   746 PM PDT
MAY 24 2019...........SUNRISE   544 AM PDT   SUNSET   747 PM PDT


-  INDICATES NEGATIVE NUMBERS.
R  INDICATES RECORD WAS SET OR TIED.
MM INDICATES DATA IS MISSING.
T  INDICATES TRACE AMOUNT.




$$
