488
CDUS46 KSGX 191217
CLIMYF


CLIMATE REPORT
NATIONAL WEATHER SERVICE SAN DIEGO, CA
517 AM PDT TUE MAR 19 2019


...................................

...THE SAN DIEGO/MONTGOMERY FLD CA CLIMATE SUMMARY FOR MARCH 18 2019...

CLIMATE NORMAL PERIOD 1981 TO 2010
CLIMATE RECORD PERIOD 1998 TO 2019


WEATHER ITEM   OBSERVED TIME   RECORD YEAR NORMAL DEPARTURE LAST
                VALUE   (LST)  VALUE       VALUE  FROM      YEAR
                                                  NORMAL
..................................................................
TEMPERATURE (F)
 YESTERDAY
  MAXIMUM         72   1233 PM  81    2009  67      5       62
  MINIMUM         51    520 AM  42    1999  49      2       46
  AVERAGE         62                        58      4       54

PRECIPITATION (IN)
  YESTERDAY        0.00          0.32 2006   0.05  -0.05     0.02
  MONTH TO DATE    0.84                      1.82  -0.98     1.06
  SINCE OCT 1     11.67                     10.65   1.02     3.55
  SINCE JAN 1      7.44                      6.81   0.63     3.46

DEGREE DAYS
 HEATING
  YESTERDAY        3                         7     -4       11
  MONTH TO DATE  128                       140    -12      116
  SINCE MAR 1    128                       140    -12      116
  SINCE JUL 1   1004                      1209   -205      512

 COOLING
  YESTERDAY        0                         0      0        0
  MONTH TO DATE    0                         0      0        0
  SINCE MAR 1      0                         0      0        0
  SINCE JAN 1      1                         4     -3       48
..................................................................


WIND (MPH)
  RESULTANT WIND SPEED   2   RESULTANT WIND DIRECTION  SW (230)
  HIGHEST WIND SPEED    14   HIGHEST WIND DIRECTION     W (250)
  HIGHEST GUST SPEED    19   HIGHEST GUST DIRECTION     W (250)
  AVERAGE WIND SPEED     3.4


SKY COVER
  POSSIBLE SUNSHINE  MM
  AVERAGE SKY COVER 0.0


WEATHER CONDITIONS
 THE FOLLOWING WEATHER WAS RECORDED YESTERDAY.
  HAZE


RELATIVE HUMIDITY (PERCENT)
 HIGHEST    80          1000 PM
 LOWEST     37          1000 AM
 AVERAGE    59

..........................................................


THE SAN DIEGO/MONTGOMERY FLD CA CLIMATE NORMALS FOR TODAY
                         NORMAL    RECORD    YEAR
 MAXIMUM TEMPERATURE (F)   67        73      2014
 MINIMUM TEMPERATURE (F)   49        39      2002


SUNRISE AND SUNSET
MARCH 19 2019.........SUNRISE   654 AM PDT   SUNSET   659 PM PDT
MARCH 20 2019.........SUNRISE   653 AM PDT   SUNSET   700 PM PDT


-  INDICATES NEGATIVE NUMBERS.
R  INDICATES RECORD WAS SET OR TIED.
MM INDICATES DATA IS MISSING.
T  INDICATES TRACE AMOUNT.




$$
