710
CDUS45 KBOI 220932
CLIMYL


CLIMATE REPORT
NATIONAL WEATHER SERVICE BOISE ID
332 AM MDT FRI MAR 22 2019


...................................

...THE MCCALL ID CLIMATE SUMMARY FOR MARCH 21 2019...

CLIMATE NORMAL PERIOD 1981 TO 2010
CLIMATE RECORD PERIOD 1930 TO 2019


WEATHER ITEM   OBSERVED TIME   RECORD YEAR NORMAL DEPARTURE LAST
                VALUE   (LST)  VALUE       VALUE  FROM      YEAR
                                                  NORMAL
..................................................................
TEMPERATURE (F)
 YESTERDAY
  MAXIMUM         53    434 PM  63    1928  41     12       43
  MINIMUM         19    734 AM  -5    1952  20     -1       28
  AVERAGE         36                        30      6       36

PRECIPITATION (IN)
  YESTERDAY        0.00          0.80 1958   0.08  -0.08     0.03
  MONTH TO DATE    1.03                      1.37  -0.34     2.17
  SINCE OCT 1     18.17                     11.02   7.15    14.82
  SINCE JAN 1     11.93                      4.84   7.09     7.97

DEGREE DAYS
 HEATING
  YESTERDAY       29                        35     -6       29
  MONTH TO DATE  862                       782     80      782
  SINCE MAR 1    862                       782     80      782
  SINCE JUL 1   7002                      7457   -455     6625

 COOLING
  YESTERDAY        0                         0      0        0
  MONTH TO DATE    0                         0      0        0
  SINCE MAR 1      0                         0      0        0
  SINCE JAN 1      0                         0      0        0
..................................................................


WIND (MPH)
  HIGHEST WIND SPEED    10   HIGHEST WIND DIRECTION     W (280)
  HIGHEST GUST SPEED    13   HIGHEST GUST DIRECTION     W (280)
  AVERAGE WIND SPEED     2.2


SKY COVER
  AVERAGE SKY COVER 0.0


WEATHER CONDITIONS
 THE FOLLOWING WEATHER WAS RECORDED YESTERDAY.
  NO SIGNIFICANT WEATHER WAS OBSERVED.


RELATIVE HUMIDITY (PERCENT)
 HIGHEST    81           200 AM
 LOWEST     26           300 PM
 AVERAGE    54

..........................................................


THE MCCALL ID CLIMATE NORMALS FOR TODAY
                         NORMAL    RECORD    YEAR
 MAXIMUM TEMPERATURE (F)   41        62      1928
 MINIMUM TEMPERATURE (F)   20       -10      1952


SUNRISE AND SUNSET
MARCH 22 2019.........SUNRISE   744 AM MDT   SUNSET   759 PM MDT
MARCH 23 2019.........SUNRISE   742 AM MDT   SUNSET   801 PM MDT


-  INDICATES NEGATIVE NUMBERS.
R  INDICATES RECORD WAS SET OR TIED.
MM INDICATES DATA IS MISSING.
T  INDICATES TRACE AMOUNT.




$$
