000
CDUS45 KBOI 250934
CLIMYL


CLIMATE REPORT
NATIONAL WEATHER SERVICE BOISE ID
333 AM MDT SAT MAY 25 2019


...................................

...THE MCCALL ID CLIMATE SUMMARY FOR MAY 24 2019...

CLIMATE NORMAL PERIOD 1981 TO 2010
CLIMATE RECORD PERIOD 1930 TO 2019


WEATHER ITEM   OBSERVED TIME   RECORD YEAR NORMAL DEPARTURE LAST
                VALUE   (LST)  VALUE       VALUE  FROM      YEAR
                                                  NORMAL
..................................................................
TEMPERATURE (F)
 YESTERDAY
  MAXIMUM         56   1007 AM  84    2001  61     -5       69
  MINIMUM         42   1232 PM  24    2002  35      7       50
                                      1989
  AVERAGE         49                        48      1       60

PRECIPITATION (IN)
  YESTERDAY        0.47          0.84 1962   0.08   0.39     0.06
  MONTH TO DATE    2.35                      1.69   0.66     1.36
  SINCE OCT 1     26.52                     15.46  11.06    20.08
  SINCE JAN 1     20.28                      9.28  11.00    13.23

DEGREE DAYS
 HEATING
  YESTERDAY       16                        17     -1        5
  MONTH TO DATE  381                       479    -98      291
  SINCE MAR 1   2307                      2439   -132     2132
  SINCE JUL 1   8447                      9114   -667     7975

 COOLING
  YESTERDAY        0                         0      0        0
  MONTH TO DATE    0                         0      0        0
  SINCE MAR 1      0                         0      0        0
  SINCE JAN 1      0                         0      0        0
..................................................................


WIND (MPH)
  HIGHEST WIND SPEED    21   HIGHEST WIND DIRECTION     W (270)
  HIGHEST GUST SPEED    28   HIGHEST GUST DIRECTION     W (270)
  AVERAGE WIND SPEED     3.6


SKY COVER
  AVERAGE SKY COVER 0.6


WEATHER CONDITIONS
 THE FOLLOWING WEATHER WAS RECORDED YESTERDAY.
  HEAVY RAIN
  RAIN
  LIGHT RAIN
  FOG


RELATIVE HUMIDITY (PERCENT)
 HIGHEST    89          1000 PM
 LOWEST     47          1000 AM
 AVERAGE    68

..........................................................


THE MCCALL ID CLIMATE NORMALS FOR TODAY
                         NORMAL    RECORD    YEAR
 MAXIMUM TEMPERATURE (F)   61        87      1928
 MINIMUM TEMPERATURE (F)   35        18      1975


SUNRISE AND SUNSET
MAY 25 2019...........SUNRISE   606 AM MDT   SUNSET   917 PM MDT
MAY 26 2019...........SUNRISE   605 AM MDT   SUNSET   918 PM MDT


-  INDICATES NEGATIVE NUMBERS.
R  INDICATES RECORD WAS SET OR TIED.
MM INDICATES DATA IS MISSING.
T  INDICATES TRACE AMOUNT.




$$
