000
CDUS44 KLIX 230728
CLINEW


CLIMATE REPORT
NATIONAL WEATHER SERVICE NEW ORLEANS
226 AM CDT THU MAY 23 2019


...................................

...THE NEW ORLEANS CLIMATE SUMMARY FOR MAY 22 2019...

CLIMATE NORMAL PERIOD 1981 TO 2010
CLIMATE RECORD PERIOD 1946 TO 2019


WEATHER ITEM   OBSERVED TIME   RECORD YEAR NORMAL DEPARTURE LAST
                VALUE   (LST)  VALUE       VALUE  FROM      YEAR
                                                  NORMAL
..................................................................
TEMPERATURE (F)
 YESTERDAY
  MAXIMUM         90    206 PM  93    1996  87      3       90
                                      1956
  MINIMUM         78   1159 PM  53    1954  70      8       73
  AVERAGE         84                        78      6       82

PRECIPITATION (IN)
  YESTERDAY        0.00          2.66 2008   0.15  -0.15     0.00
  MONTH TO DATE    8.04                      3.09   4.95     0.24
  SINCE MAR 1     16.52                     12.25   4.27     9.06
  SINCE JAN 1     27.03                     22.70   4.33    16.70

SNOWFALL (IN)
  YESTERDAY        0.0
  MONTH TO DATE    0.0
  SINCE MAR 1      0.0
  SINCE JUL 1      0.0
  SNOW DEPTH       0

DEGREE DAYS
 HEATING
  YESTERDAY        0                         0      0        0
  MONTH TO DATE    0                         0      0        0
  SINCE MAR 1    151                       170    -19      120
  SINCE JUL 1    983                      1279   -296     1119

 COOLING
  YESTERDAY       19                        13      6       17
  MONTH TO DATE  294                       235     59      318
  SINCE MAR 1    553                       455     98      524
  SINCE JAN 1    647                       492    155      673
..................................................................


WIND (MPH)
  HIGHEST WIND SPEED    22   HIGHEST WIND DIRECTION    SE (150)
  HIGHEST GUST SPEED    27   HIGHEST GUST DIRECTION    SE (150)
  AVERAGE WIND SPEED    12.3


SKY COVER
  POSSIBLE SUNSHINE  MM
  AVERAGE SKY COVER 0.4


WEATHER CONDITIONS
 THE FOLLOWING WEATHER WAS RECORDED YESTERDAY.
  NO SIGNIFICANT WEATHER WAS OBSERVED.


RELATIVE HUMIDITY (PERCENT)
 HIGHEST    85           500 AM
 LOWEST     56           100 PM
 AVERAGE    71

..........................................................


THE NEW ORLEANS CLIMATE NORMALS FOR TODAY
                         NORMAL    RECORD    YEAR
 MAXIMUM TEMPERATURE (F)   87        93      2005
                                             2000
                                             1996
 MINIMUM TEMPERATURE (F)   70        50      1993


SUNRISE AND SUNSET
MAY 23 2019...........SUNRISE   603 AM CDT   SUNSET   752 PM CDT
MAY 24 2019...........SUNRISE   603 AM CDT   SUNSET   753 PM CDT


-  INDICATES NEGATIVE NUMBERS.
R  INDICATES RECORD WAS SET OR TIED.
MM INDICATES DATA IS MISSING.
T  INDICATES TRACE AMOUNT.




$$
