000
CDUS44 KLIX 200725
CLINEW


CLIMATE REPORT
NATIONAL WEATHER SERVICE NEW ORLEANS
NATIONAL WEATHER SERVICE NEW ORL
225 AM CDT WED MAR 20 2019


...................................

...THE NEW ORLEANS CLIMATE SUMMARY FOR MARCH 19 2019...

CLIMATE NORMAL PERIOD 1981 TO 2010
CLIMATE RECORD PERIOD 1946 TO 2019


WEATHER ITEM   OBSERVED TIME   RECORD YEAR NORMAL DEPARTURE LAST
                VALUE   (LST)  VALUE       VALUE  FROM      YEAR
                                                  NORMAL
..................................................................
TEMPERATURE (F)
 YESTERDAY
  MAXIMUM         67    440 PM  87    1982  73     -6       84
                                      1963
  MINIMUM         46   1159 PM  38    1967  54     -8       69
                                      1962
  AVERAGE         57                        63     -6       77

PRECIPITATION (IN)
  YESTERDAY        0.00          2.49 1964   0.15  -0.15     0.00
  MONTH TO DATE    1.50                      2.78  -1.28     1.76
  SINCE MAR 1      1.50                      2.78  -1.28     1.76
  SINCE JAN 1     12.01                     13.23  -1.22     9.40

SNOWFALL (IN)
  YESTERDAY        0.0
  MONTH TO DATE    0.0
  SINCE MAR 1      0.0
  SINCE JUL 1      0.0
  SNOW DEPTH       0

DEGREE DAYS
 HEATING
  YESTERDAY        8                         4      4        0
  MONTH TO DATE  110                        99     11       70
  SINCE MAR 1    110                        99     11       70
  SINCE JUL 1    942                      1208   -266     1069

 COOLING
  YESTERDAY        0                         2     -2       12
  MONTH TO DATE   64                        33     31       50
  SINCE MAR 1     64                        33     31       50
  SINCE JAN 1    158                        70     88      199
..................................................................


WIND (MPH)
  HIGHEST WIND SPEED    18   HIGHEST WIND DIRECTION     E (70)
  HIGHEST GUST SPEED    24   HIGHEST GUST DIRECTION     E (70)
  AVERAGE WIND SPEED     7.6


SKY COVER
  POSSIBLE SUNSHINE  MM
  AVERAGE SKY COVER 0.5


WEATHER CONDITIONS
 THE FOLLOWING WEATHER WAS RECORDED YESTERDAY.
  NO SIGNIFICANT WEATHER WAS OBSERVED.


RELATIVE HUMIDITY (PERCENT)
 HIGHEST    68          1100 PM
 LOWEST     20           400 PM
 AVERAGE    44

..........................................................


THE NEW ORLEANS CLIMATE NORMALS FOR TODAY
                         NORMAL    RECORD    YEAR
 MAXIMUM TEMPERATURE (F)   73        88      1982
 MINIMUM TEMPERATURE (F)   54        31      1965


SUNRISE AND SUNSET
MARCH 20 2019.........SUNRISE   705 AM CDT   SUNSET   712 PM CDT
MARCH 21 2019.........SUNRISE   704 AM CDT   SUNSET   713 PM CDT


-  INDICATES NEGATIVE NUMBERS.
R  INDICATES RECORD WAS SET OR TIED.
MM INDICATES DATA IS MISSING.
T  INDICATES TRACE AMOUNT.




$$
