000
CDUS41 KOKX 250621
CLINYC


CLIMATE REPORT
NATIONAL WEATHER SERVICE NEW YORK NY
221 AM EDT WED APR 25 2018


...................................

...THE CENTRAL PARK NY CLIMATE SUMMARY FOR APRIL 24 2018...

CLIMATE NORMAL PERIOD 1981 TO 2010
CLIMATE RECORD PERIOD 1869 TO 2018


WEATHER ITEM   OBSERVED TIME   RECORD YEAR NORMAL DEPARTURE LAST
                VALUE   (LST)  VALUE       VALUE  FROM      YEAR
                                                  NORMAL
..................................................................
TEMPERATURE (F)
 YESTERDAY
  MAXIMUM         66    105 PM  87    2001  64      2       60
  MINIMUM         46    445 AM  31    1930  48     -2       48
  AVERAGE         56                        56      0       54

PRECIPITATION (IN)
  YESTERDAY        0.05          2.17 1968   0.14  -0.09      T
  MONTH TO DATE    4.50                      3.66   0.84     2.53
  SINCE MAR 1      9.67                      8.02   1.65     7.78
  SINCE JAN 1     17.68                     14.76   2.92    15.09

SNOWFALL (IN)
  YESTERDAY        0.0           0.5  1883   0.0    0.0      0.0
  MONTH TO DATE    5.5                       0.6    4.9      0.0
  SINCE OCT 1     40.9                      25.8   15.1     30.2
  SINCE JUL 1     40.9                      25.8   15.1     30.2
  SNOW DEPTH       0

DEGREE DAYS
 HEATING
  YESTERDAY        9                        10     -1       11
  MONTH TO DATE  410                       319     91      234
  SINCE MAR 1   1175                      1019    156     1027
  SINCE JUL 1   4421                      4541   -120     4010

 COOLING
  YESTERDAY        0                         1     -1        0
  MONTH TO DATE    6                         3      3       17
  SINCE MAR 1      6                         4      2       17
  SINCE JAN 1      8                         4      4       17
..................................................................


WIND (MPH)
  HIGHEST WIND SPEED    15   HIGHEST WIND DIRECTION     S (170)
  HIGHEST GUST SPEED    23   HIGHEST GUST DIRECTION     S (170)
  AVERAGE WIND SPEED     4.3


SKY COVER
  AVERAGE SKY COVER 0.3


WEATHER CONDITIONS
 THE FOLLOWING WEATHER WAS RECORDED YESTERDAY.
  LIGHT RAIN
  FOG


RELATIVE HUMIDITY (PERCENT)
 HIGHEST    86           500 AM
 LOWEST     34          1200 PM
 AVERAGE    60

..........................................................


THE CENTRAL PARK NY CLIMATE NORMALS FOR TODAY
                         NORMAL    RECORD    YEAR
 MAXIMUM TEMPERATURE (F)   65        91      1915
 MINIMUM TEMPERATURE (F)   48        29      1919


SUNRISE AND SUNSET
APRIL 25 2018.........SUNRISE   602 AM EDT   SUNSET   746 PM EDT
APRIL 26 2018.........SUNRISE   601 AM EDT   SUNSET   747 PM EDT


-  INDICATES NEGATIVE NUMBERS.
R  INDICATES RECORD WAS SET OR TIED.
MM INDICATES DATA IS MISSING.
T  INDICATES TRACE AMOUNT.




$$
