000
CDUS41 KOKX 250618
CLINYC


CLIMATE REPORT
NATIONAL WEATHER SERVICE NEW YORK NY
217 AM EDT TUE JUN 25 2019


...................................

...THE CENTRAL PARK NY CLIMATE SUMMARY FOR JUNE 24 2019...

CLIMATE NORMAL PERIOD 1981 TO 2010
CLIMATE RECORD PERIOD 1869 TO 2019


WEATHER ITEM   OBSERVED TIME   RECORD YEAR NORMAL DEPARTURE LAST
                VALUE   (LST)  VALUE       VALUE  FROM      YEAR
                                                  NORMAL
..................................................................
TEMPERATURE (F)
 YESTERDAY
  MAXIMUM         84    119 PM  96    1888  82      2       84
  MINIMUM         67    515 AM  52    1932  66      1       66
                                      1881
  AVERAGE         76                        74      2       75

PRECIPITATION (IN)
  YESTERDAY        0.00          1.46 1984   0.13  -0.13      T
  MONTH TO DATE    4.46                      3.64   0.82     1.74
  SINCE JUN 1      4.46                      3.64   0.82     1.74
  SINCE JAN 1     26.42                     23.43   2.99    24.23

SNOWFALL (IN)
  YESTERDAY        0.0           0.0  2002   0.0    0.0      0.0
                                      2001
  MONTH TO DATE    0.0                       0.0    0.0      0.0
  SINCE OCT 1     20.5                      25.8   -5.3     40.9
  SINCE JUL 1     20.5                      25.8   -5.3     40.9
  SNOW DEPTH       0

DEGREE DAYS
 HEATING
  YESTERDAY        0                         0      0        0
  MONTH TO DATE    9                        17     -8       11
  SINCE JUN 1      9                        17     -8       11
  SINCE JUL 1   4613                      4748   -135     4548

 COOLING
  YESTERDAY       11                         9      2       10
  MONTH TO DATE  129                       154    -25      156
  SINCE JUN 1    129                       154    -25      156
  SINCE JAN 1    184                       223    -39      292
..................................................................


WIND (MPH)
  HIGHEST WIND SPEED     8   HIGHEST WIND DIRECTION     S (200)
  HIGHEST GUST SPEED    17   HIGHEST GUST DIRECTION    SW (230)
  AVERAGE WIND SPEED     1.8


SKY COVER
  AVERAGE SKY COVER 0.0


WEATHER CONDITIONS
 THE FOLLOWING WEATHER WAS RECORDED YESTERDAY.
  NO SIGNIFICANT WEATHER WAS OBSERVED.


RELATIVE HUMIDITY (PERCENT)
 HIGHEST    74          1000 PM
 LOWEST     37          1100 AM
 AVERAGE    56

..........................................................


THE CENTRAL PARK NY CLIMATE NORMALS FOR TODAY
                         NORMAL    RECORD    YEAR
 MAXIMUM TEMPERATURE (F)   82        99      1952
                                             1943
 MINIMUM TEMPERATURE (F)   66        53      1873


SUNRISE AND SUNSET
JUNE 25 2019..........SUNRISE   526 AM EDT   SUNSET   831 PM EDT
JUNE 26 2019..........SUNRISE   526 AM EDT   SUNSET   831 PM EDT


-  INDICATES NEGATIVE NUMBERS.
R  INDICATES RECORD WAS SET OR TIED.
MM INDICATES DATA IS MISSING.
T  INDICATES TRACE AMOUNT.




$$
