000
CDUS45 KPSR 190814
CLINYL

CLIMATE REPORT
NATIONAL WEATHER SERVICE PHOENIX AZ
112 AM MST TUE MAR 19 2019

...................................

...THE YUMA AZ CLIMATE SUMMARY FOR MARCH 18 2019...

CLIMATE NORMAL PERIOD 1981 TO 2010
CLIMATE RECORD PERIOD 1876 TO 2019


WEATHER ITEM   OBSERVED TIME   RECORD YEAR NORMAL DEPARTURE LAST
                VALUE   (LST)  VALUE       VALUE  FROM      YEAR
                                                  NORMAL
..................................................................
TEMPERATURE (F)
 YESTERDAY
  MAXIMUM         88    406 PM  96    2017  80      8       70
                                      1907
  MINIMUM         57    447 AM  38    1922  55      2       48
                                      1903
                                      1899
  AVERAGE         73                        68      5       59

PRECIPITATION (IN)
  YESTERDAY        0.00          0.17 1982   0.01  -0.01     0.00
  MONTH TO DATE    0.36                      0.21   0.15     0.01
  SINCE OCT 1      2.12                      1.91   0.21     0.25
  SINCE JAN 1      0.87                      0.97  -0.10     0.18

DEGREE DAYS
 HEATING
  YESTERDAY        0                         2     -2        6
  MONTH TO DATE   54                        37     17       42
  SINCE MAR 1     54                        37     17       42
  SINCE JUL 1    807                       660    147      401

 COOLING
  YESTERDAY        8                         4      4        0
  MONTH TO DATE   43                        56    -13       45
  SINCE MAR 1     43                        56    -13       45
  SINCE JAN 1     48                        92    -44       97
..................................................................


WIND (MPH)
  HIGHEST WIND SPEED    13   HIGHEST WIND DIRECTION    NE (50)
  HIGHEST GUST SPEED    19   HIGHEST GUST DIRECTION    NE (50)
  AVERAGE WIND SPEED     5.7


SKY COVER
  AVERAGE SKY COVER 0.1


WEATHER CONDITIONS
 THE FOLLOWING WEATHER WAS RECORDED YESTERDAY.
  HAZE


RELATIVE HUMIDITY (PERCENT)
 HIGHEST    62
 LOWEST     19
 AVERAGE    41

..........................................................


THE YUMA AZ CLIMATE NORMALS FOR TODAY
                         NORMAL    RECORD    YEAR
 MAXIMUM TEMPERATURE (F)   81        98      2017
 MINIMUM TEMPERATURE (F)   55        37      1924


SUNRISE AND SUNSET
MARCH 19 2019.........SUNRISE   644 AM MST   SUNSET   649 PM MST
MARCH 20 2019.........SUNRISE   642 AM MST   SUNSET   650 PM MST


-  INDICATES NEGATIVE NUMBERS.
R  INDICATES RECORD WAS SET OR TIED.
MM INDICATES DATA IS MISSING.
T  INDICATES TRACE AMOUNT.

$$
