372
CDUS45 KPSR 190817
CLINYL

CLIMATE REPORT
NATIONAL WEATHER SERVICE PHOENIX AZ
114 AM MST SUN MAY 19 2019


...................................

...THE YUMA AZ CLIMATE SUMMARY FOR MAY 18 2019...

CLIMATE NORMAL PERIOD 1981 TO 2010
CLIMATE RECORD PERIOD 1876 TO 2019


WEATHER ITEM   OBSERVED TIME   RECORD YEAR NORMAL DEPARTURE LAST
                VALUE   (LST)  VALUE       VALUE  FROM      YEAR
                                                  NORMAL
..................................................................
TEMPERATURE (F)
 YESTERDAY
  MAXIMUM         88    507 PM 113    2008  96     -8       92
  MINIMUM         60    555 AM  50    1903  68     -8       64
  AVERAGE         74                        82     -8       78

PRECIPITATION (IN)
  YESTERDAY        0.00          0.33 1949   0.00   0.00     0.00
  MONTH TO DATE    0.00                      0.05  -0.05     0.00
  SINCE OCT 1      2.21                      2.23  -0.02     0.25
  SINCE JAN 1      0.96                      1.29  -0.33     0.18

DEGREE DAYS
 HEATING
  YESTERDAY        0                         0      0        0
  MONTH TO DATE    0                         0      0        0
  SINCE MAR 1     61                        63     -2       47
  SINCE JUL 1    814                       686    128      406

 COOLING
  YESTERDAY        9                        17     -8       13
  MONTH TO DATE  208                       264    -56      259
  SINCE MAR 1    635                       634      1      703
  SINCE JAN 1    640                       670    -30      755
..................................................................


WIND (MPH)
  HIGHEST WIND SPEED    20   HIGHEST WIND DIRECTION     S (200)
  HIGHEST GUST SPEED    22   HIGHEST GUST DIRECTION     S (200)
  AVERAGE WIND SPEED     6.1


SKY COVER
  AVERAGE SKY COVER 0.0


WEATHER CONDITIONS
 THE FOLLOWING WEATHER WAS RECORDED YESTERDAY.
  HAZE


RELATIVE HUMIDITY (PERCENT)
 HIGHEST    60
 LOWEST     13
 AVERAGE    37

..........................................................


THE YUMA AZ CLIMATE NORMALS FOR TODAY
                         NORMAL    RECORD    YEAR
 MAXIMUM TEMPERATURE (F)   96       115      2008
 MINIMUM TEMPERATURE (F)   68        49      1921


SUNRISE AND SUNSET
MAY 19 2019...........SUNRISE   537 AM MST   SUNSET   733 PM MST
MAY 20 2019...........SUNRISE   537 AM MST   SUNSET   734 PM MST


-  INDICATES NEGATIVE NUMBERS.
R  INDICATES RECORD WAS SET OR TIED.
MM INDICATES DATA IS MISSING.
T  INDICATES TRACE AMOUNT.

$$
