000
CDUS46 KMTR 240039
CLIOAK


CLIMATE REPORT
NATIONAL WEATHER SERVICE SAN FRANCISCO BAY AREA
528 PM PDT SAT MAR 23 2019


...................................

...THE OAKLAND AIRPORT CLIMATE SUMMARY FOR MARCH 23 2019...
VALID TODAY AS OF 0500 PM LOCAL TIME.

CLIMATE NORMAL PERIOD 1981 TO 2010
CLIMATE RECORD PERIOD 1948 TO 2019


WEATHER ITEM   OBSERVED TIME   RECORD YEAR NORMAL DEPARTURE LAST
                VALUE   (LST)  VALUE       VALUE  FROM      YEAR
                                                  NORMAL
..................................................................
TEMPERATURE (F)
 TODAY
  MAXIMUM         62    235 PM  74    1951  63     -1       59
  MINIMUM         52    651 AM  38    1957  46      6       40
  AVERAGE         57                        55      2       50

PRECIPITATION (IN)
  TODAY            0.12          1.15 1950   0.08   0.04     0.00
  MONTH TO DATE    2.94                      2.42   0.52     3.48
  SINCE OCT 1     17.81                     17.67   0.14    11.63
  SINCE JAN 1     12.75                     10.36   2.39     8.41

SNOWFALL (IN)
  TODAY            0.0           0.0  1985
  MONTH TO DATE    0.0
  SINCE MAR 1      0.0
  SINCE JUL 1      0.0

DEGREE DAYS
 HEATING
  TODAY            8                        10     -2       15
  MONTH TO DATE  235                       254    -19      297
  SINCE MAR 1    235                       254    -19      297
  SINCE JUL 1   1970                      2276   -306     2042

 COOLING
  TODAY            0                         0      0        0
  MONTH TO DATE    0                         0      0        0
  SINCE MAR 1      0                         0      0        0
  SINCE JAN 1      0                         0      0        0
..................................................................


WIND (MPH)
  RESULTANT WIND SPEED   7   RESULTANT WIND DIRECTION   W (250)
  HIGHEST WIND SPEED    22   HIGHEST WIND DIRECTION     W (280)
  HIGHEST GUST SPEED    24   HIGHEST GUST DIRECTION     W (260)
  AVERAGE WIND SPEED    10.3


SKY COVER
  POSSIBLE SUNSHINE  MM
  AVERAGE SKY COVER 0.6


WEATHER CONDITIONS
 THE FOLLOWING WEATHER WAS RECORDED TODAY.
  LIGHT RAIN
  FOG


RELATIVE HUMIDITY (PERCENT)
 HIGHEST   100           100 AM
 LOWEST     60          1100 AM
 AVERAGE    80

..........................................................


THE OAKLAND AIRPORT CLIMATE NORMALS FOR TOMORROW
                         NORMAL    RECORD    YEAR
 MAXIMUM TEMPERATURE (F)   64        78      1951
 MINIMUM TEMPERATURE (F)   46        40      2009
                                             2000


SUNRISE AND SUNSET
MARCH 23 2019.........SUNRISE   708 AM PDT   SUNSET   723 PM PDT
MARCH 24 2019.........SUNRISE   707 AM PDT   SUNSET   724 PM PDT


-  INDICATES NEGATIVE NUMBERS.
R  INDICATES RECORD WAS SET OR TIED.
MM INDICATES DATA IS MISSING.
T  INDICATES TRACE AMOUNT.




$$
