000
CDUS43 KOAX 150640
CLIOAX


CLIMATE REPORT
NATIONAL WEATHER SERVICE OMAHA NEBRASKA
139 AM CDT FRI MAR 15 2019


...................................

...THE VALLEY NWS NE CLIMATE SUMMARY FOR MARCH 14 2019...

CLIMATE NORMAL PERIOD 1981 TO 2010
CLIMATE RECORD PERIOD 1997 TO 2019


WEATHER ITEM   OBSERVED TIME   NORMAL DEPARTURE LAST
                VALUE   (LST)  VALUE  FROM      YEAR
                                      NORMAL
......................................................
TEMPERATURE (F)
 YESTERDAY
  MAXIMUM         53   1234 AM  48      5       66
  MINIMUM         33   1159 PM  27      6       27
  AVERAGE         43            37      6       47

PRECIPITATION (IN)
  YESTERDAY        0.19          0.06   0.13     0.00
  MONTH TO DATE    1.77          0.73   1.04     0.34
  SINCE MAR 1      1.77          0.73   1.04     0.34
  SINCE JAN 1      4.24          2.44   1.80     2.52

SNOWFALL (IN)
  YESTERDAY        T                             0.0
  MONTH TO DATE    6.2                           2.4
  SINCE MAR 1      6.2                           2.4
  SINCE JUL 1     51.2                          22.3
  SNOW DEPTH       0

DEGREE DAYS
 HEATING
  YESTERDAY       22            28     -6       18
  MONTH TO DATE  573           426    147      369
  SINCE MAR 1    573           426    147      369
  SINCE JUL 1   5679          5257    422     5046

 COOLING
  YESTERDAY        0             0      0        0
  MONTH TO DATE    0             0      0        0
  SINCE MAR 1      0             0      0        0
  SINCE JAN 1      0             0      0        0
......................................................


WIND (MPH)
  HIGHEST WIND SPEED    53   HIGHEST WIND DIRECTION    MM
  HIGHEST GUST SPEED    MM   HIGHEST GUST DIRECTION    MM


SKY COVER
  POSSIBLE SUNSHINE  MM


WEATHER CONDITIONS
 THE FOLLOWING WEATHER WAS RECORDED YESTERDAY.
  RAIN
  LIGHT RAIN
  LIGHT SNOW


..........................................................


THE VALLEY NWS NE CLIMATE NORMALS FOR TODAY
                         NORMAL
 MAXIMUM TEMPERATURE (F)   48
 MINIMUM TEMPERATURE (F)   28


SUNRISE AND SUNSET
MARCH 15 2019.........SUNRISE   738 AM CDT   SUNSET   732 PM CDT
MARCH 16 2019.........SUNRISE   736 AM CDT   SUNSET   733 PM CDT


-  INDICATES NEGATIVE NUMBERS.
R  INDICATES RECORD WAS SET OR TIED.
MM INDICATES DATA IS MISSING.
T  INDICATES TRACE AMOUNT.




$$
