000
CDUS43 KOAX 270622
CLIOAX


CLIMATE REPORT
NATIONAL WEATHER SERVICE OMAHA NEBRASKA
121 AM CDT MON MAY 27 2019


...................................

...THE VALLEY NWS NE CLIMATE SUMMARY FOR MAY 26 2019...

CLIMATE NORMAL PERIOD 1981 TO 2010
CLIMATE RECORD PERIOD 1997 TO 2019


WEATHER ITEM   OBSERVED TIME   NORMAL DEPARTURE LAST
                VALUE   (LST)  VALUE  FROM      YEAR
                                      NORMAL
......................................................
TEMPERATURE (F)
 YESTERDAY
  MAXIMUM         80    354 PM  76      4       97
  MINIMUM         59    515 AM  56      3       65
  AVERAGE         70            66      4       81

PRECIPITATION (IN)
  YESTERDAY        0.73          0.14   0.59     0.00
  MONTH TO DATE    6.31          3.80   2.51     2.08
  SINCE MAR 1     10.37          8.83   1.54     5.63
  SINCE JAN 1     12.84         10.54   2.30     7.81

SNOWFALL (IN)
  YESTERDAY        0.0                           0.0
  MONTH TO DATE    0.0                           0.0
  SINCE MAR 1      6.2                           4.2
  SINCE JUL 1     51.2                          24.1
  SNOW DEPTH       0

DEGREE DAYS
 HEATING
  YESTERDAY        0             2     -2        0
  MONTH TO DATE  200           141     59       45
  SINCE MAR 1   1486          1408     78     1433
  SINCE JUL 1   6592          6239    353     6110

 COOLING
  YESTERDAY        5             3      2       16
  MONTH TO DATE   46            46      0      111
  SINCE MAR 1     54            53      1      119
  SINCE JAN 1     54            53      1      119
......................................................


WIND (MPH)
  HIGHEST WIND SPEED    MM   HIGHEST WIND DIRECTION    MM
  HIGHEST GUST SPEED    26   HIGHEST GUST DIRECTION    MM


SKY COVER
  POSSIBLE SUNSHINE  MM


WEATHER CONDITIONS
 THE FOLLOWING WEATHER WAS RECORDED YESTERDAY.
  THUNDERSTORM
  HEAVY RAIN
  RAIN
  LIGHT RAIN


..........................................................


THE VALLEY NWS NE CLIMATE NORMALS FOR TODAY
                         NORMAL
 MAXIMUM TEMPERATURE (F)   77
 MINIMUM TEMPERATURE (F)   56


SUNRISE AND SUNSET
MAY 27 2019...........SUNRISE   557 AM CDT   SUNSET   848 PM CDT
MAY 28 2019...........SUNRISE   557 AM CDT   SUNSET   849 PM CDT


-  INDICATES NEGATIVE NUMBERS.
R  INDICATES RECORD WAS SET OR TIED.
MM INDICATES DATA IS MISSING.
T  INDICATES TRACE AMOUNT.




$$
