000
CDUS43 KGID 262225
CLIODX


CLIMATE REPORT
NATIONAL WEATHER SERVICE HASTINGS NE
524 PM CDT TUE MAR 26 2019


...................................

...THE ORD NE CLIMATE SUMMARY FOR MARCH 26 2019...
VALID TODAY AS OF 0500 PM LOCAL TIME.

CLIMATE NORMAL PERIOD 1981 TO 2010
CLIMATE RECORD PERIOD 1895 TO 2019


WEATHER ITEM   OBSERVED TIME   NORMAL DEPARTURE LAST
                VALUE   (LST)  VALUE  FROM      YEAR
                                      NORMAL
......................................................
TEMPERATURE (F)
 TODAY
  MAXIMUM         67    359 PM  55     12       46
  MINIMUM         38    521 AM  29      9       34
  AVERAGE         53            42     11       40

PRECIPITATION (IN)
  TODAY            0.00          0.07  -0.07     0.00
  MONTH TO DATE    3.56          0.96   2.60     0.62
  SINCE MAR 1      3.56          0.96   2.60     0.62
  SINCE JAN 1      4.73          1.77   2.96     1.98

DEGREE DAYS
 HEATING
  TODAY           12            23    -11       25
  MONTH TO DATE  880           735    145      717
  SINCE MAR 1    880           735    145      717
  SINCE JUL 1   6275          5752    523     5854

 COOLING
  TODAY            0             0      0        0
  MONTH TO DATE    0             0      0        0
  SINCE MAR 1      0             0      0        0
  SINCE JAN 1      0             0      0        0
......................................................


WIND (MPH)
  HIGHEST WIND SPEED    21   HIGHEST WIND DIRECTION     S (200)
  HIGHEST GUST SPEED    28   HIGHEST GUST DIRECTION    SW (210)
  AVERAGE WIND SPEED     7.2


SKY COVER
  AVERAGE SKY COVER 0.8


WEATHER CONDITIONS
 THE FOLLOWING WEATHER WAS RECORDED TODAY.
  FOG
  FOG W/VISIBILITY <= 1/4 MILE


RELATIVE HUMIDITY (PERCENT)
 HIGHEST   100           300 AM
 LOWEST     44           300 PM
 AVERAGE    72

..........................................................


THE ORD NE CLIMATE NORMALS FOR TOMORROW
                         NORMAL
 MAXIMUM TEMPERATURE (F)   55
 MINIMUM TEMPERATURE (F)   29


SUNRISE AND SUNSET
MARCH 26 2019.........SUNRISE   729 AM CDT   SUNSET   754 PM CDT
MARCH 27 2019.........SUNRISE   728 AM CDT   SUNSET   756 PM CDT


-  INDICATES NEGATIVE NUMBERS.
R  INDICATES RECORD WAS SET OR TIED.
MM INDICATES DATA IS MISSING.
T  INDICATES TRACE AMOUNT.




$$
