000
CDUS43 KGID 172224
CLIODX


CLIMATE REPORT
NATIONAL WEATHER SERVICE HASTINGS NE
523 PM CDT MON JUN 17 2019


...................................

...THE ORD NE CLIMATE SUMMARY FOR JUNE 17 2019...
VALID TODAY AS OF 0500 PM LOCAL TIME.

CLIMATE NORMAL PERIOD 1981 TO 2010
CLIMATE RECORD PERIOD 1895 TO 2019


WEATHER ITEM   OBSERVED TIME   NORMAL DEPARTURE LAST
                VALUE   (LST)  VALUE  FROM      YEAR
                                      NORMAL
......................................................
TEMPERATURE (F)
 TODAY
  MAXIMUM         81    144 PM  82     -1       89
  MINIMUM         62    505 AM  58      4       66
  AVERAGE         72            70      2       78

PRECIPITATION (IN)
  TODAY            0.01          0.14  -0.13     0.12
  MONTH TO DATE    2.11          2.81  -0.70     2.10
  SINCE JUN 1      2.11          2.81  -0.70     2.10
  SINCE JAN 1     17.33         11.47   5.86     9.93

DEGREE DAYS
 HEATING
  TODAY            0             1     -1        0
  MONTH TO DATE   26            29     -3        1
  SINCE JUN 1     26            29     -3        1
  SINCE JUL 1   7224          6599    625     6830

 COOLING
  TODAY            7             6      1       13
  MONTH TO DATE   66            69     -3      149
  SINCE JUN 1     66            69     -3      149
  SINCE JAN 1     86           110    -24      245
......................................................


WIND (MPH)
  HIGHEST WIND SPEED    13   HIGHEST WIND DIRECTION     S (200)
  HIGHEST GUST SPEED    17   HIGHEST GUST DIRECTION    SW (210)
  AVERAGE WIND SPEED     5.2


SKY COVER
  AVERAGE SKY COVER 0.7


WEATHER CONDITIONS
 THE FOLLOWING WEATHER WAS RECORDED TODAY.
  THUNDERSTORM
  LIGHT RAIN


RELATIVE HUMIDITY (PERCENT)
 HIGHEST    93           500 AM
 LOWEST     48           100 PM
 AVERAGE    71

..........................................................


THE ORD NE CLIMATE NORMALS FOR TOMORROW
                         NORMAL
 MAXIMUM TEMPERATURE (F)   82
 MINIMUM TEMPERATURE (F)   58


SUNRISE AND SUNSET
JUNE 17 2019..........SUNRISE   601 AM CDT   SUNSET   912 PM CDT
JUNE 18 2019..........SUNRISE   601 AM CDT   SUNSET   913 PM CDT


-  INDICATES NEGATIVE NUMBERS.
R  INDICATES RECORD WAS SET OR TIED.
MM INDICATES DATA IS MISSING.
T  INDICATES TRACE AMOUNT.




$$
