000
CDUS43 KOAX 262203
CLIOFK


CLIMATE REPORT
NATIONAL WEATHER SERVICE OMAHA NEBRASKA
458 PM CDT TUE MAR 26 2019


...................................

...THE NORFOLK NE CLIMATE SUMMARY FOR MARCH 26 2019...
VALID TODAY AS OF 0400 PM LOCAL TIME.

CLIMATE NORMAL PERIOD 1981 TO 2010
CLIMATE RECORD PERIOD 1888 TO 2019


WEATHER ITEM   OBSERVED TIME   RECORD YEAR NORMAL DEPARTURE LAST
                VALUE   (LST)  VALUE       VALUE  FROM      YEAR
                                                  NORMAL
..................................................................
TEMPERATURE (F)
 TODAY
  MAXIMUM         MM        MM  86    2012  53     MM       41
  MINIMUM         MM        MM  -4    1965  30     MM       35
  AVERAGE         MM                        41     MM       38

PRECIPITATION (IN)
  TODAY            T             1.01 1959   0.07  -0.07     0.02
  MONTH TO DATE    2.96                      1.39   1.57     1.58
  SINCE MAR 1      2.96                      1.39   1.57     1.58
  SINCE JAN 1      4.16                      2.74   1.42     3.30

SNOWFALL (IN)
  TODAY           MM                         0.1   MM        0.0
  MONTH TO DATE    2.5                       4.3   -1.8      5.5
  SINCE MAR 1      2.5                       4.3   -1.8      5.5
  SINCE JUL 1     28.0                      27.1    0.9     34.3
  SNOW DEPTH       0

DEGREE DAYS
 HEATING
  TODAY           MM                        24     MM       27
  MONTH TO DATE  896                       744    152      735
  SINCE MAR 1    896                       744    152      735
  SINCE JUL 1   6455                      5837    618     5935

 COOLING
  TODAY           MM                         0     MM        0
  MONTH TO DATE    0                         0      0        0
  SINCE MAR 1      0                         0      0        0
  SINCE JAN 1      0                         0      0        0
..................................................................


WIND (MPH)
  HIGHEST WIND SPEED    16   HIGHEST WIND DIRECTION     S (190)
  HIGHEST GUST SPEED    23   HIGHEST GUST DIRECTION     S (200)
  AVERAGE WIND SPEED     8.7


SKY COVER
  POSSIBLE SUNSHINE  MM
  AVERAGE SKY COVER 0.7


WEATHER CONDITIONS
 THE FOLLOWING WEATHER WAS RECORDED TODAY.
  HAZE


RELATIVE HUMIDITY (PERCENT)
 HIGHEST    MM
 LOWEST     MM
 AVERAGE    MM

..........................................................


THE NORFOLK NE CLIMATE NORMALS FOR TOMORROW
                         NORMAL    RECORD    YEAR
 MAXIMUM TEMPERATURE (F)   54        84      1989
 MINIMUM TEMPERATURE (F)   30         0      1913


SUNRISE AND SUNSET
MARCH 26 2019.........SUNRISE   723 AM CDT   SUNSET   748 PM CDT
MARCH 27 2019.........SUNRISE   721 AM CDT   SUNSET   750 PM CDT


-  INDICATES NEGATIVE NUMBERS.
R  INDICATES RECORD WAS SET OR TIED.
MM INDICATES DATA IS MISSING.
T  INDICATES TRACE AMOUNT.




$$
