000
CDUS43 KOAX 272139
CLIOFK


CLIMATE REPORT
NATIONAL WEATHER SERVICE OMAHA NEBRASKA
438 PM CDT SUN MAY 27 2018


...................................

...THE NORFOLK, NEBRASKA CLIMATE SUMMARY FOR MAY 27 2018...
VALID TODAY AS OF 0400 PM LOCAL TIME.

CLIMATE NORMAL PERIOD 1981 TO 2010
CLIMATE RECORD PERIOD 1888 TO 2018


WEATHER ITEM   OBSERVED TIME   RECORD YEAR NORMAL DEPARTURE LAST
                VALUE   (LST)  VALUE       VALUE  FROM      YEAR
                                                  NORMAL
..................................................................
TEMPERATURE (F)
 TODAY
  MAXIMUM         97R   259 PM  93    2006  76     21       74
  MINIMUM         62    527 AM  33    1992  52     10       50
  AVERAGE         80                        64     16       62

PRECIPITATION (IN)
  TODAY            0.00          2.61 1977   0.14  -0.14     0.03
  MONTH TO DATE    1.55                      3.36  -1.81     4.33
  SINCE MAR 1      4.50                      7.78  -3.28     9.37
  SINCE JAN 1      6.22                      9.13  -2.91    11.61

SNOWFALL (IN)
  TODAY            0.0                       0.0    0.0      0.0
  MONTH TO DATE    0.0                       0.3   -0.3      1.5
  SINCE JUL 1     45.2                      30.8   14.4     32.2
  SNOW DEPTH       0

DEGREE DAYS
 HEATING
  TODAY            0                         3     -3        3
  MONTH TO DATE  100                       177    -77      195
  SINCE MAR 1   1670                      1507    163     1419
  SINCE JUL 1   6870                      6600    270     5874

 COOLING
  TODAY           15                         2     13        0
  MONTH TO DATE   95                        38     57       28
  SINCE MAR 1    104                        50     54       28
  SINCE JAN 1    104                        50     54       28
..................................................................


WIND (MPH)
  HIGHEST WIND SPEED    22   HIGHEST WIND DIRECTION    SW (210)
  HIGHEST GUST SPEED    32   HIGHEST GUST DIRECTION    SW (230)
  AVERAGE WIND SPEED     8.1


SKY COVER
  POSSIBLE SUNSHINE  MM
  AVERAGE SKY COVER 0.0


WEATHER CONDITIONS
 THE FOLLOWING WEATHER WAS RECORDED TODAY.
  NO SIGNIFICANT WEATHER WAS OBSERVED.


RELATIVE HUMIDITY (PERCENT)
 HIGHEST    90           500 AM
 LOWEST     25           200 PM
 AVERAGE    58

..........................................................


THE NORFOLK, NEBRASKA CLIMATE NORMALS FOR TOMORROW
                         NORMAL    RECORD    YEAR
 MAXIMUM TEMPERATURE (F)   76       100      1934
 MINIMUM TEMPERATURE (F)   53        30      1947


SUNRISE AND SUNSET
MAY 27 2018...........SUNRISE   559 AM CDT   SUNSET   855 PM CDT
MAY 28 2018...........SUNRISE   559 AM CDT   SUNSET   856 PM CDT


-  INDICATES NEGATIVE NUMBERS.
R  INDICATES RECORD WAS SET OR TIED.
MM INDICATES DATA IS MISSING.
T  INDICATES TRACE AMOUNT.




$$
