000
CDUS43 KOAX 250642
CLIOFK


CLIMATE REPORT
NATIONAL WEATHER SERVICE OMAHA NEBRASKA
142 AM CDT TUE JUN 25 2019


...................................

...THE NORFOLK NE CLIMATE SUMMARY FOR JUNE 24 2019...

CLIMATE NORMAL PERIOD 1981 TO 2010
CLIMATE RECORD PERIOD 1888 TO 2019


WEATHER ITEM   OBSERVED TIME   RECORD YEAR NORMAL DEPARTURE LAST
                VALUE   (LST)  VALUE       VALUE  FROM      YEAR
                                                  NORMAL
..................................................................
TEMPERATURE (F)
 YESTERDAY
  MAXIMUM         80    524 PM 104    1937  84     -4       85
  MINIMUM         52    533 AM  45    2017  61     -9       59
  AVERAGE         66                        73     -7       72

PRECIPITATION (IN)
  YESTERDAY        0.00          2.25 1924   0.15  -0.15     0.22
  MONTH TO DATE    2.25                      3.44  -1.19     7.08
  SINCE JUN 1      2.25                      3.44  -1.19     7.08
  SINCE JAN 1     13.61                     13.14   0.47    13.37

SNOWFALL (IN)
  YESTERDAY        0.0                       0.0    0.0      0.0
  MONTH TO DATE    0.0                       0.0    0.0      0.0
  SINCE JUN 1      0.0                       0.0    0.0      0.0
  SINCE JUL 1     29.0                      30.5   -1.5     45.2
  SNOW DEPTH       0

DEGREE DAYS
 HEATING
  YESTERDAY        0                         0      0        0
  MONTH TO DATE   28                        28      0        6
  SINCE JUN 1     28                        28      0        6
  SINCE JUL 1   7309                      6641    668     6876

 COOLING
  YESTERDAY        1                         8     -7        7
  MONTH TO DATE  101                       133    -32      213
  SINCE JUN 1    101                       133    -32      213
  SINCE JAN 1    137                       194    -57      353
..................................................................


WIND (MPH)
  HIGHEST WIND SPEED    15   HIGHEST WIND DIRECTION     S (180)
  HIGHEST GUST SPEED    22   HIGHEST GUST DIRECTION     S (180)
  AVERAGE WIND SPEED     9.0


SKY COVER
  POSSIBLE SUNSHINE  MM
  AVERAGE SKY COVER 0.2


WEATHER CONDITIONS
 THE FOLLOWING WEATHER WAS RECORDED YESTERDAY.
  NO SIGNIFICANT WEATHER WAS OBSERVED.


RELATIVE HUMIDITY (PERCENT)
 HIGHEST    89           500 AM
 LOWEST     36           300 PM
 AVERAGE    63

..........................................................


THE NORFOLK NE CLIMATE NORMALS FOR TODAY
                         NORMAL    RECORD    YEAR
 MAXIMUM TEMPERATURE (F)   85       108      1936
 MINIMUM TEMPERATURE (F)   61        42      2004
                                             1958


SUNRISE AND SUNSET
JUNE 25 2019..........SUNRISE   555 AM CDT   SUNSET   909 PM CDT
JUNE 26 2019..........SUNRISE   556 AM CDT   SUNSET   909 PM CDT


-  INDICATES NEGATIVE NUMBERS.
R  INDICATES RECORD WAS SET OR TIED.
MM INDICATES DATA IS MISSING.
T  INDICATES TRACE AMOUNT.




$$
