000
CDUS42 KCAE 252130
CLIOGB


CLIMATE REPORT
NATIONAL WEATHER SERVICE COLUMBIA SC
528 PM EDT SAT MAY 25 2019


...................................

...THE ORANGEBURG AIRPORT SC CLIMATE SUMMARY FOR MAY 25 2019...
VALID TODAY AS OF 0500 PM LOCAL TIME.

CLIMATE NORMAL PERIOD 1981 TO 2010
CLIMATE RECORD PERIOD 9999 TO 9999


WEATHER ITEM   OBSERVED TIME   NORMAL DEPARTURE LAST
                VALUE   (LST)  VALUE  FROM      YEAR
                                      NORMAL
......................................................
TEMPERATURE (F)
 TODAY
  MAXIMUM         98    229 PM  85     13       82
  MINIMUM         68    453 AM  63      5       71
  AVERAGE         83            74      9       77

PRECIPITATION (IN)
  TODAY            0.00          0.13  -0.13     0.02
  MONTH TO DATE    1.30          2.31  -1.01     5.82
  SINCE MAR 1      6.76          9.14  -2.38    11.94
  SINCE JAN 1     11.17         16.71  -5.54    14.79

DEGREE DAYS
 HEATING
  TODAY            0             0      0        0
  MONTH TO DATE    3            10     -7        2
  SINCE MAR 1    369           395    -26      487
  SINCE JUL 1   2030          2327   -297     2192

 COOLING
  TODAY           18             9      9       12
  MONTH TO DATE  258           159     99      223
  SINCE MAR 1    367           241    126      263
  SINCE JAN 1    379           244    135      320
......................................................


WIND (MPH)
  HIGHEST WIND SPEED     9   HIGHEST WIND DIRECTION    SE (140)
  HIGHEST GUST SPEED    14   HIGHEST GUST DIRECTION     W (280)
  AVERAGE WIND SPEED     2.3


SKY COVER
  AVERAGE SKY COVER 0.1


WEATHER CONDITIONS
 THE FOLLOWING WEATHER WAS RECORDED TODAY.
  FOG


RELATIVE HUMIDITY (PERCENT)
 HIGHEST    97           400 AM
 LOWEST     31          1200 PM

..........................................................


THE ORANGEBURG AIRPORT SC CLIMATE NORMALS FOR TOMORROW
                         NORMAL
 MAXIMUM TEMPERATURE (F)   86
 MINIMUM TEMPERATURE (F)   63


SUNRISE AND SUNSET
MAY 25 2019...........SUNRISE   617 AM EDT   SUNSET   824 PM EDT
MAY 26 2019...........SUNRISE   617 AM EDT   SUNSET   824 PM EDT


-  INDICATES NEGATIVE NUMBERS.
R  INDICATES RECORD WAS SET OR TIED.
MM INDICATES DATA IS MISSING.
T  INDICATES TRACE AMOUNT.




$$
