000
CDUS42 KCAE 250620
CLIOGB


CLIMATE REPORT
NATIONAL WEATHER SERVICE COLUMBIA SC
219 AM EDT MON MAR 25 2019


...................................

...THE ORANGEBURG AIRPORT SC CLIMATE SUMMARY FOR MARCH 24 2019...

CLIMATE NORMAL PERIOD 1981 TO 2010
CLIMATE RECORD PERIOD 9999 TO 9999


WEATHER ITEM   OBSERVED TIME   NORMAL DEPARTURE LAST
                VALUE   (LST)  VALUE  FROM      YEAR
                                      NORMAL
......................................................
TEMPERATURE (F)
 YESTERDAY
  MAXIMUM         74    455 PM  71      3       71
  MINIMUM         39    654 AM  46     -7       50
  AVERAGE         57            59     -2       61

PRECIPITATION (IN)
  YESTERDAY        0.00          0.12  -0.12     0.00
  MONTH TO DATE    1.48          3.08  -1.60     1.48
  SINCE MAR 1      1.48          3.08  -1.60     1.48
  SINCE JAN 1      5.89         10.65  -4.76     4.33

DEGREE DAYS
 HEATING
  YESTERDAY        8             7      1        4
  MONTH TO DATE  227           233     -6      288
  SINCE MAR 1    227           233     -6      288
  SINCE JUL 1   1888          2165   -277     1993

 COOLING
  YESTERDAY        0             1     -1        0
  MONTH TO DATE   14            16     -2        9
  SINCE MAR 1     14            16     -2        9
  SINCE JAN 1     26            19      7       66
......................................................


WIND (MPH)
  HIGHEST WIND SPEED    15   HIGHEST WIND DIRECTION     S (200)
  HIGHEST GUST SPEED    20   HIGHEST GUST DIRECTION     S (170)
  AVERAGE WIND SPEED     6.1


SKY COVER
  AVERAGE SKY COVER 0.0


WEATHER CONDITIONS
 THE FOLLOWING WEATHER WAS RECORDED YESTERDAY.
  NO SIGNIFICANT WEATHER WAS OBSERVED.


RELATIVE HUMIDITY (PERCENT)
 HIGHEST    92           400 AM
 LOWEST     23           200 PM

..........................................................


THE ORANGEBURG AIRPORT SC CLIMATE NORMALS FOR TODAY
                         NORMAL    RECORD    YEAR
 MAXIMUM TEMPERATURE (F)   71        MM        MM
 MINIMUM TEMPERATURE (F)   46        MM        MM


SUNRISE AND SUNSET
MARCH 25 2019.........SUNRISE   721 AM EDT   SUNSET   739 PM EDT
MARCH 26 2019.........SUNRISE   719 AM EDT   SUNSET   739 PM EDT


-  INDICATES NEGATIVE NUMBERS.
R  INDICATES RECORD WAS SET OR TIED.
MM INDICATES DATA IS MISSING.
T  INDICATES TRACE AMOUNT.




$$
