000
CDHW42 PHFO 260229
CLIOGG


CLIMATE REPORT
NATIONAL WEATHER SERVICE HONOLULU HI
428 PM HST SAT MAY 25 2019


...................................

...THE KAHULUI HI CLIMATE SUMMARY FOR MAY 25 2019...
VALID TODAY AS OF 0400 PM LOCAL TIME.

CLIMATE NORMAL PERIOD 1981 TO 2010
CLIMATE RECORD PERIOD 1954 TO 2019


WEATHER ITEM   OBSERVED TIME   RECORD YEAR NORMAL DEPARTURE LAST
                VALUE   (LST)  VALUE       VALUE  FROM      YEAR
                                                  NORMAL
..................................................................
TEMPERATURE (F)
 TODAY
  MAXIMUM         93R   145 PM  91    1996  85      8       MM
  MINIMUM         69    607 AM  59    2000  68      1       MM
  AVERAGE         81                        77      4       MM

PRECIPITATION (IN)
  TODAY            0.00          0.42 2016   0.01  -0.01    MM
  MONTH TO DATE    0.89                      0.66   0.23     1.19
  SINCE MAR 1      1.79                      4.66  -2.87     7.85
  SINCE JAN 1      8.80                      9.42  -0.62    13.70

SNOWFALL (IN)
  TODAY            0.0
  MONTH TO DATE    0.0
  SINCE MAR 1      0.0
  SINCE JUL 1      0.0
  SNOW DEPTH      MM

DEGREE DAYS
 HEATING
  TODAY            0                         0      0       MM
  MONTH TO DATE    0                         0      0        0
  SINCE MAR 1      0                         0      0        0
  SINCE JUL 1      0                         0      0        0

 COOLING
  TODAY           16                        12      4       MM
  MONTH TO DATE  320                       263     57      225
  SINCE MAR 1   1000                       780    220      769
  SINCE JAN 1   1449                      1189    260     1214
..................................................................


WIND (MPH)
  HIGHEST WIND SPEED    25   HIGHEST WIND DIRECTION    NE (40)
  HIGHEST GUST SPEED    32   HIGHEST GUST DIRECTION     E (90)
  AVERAGE WIND SPEED    MM


SKY COVER
  POSSIBLE SUNSHINE  MM
  AVERAGE SKY COVER  MM


WEATHER CONDITIONS
 THE FOLLOWING WEATHER WAS RECORDED TODAY.
  NO SIGNIFICANT WEATHER WAS OBSERVED.


RELATIVE HUMIDITY (PERCENT)
 HIGHEST    MM
 LOWEST     MM
 AVERAGE    MM

..........................................................


THE KAHULUI HI CLIMATE NORMALS FOR TOMORROW
                         NORMAL    RECORD    YEAR
 MAXIMUM TEMPERATURE (F)   85        92      1953
 MINIMUM TEMPERATURE (F)   68        58      1952


SUNRISE AND SUNSET
MAY 25 2019...........SUNRISE   545 AM HST   SUNSET   700 PM HST
MAY 26 2019...........SUNRISE   545 AM HST   SUNSET   701 PM HST


-  INDICATES NEGATIVE NUMBERS.
R  INDICATES RECORD WAS SET OR TIED.
MM INDICATES DATA IS MISSING.
T  INDICATES TRACE AMOUNT.




$$
