000
CDHW42 PHFO 241245
CLIOGG


CLIMATE REPORT
NATIONAL WEATHER SERVICE HONOLULU HI
245 AM HST SUN MAR 24 2019


...................................

...THE KAHULUI HI CLIMATE SUMMARY FOR MARCH 23 2019...

CLIMATE NORMAL PERIOD 1981 TO 2010
CLIMATE RECORD PERIOD 1946 TO 2019


WEATHER ITEM   OBSERVED TIME   RECORD YEAR NORMAL DEPARTURE LAST
                VALUE   (LST)  VALUE       VALUE  FROM      YEAR
                                                  NORMAL
..................................................................
TEMPERATURE (F)
 YESTERDAY
  MAXIMUM         84    330 PM  90    1952  82      2       85
  MINIMUM         63    704 AM  57    1990  65     -2       68
  AVERAGE         74                        73      1       77

PRECIPITATION (IN)
  YESTERDAY        T             2.89 2004   0.07  -0.07      T
  MONTH TO DATE    0.58                      1.78  -1.20     0.26
  SINCE MAR 1      0.58                      1.78  -1.20     0.26
  SINCE JAN 1      7.59                      6.54   1.05     6.11

SNOWFALL (IN)
  YESTERDAY        0.0
  MONTH TO DATE    0.0
  SINCE MAR 1      0.0
  SINCE JUL 1      0.0
  SNOW DEPTH      MM

DEGREE DAYS
 HEATING
  YESTERDAY        0                         0      0        0
  MONTH TO DATE    0                         0      0        0
  SINCE MAR 1      0                         0      0        0
  SINCE JUL 1      0                         0      0        0

 COOLING
  YESTERDAY        9                         8      1       12
  MONTH TO DATE  203                       176     27      161
  SINCE MAR 1    203                       176     27      161
  SINCE JAN 1    652                       585     67      606
..................................................................


WIND (MPH)
  HIGHEST WIND SPEED    28   HIGHEST WIND DIRECTION    NE (40)
  HIGHEST GUST SPEED    33   HIGHEST GUST DIRECTION    NE (40)
  AVERAGE WIND SPEED    14.6


SKY COVER
  POSSIBLE SUNSHINE  MM
  AVERAGE SKY COVER  MM


WEATHER CONDITIONS
 THE FOLLOWING WEATHER WAS RECORDED YESTERDAY.
  NO SIGNIFICANT WEATHER WAS OBSERVED.


RELATIVE HUMIDITY (PERCENT)
 HIGHEST    MM
 LOWEST     MM
 AVERAGE    MM

..........................................................


THE KAHULUI HI CLIMATE NORMALS FOR TODAY
                         NORMAL    RECORD    YEAR
 MAXIMUM TEMPERATURE (F)   82        90      1952
 MINIMUM TEMPERATURE (F)   65        53      1954


SUNRISE AND SUNSET
MARCH 24 2019.........SUNRISE   626 AM HST   SUNSET   638 PM HST
MARCH 25 2019.........SUNRISE   625 AM HST   SUNSET   638 PM HST


-  INDICATES NEGATIVE NUMBERS.
R  INDICATES RECORD WAS SET OR TIED.
MM INDICATES DATA IS MISSING.
T  INDICATES TRACE AMOUNT.




$$
