000
CDUS43 KEAX 230648
CLIOJC


CLIMATE REPORT
NATIONAL WEATHER SERVICE KANSAS CITY/PLEASANT HILL MO
147 AM CDT THU MAY 23 2019


...................................

...THE JOHNSON COUNTY EXECUTIVE KS CLIMATE SUMMARY FOR MAY 22 2019...

CLIMATE NORMAL PERIOD 1981 TO 2010
CLIMATE RECORD PERIOD 9999 TO 9999


WEATHER ITEM   OBSERVED TIME   NORMAL DEPARTURE LAST
                VALUE   (LST)  VALUE  FROM      YEAR
                                      NORMAL
......................................................
TEMPERATURE (F)
 YESTERDAY
  MAXIMUM         73    218 PM  76     -3       83
  MINIMUM         54    535 AM  57     -3       57
  AVERAGE         64            67     -3       70

PRECIPITATION (IN)
  YESTERDAY        0.27          0.18   0.09     0.00
  MONTH TO DATE    7.44          3.93   3.51     1.94
  SINCE MAR 1     16.28         10.55   5.73     6.09
  SINCE JAN 1     18.36         13.24   5.12     7.50

DEGREE DAYS
 HEATING
  YESTERDAY        1             2     -1        0
  MONTH TO DATE  134            81     53        0
  SINCE MAR 1   1146          1019    127     1175
  SINCE JUL 1   5427          4912    515     5063

 COOLING
  YESTERDAY        0             4     -4        5
  MONTH TO DATE   31            44    -13      138
  SINCE MAR 1     43            62    -19      144
  SINCE JAN 1     43            62    -19      144
......................................................


WIND (MPH)
  HIGHEST WIND SPEED    22   HIGHEST WIND DIRECTION    SW (230)
  HIGHEST GUST SPEED    33   HIGHEST GUST DIRECTION    SW (220)
  AVERAGE WIND SPEED     7.8


SKY COVER
  AVERAGE SKY COVER 0.3


WEATHER CONDITIONS
 THE FOLLOWING WEATHER WAS RECORDED YESTERDAY.
  THUNDERSTORM
  HEAVY RAIN
  RAIN
  LIGHT RAIN
  FOG


RELATIVE HUMIDITY (PERCENT)
 HIGHEST   100           800 PM
 LOWEST     53          1200 PM
 AVERAGE    77

..........................................................


THE JOHNSON COUNTY EXECUTIVE KS CLIMATE NORMALS FOR TODAY
                         NORMAL
 MAXIMUM TEMPERATURE (F)   77
 MINIMUM TEMPERATURE (F)   57


SUNRISE AND SUNSET
MAY 23 2019...........SUNRISE   600 AM CDT   SUNSET   831 PM CDT
MAY 24 2019...........SUNRISE   600 AM CDT   SUNSET   832 PM CDT


-  INDICATES NEGATIVE NUMBERS.
R  INDICATES RECORD WAS SET OR TIED.
MM INDICATES DATA IS MISSING.
T  INDICATES TRACE AMOUNT.




$$
