000
CDUS46 KSGX 261219
CLIOKB


CLIMATE REPORT
NATIONAL WEATHER SERVICE SAN DIEGO, CA
519 AM PDT TUE MAR 26 2019


...................................

...THE OCEANSIDE AIRPORT CA CLIMATE SUMMARY FOR MARCH 25 2019...

CLIMATE NORMAL PERIOD 1981 TO 2010
CLIMATE RECORD PERIOD 1999 TO 2019


WEATHER ITEM   OBSERVED TIME   RECORD YEAR NORMAL DEPARTURE LAST
                VALUE   (LST)  VALUE       VALUE  FROM      YEAR
                                                  NORMAL
..................................................................
TEMPERATURE (F)
 YESTERDAY
  MAXIMUM         67   1226 PM  76    2015  66      1       62
  MINIMUM         45    630 AM  38    2016  47     -2       43
                                      2009
  AVERAGE         56                        56      0       53

PRECIPITATION (IN)
  YESTERDAY        0.00          T    2006   0.04  -0.04     0.00
                                      2006
                                      2017
  MONTH TO DATE    1.16                      1.98  -0.82     1.66
  SINCE OCT 1     13.69                     11.58   2.11     4.68
  SINCE JAN 1      9.75                      7.70   2.05     4.64

DEGREE DAYS
 HEATING
  YESTERDAY        9                         9      0       12
  MONTH TO DATE  242                       240      2      220
  SINCE MAR 1    242                       240      2      220
  SINCE JUL 1   1536                      1648   -112     1186

 COOLING
  YESTERDAY        0                         0      0        0
  MONTH TO DATE    0                         0      0        0
  SINCE MAR 1      0                         0      0        0
  SINCE JAN 1      0                         0      0        3
..................................................................


WIND (MPH)
  RESULTANT WIND SPEED   3   RESULTANT WIND DIRECTION   W (270)
  HIGHEST WIND SPEED    15   HIGHEST WIND DIRECTION     W (250)
  HIGHEST GUST SPEED    18   HIGHEST GUST DIRECTION     W (260)
  AVERAGE WIND SPEED     4.4


SKY COVER
  POSSIBLE SUNSHINE  MM
  AVERAGE SKY COVER 0.1


WEATHER CONDITIONS
 THE FOLLOWING WEATHER WAS RECORDED YESTERDAY.
  FOG
  HAZE


RELATIVE HUMIDITY (PERCENT)
 HIGHEST   100          1200 AM
 LOWEST     73          1000 AM
 AVERAGE    87

..........................................................


THE OCEANSIDE AIRPORT CA CLIMATE NORMALS FOR TODAY
                         NORMAL    RECORD    YEAR
 MAXIMUM TEMPERATURE (F)   66        85      2015
 MINIMUM TEMPERATURE (F)   47        41      2018
                                             2002


SUNRISE AND SUNSET
MARCH 26 2019.........SUNRISE   645 AM PDT   SUNSET   705 PM PDT
MARCH 27 2019.........SUNRISE   644 AM PDT   SUNSET   706 PM PDT


-  INDICATES NEGATIVE NUMBERS.
R  INDICATES RECORD WAS SET OR TIED.
MM INDICATES DATA IS MISSING.
T  INDICATES TRACE AMOUNT.




$$
