000
CDUS46 KSGX 232322
CLIOKB


CLIMATE REPORT
NATIONAL WEATHER SERVICE SAN DIEGO, CA
422 PM PDT MON APR 23 2018


...................................

...THE OCEANSIDE AIRPORT CA CLIMATE SUMMARY FOR APRIL 23 2018...
VALID TODAY AS OF 0400 PM LOCAL TIME.

CLIMATE NORMAL PERIOD 1981 TO 2010
CLIMATE RECORD PERIOD 1999 TO 2018


WEATHER ITEM   OBSERVED TIME   RECORD YEAR NORMAL DEPARTURE LAST
                VALUE   (LST)  VALUE       VALUE  FROM      YEAR
                                                  NORMAL
..................................................................
TEMPERATURE (F)
 TODAY
  MAXIMUM         70    111 PM  77    2004  69      1       74
  MINIMUM         57    626 AM  40    2010  50      7       54
  AVERAGE         64                        59      5       64

PRECIPITATION (IN)
  TODAY            0.00          0.04 2006   0.03  -0.03     0.00
  MONTH TO DATE    0.06                      0.79  -0.73     0.02
  SINCE OCT 1      4.74                     12.60  -7.86    13.65
  SINCE JAN 1      4.70                      8.72  -4.02     8.50

DEGREE DAYS
 HEATING
  TODAY            1                         6     -5        1
  MONTH TO DATE  127                       159    -32       99
  SINCE MAR 1    407                       449    -42      312
  SINCE JUL 1   1373                      1857   -484     1327

 COOLING
  TODAY            0                         0      0        0
  MONTH TO DATE    2                         0      2        1
  SINCE MAR 1      2                         1      1        1
  SINCE JAN 1      5                         1      4        1
..................................................................


WIND (MPH)
  RESULTANT WIND SPEED   4   RESULTANT WIND DIRECTION  SW (240)
  HIGHEST WIND SPEED    14   HIGHEST WIND DIRECTION    SW (240)
  HIGHEST GUST SPEED    18   HIGHEST GUST DIRECTION    SW (220)
  AVERAGE WIND SPEED     4.9


SKY COVER
  POSSIBLE SUNSHINE  MM
  AVERAGE SKY COVER 0.6


WEATHER CONDITIONS
 THE FOLLOWING WEATHER WAS RECORDED TODAY.
  FOG
  HAZE


RELATIVE HUMIDITY (PERCENT)
 HIGHEST    93          1200 AM
 LOWEST     63          1000 AM
 AVERAGE    78

..........................................................


THE OCEANSIDE AIRPORT CA CLIMATE NORMALS FOR TOMORROW
                         NORMAL    RECORD    YEAR
 MAXIMUM TEMPERATURE (F)   69        80      2001
 MINIMUM TEMPERATURE (F)   50        43      2006


SUNRISE AND SUNSET
APRIL 23 2018.........SUNRISE   610 AM PDT   SUNSET   726 PM PDT
APRIL 24 2018.........SUNRISE   609 AM PDT   SUNSET   727 PM PDT


-  INDICATES NEGATIVE NUMBERS.
R  INDICATES RECORD WAS SET OR TIED.
MM INDICATES DATA IS MISSING.
T  INDICATES TRACE AMOUNT.




$$
