000
CDUS46 KSGX 230023
CLIOKB


CLIMATE REPORT
NATIONAL WEATHER SERVICE SAN DIEGO, CA
523 PM PDT WED MAY 22 2019


...................................

...THE OCEANSIDE AIRPORT CA CLIMATE SUMMARY FOR MAY 22 2019...
VALID TODAY AS OF 0500 PM LOCAL TIME.

CLIMATE NORMAL PERIOD 1981 TO 2010
CLIMATE RECORD PERIOD 1999 TO 2019


WEATHER ITEM   OBSERVED TIME   RECORD YEAR NORMAL DEPARTURE LAST
                VALUE   (LST)  VALUE       VALUE  FROM      YEAR
                                                  NORMAL
..................................................................
TEMPERATURE (F)
 TODAY
  MAXIMUM         69   1258 PM  73    2005  70     -1       69
  MINIMUM         56    538 AM  42    2002  55      1       55
  AVERAGE         63                        62      1       62

PRECIPITATION (IN)
  TODAY            T             0.57 2006   0.00   0.00     0.00
  MONTH TO DATE    0.64                      0.24   0.40     0.08
  SINCE OCT 1     14.90                     13.02   1.88     4.82
  SINCE JAN 1     10.96                      9.14   1.82     4.78

DEGREE DAYS
 HEATING
  TODAY            2                         3     -1        3
  MONTH TO DATE   85                        86     -1       84
  SINCE MAR 1    525                       572    -47      522
  SINCE JUL 1   1819                      1980   -161     1488

 COOLING
  TODAY            0                         0      0        0
  MONTH TO DATE    3                         0      3        2
  SINCE MAR 1      3                         3      0        4
  SINCE JAN 1      3                         3      0        7
..................................................................


WIND (MPH)
  RESULTANT WIND SPEED  10   RESULTANT WIND DIRECTION   W (260)
  HIGHEST WIND SPEED    17   HIGHEST WIND DIRECTION    SW (240)
  HIGHEST GUST SPEED    35   HIGHEST GUST DIRECTION     E (110)
  AVERAGE WIND SPEED    10.7


SKY COVER
  POSSIBLE SUNSHINE  MM
  AVERAGE SKY COVER 0.7


WEATHER CONDITIONS
 THE FOLLOWING WEATHER WAS RECORDED TODAY.
  LIGHT RAIN


RELATIVE HUMIDITY (PERCENT)
 HIGHEST    86           500 AM
 LOWEST     56          1000 AM
 AVERAGE    71

..........................................................


THE OCEANSIDE AIRPORT CA CLIMATE NORMALS FOR TOMORROW
                         NORMAL    RECORD    YEAR
 MAXIMUM TEMPERATURE (F)   70        73      2017
                                             2006
 MINIMUM TEMPERATURE (F)   55        47      2002


SUNRISE AND SUNSET
MAY 22 2019...........SUNRISE   545 AM PDT   SUNSET   747 PM PDT
MAY 23 2019...........SUNRISE   545 AM PDT   SUNSET   748 PM PDT


-  INDICATES NEGATIVE NUMBERS.
R  INDICATES RECORD WAS SET OR TIED.
MM INDICATES DATA IS MISSING.
T  INDICATES TRACE AMOUNT.




$$
