000
CDUS44 KOUN 222222
CLIOKC

CLIMATE REPORT
NATIONAL WEATHER SERVICE NORMAN OK
522 PM CDT WED MAY 22 2019


...................................

...THE OKLAHOMA CITY CLIMATE SUMMARY FOR MAY 22 2019...
VALID TODAY AS OF 0500 PM LOCAL TIME.

CLIMATE NORMAL PERIOD 1981 TO 2010
CLIMATE RECORD PERIOD 1890 TO 2019


WEATHER ITEM   OBSERVED TIME   RECORD YEAR NORMAL DEPARTURE LAST
                VALUE   (LST)  VALUE       VALUE  FROM      YEAR
                                                  NORMAL
..................................................................
TEMPERATURE (F)
 TODAY
  MAXIMUM         84    358 PM  99    2005  82      2       86
  MINIMUM         54    202 AM  42    2001  62     -8       62
                                      1931
                                      1892
  AVERAGE         69                        72     -3       74

PRECIPITATION (IN)
  TODAY            0.00          2.62 1975   0.16  -0.16     0.00
  MONTH TO DATE    9.96                      3.22   6.74     3.17
  SINCE MAR 1     18.82                      9.35   9.47     6.06
  SINCE JAN 1     21.36                     12.32   9.04     8.89

SNOWFALL (IN)
  TODAY            0.0           0.0    MM   0.0    0.0      0.0
  MONTH TO DATE    0.0                       0.0    0.0      0.0
  SINCE MAR 1      T                         0.9   -0.9       T
  SINCE JUL 1      5.8                       7.6   -1.8      0.4

DEGREE DAYS
 HEATING
  TODAY            0                         1     -1        0
  MONTH TO DATE   55                        30     25        0
  SINCE MAR 1    752                       612    140      690
  SINCE JUL 1   3907                      3362    545     3559

 COOLING
  TODAY            4                         7     -3        9
  MONTH TO DATE   55                       109    -54      178
  SINCE MAR 1     85                       174    -89      208
  SINCE JAN 1     85                       175    -90      212
..................................................................


WIND (MPH)
  HIGHEST WIND SPEED    22   HIGHEST WIND DIRECTION     S (190)
  HIGHEST GUST SPEED    28   HIGHEST GUST DIRECTION     S (180)
  AVERAGE WIND SPEED     9.2


SKY COVER
  AVERAGE SKY COVER 0.7


WEATHER CONDITIONS
 THE FOLLOWING WEATHER WAS RECORDED TODAY.
  NO SIGNIFICANT WEATHER WAS OBSERVED.


RELATIVE HUMIDITY (PERCENT)
 HIGHEST    83           200 AM
 LOWEST     60          1200 AM
 AVERAGE    72

..........................................................


THE OKLAHOMA CITY CLIMATE NORMALS FOR TOMORROW
                         NORMAL    RECORD    YEAR
 MAXIMUM TEMPERATURE (F)   82       100      2000
 MINIMUM TEMPERATURE (F)   62        42      1892


SUNRISE AND SUNSET
MAY 22 2019...........SUNRISE   621 AM CDT   SUNSET   833 PM CDT
MAY 23 2019...........SUNRISE   621 AM CDT   SUNSET   834 PM CDT


-  INDICATES NEGATIVE NUMBERS.
R  INDICATES RECORD WAS SET OR TIED.
MM INDICATES DATA IS MISSING.
T  INDICATES TRACE AMOUNT.




$$
