000
CDUS44 KOUN 190636
CLIOKC

CLIMATE REPORT
NATIONAL WEATHER SERVICE NORMAN OK
134 AM CDT THU APR 19 2018


...................................

...THE OKLAHOMA CITY CLIMATE SUMMARY FOR APRIL 18 2018...

CLIMATE NORMAL PERIOD 1981 TO 2010
CLIMATE RECORD PERIOD 1890 TO 2018


WEATHER ITEM   OBSERVED TIME   RECORD YEAR NORMAL DEPARTURE LAST
                VALUE   (LST)  VALUE       VALUE  FROM      YEAR
                                                  NORMAL
..................................................................
TEMPERATURE (F)
 YESTERDAY
  MAXIMUM         74   1213 AM  96    1925  73      1       79
  MINIMUM         51   1159 PM  30    1953  50      1       52
  AVERAGE         63                        62      1       66

PRECIPITATION (IN)
  YESTERDAY        0.00          2.97 1942   0.10  -0.10     0.00
  MONTH TO DATE    0.06                      1.63  -1.57     2.06
  SINCE MAR 1      0.67                      4.69  -4.02     4.66
  SINCE JAN 1      3.50                      7.66  -4.16     9.35

SNOWFALL (IN)
  YESTERDAY        0.0           0.0    MM   0.0    0.0      0.0
  MONTH TO DATE    T                         0.0    0.0      0.0
  SINCE MAR 1      T                         0.9   -0.9      0.0
  SINCE JUL 1      0.4                       7.6   -7.2      2.1
  SNOW DEPTH       0

DEGREE DAYS
 HEATING
  YESTERDAY        2                         5     -3        0
  MONTH TO DATE  247                       128    119       58
  SINCE MAR 1    602                       537     65      342
  SINCE JUL 1   3471                      3287    184     2562

 COOLING
  YESTERDAY        0                         2     -2        1
  MONTH TO DATE   20                        24     -4       29
  SINCE MAR 1     26                        36    -10       77
  SINCE JAN 1     30                        37     -7       86
..................................................................


WIND (MPH)
  HIGHEST WIND SPEED    32   HIGHEST WIND DIRECTION    NW (330)
  HIGHEST GUST SPEED    40   HIGHEST GUST DIRECTION     N (340)
  AVERAGE WIND SPEED    19.2


SKY COVER
  AVERAGE SKY COVER 0.2


WEATHER CONDITIONS
 THE FOLLOWING WEATHER WAS RECORDED YESTERDAY.
  SMOKE/HAZE


RELATIVE HUMIDITY (PERCENT)
 HIGHEST    50           700 AM
 LOWEST     16           500 PM
 AVERAGE    33

..........................................................


THE OKLAHOMA CITY CLIMATE NORMALS FOR TODAY
                         NORMAL    RECORD    YEAR
 MAXIMUM TEMPERATURE (F)   73        94      1987
 MINIMUM TEMPERATURE (F)   51        33      2013


SUNRISE AND SUNSET
APRIL 19 2018.........SUNRISE   653 AM CDT   SUNSET   807 PM CDT
APRIL 20 2018.........SUNRISE   652 AM CDT   SUNSET   808 PM CDT


-  INDICATES NEGATIVE NUMBERS.
R  INDICATES RECORD WAS SET OR TIED.
MM INDICATES DATA IS MISSING.
T  INDICATES TRACE AMOUNT.




$$
