728
CDUS44 KOUN 250634
CLIOKC

CLIMATE REPORT
NATIONAL WEATHER SERVICE NORMAN OK
134 AM CDT MON MAR 25 2019

...................................

...THE OKLAHOMA CITY CLIMATE SUMMARY FOR MARCH 24 2019...

CLIMATE NORMAL PERIOD 1981 TO 2010
CLIMATE RECORD PERIOD 1890 TO 2019


WEATHER ITEM   OBSERVED TIME   RECORD YEAR NORMAL DEPARTURE LAST
                VALUE   (LST)  VALUE       VALUE  FROM      YEAR
                                                  NORMAL
..................................................................
TEMPERATURE (F)
 YESTERDAY
  MAXIMUM         65    358 PM  91    1929  66     -1       72
  MINIMUM         50   1139 PM  23    2006  43      7       54
                                      1965
  AVERAGE         58                        54      4       63

PRECIPITATION (IN)
  YESTERDAY        0.00          1.82 1920   0.10  -0.10     0.00
  MONTH TO DATE    2.33                      2.33   0.00      T
  SINCE MAR 1      2.33                      2.33   0.00      T
  SINCE JAN 1      4.87                      5.30  -0.43     2.83

SNOWFALL (IN)
  YESTERDAY        0.0           0.2  1912   0.0    0.0      0.0
  MONTH TO DATE    T                         0.8   -0.8      0.0
  SINCE MAR 1      T                         0.8   -0.8      0.0
  SINCE JUL 1      5.8                       7.5   -1.7      0.4
  SNOW DEPTH       0

DEGREE DAYS
 HEATING
  YESTERDAY        7                        11     -4        2
  MONTH TO DATE  465                       339    126      287
  SINCE MAR 1    465                       339    126      287
  SINCE JUL 1   3620                      3089    531     3156

 COOLING
  YESTERDAY        0                         1     -1        0
  MONTH TO DATE    0                         3     -3        3
  SINCE MAR 1      0                         3     -3        3
  SINCE JAN 1      0                         4     -4        7
..................................................................


WIND (MPH)
  HIGHEST WIND SPEED    15   HIGHEST WIND DIRECTION     N (340)
  HIGHEST GUST SPEED    19   HIGHEST GUST DIRECTION    NW (330)
  AVERAGE WIND SPEED     9.1


SKY COVER
  AVERAGE SKY COVER 0.6


WEATHER CONDITIONS
 THE FOLLOWING WEATHER WAS RECORDED YESTERDAY.
  FOG
  HAZE


RELATIVE HUMIDITY (PERCENT)
 HIGHEST   100          1200 AM
 LOWEST     52           400 PM
 AVERAGE    76

..........................................................


THE OKLAHOMA CITY CLIMATE NORMALS FOR TODAY
                         NORMAL    RECORD    YEAR
 MAXIMUM TEMPERATURE (F)   66        88      1976
                                             1908
 MINIMUM TEMPERATURE (F)   43        18      1955


SUNRISE AND SUNSET
MARCH 25 2019.........SUNRISE   727 AM CDT   SUNSET   746 PM CDT
MARCH 26 2019.........SUNRISE   726 AM CDT   SUNSET   747 PM CDT


-  INDICATES NEGATIVE NUMBERS.
R  INDICATES RECORD WAS SET OR TIED.
MM INDICATES DATA IS MISSING.
T  INDICATES TRACE AMOUNT.




$$
