000
CDUS45 KGGW 230746
CLIOLF


CLIMATE REPORT
NATIONAL WEATHER SERVICE GLASGOW MT
146 AM MDT THU MAY 23 2019


...................................

...THE WOLF POINT MT CLIMATE SUMMARY FOR MAY 22 2019...

CLIMATE NORMAL PERIOD 1981 TO 2010
CLIMATE RECORD PERIOD 9999 TO 9999


WEATHER ITEM   OBSERVED RECORD YEAR NORMAL DEPARTURE
                VALUE   VALUE       VALUE  FROM
                                           NORMAL
........................................................
TEMPERATURE (F)
 YESTERDAY
  MAXIMUM         71     MM      MM  71
  MINIMUM         40     MM      MM  41
  AVERAGE         56

PRECIPITATION (IN)
  YESTERDAY        0.00  MM      MM   0.06  -0.06
  MONTH TO DATE    1.27               1.03   0.24
  SINCE OCT 1      4.80               4.45   0.35
  SINCE JAN 1      2.72               2.95  -0.23

SNOWFALL (IN)
  YESTERDAY        0.0   MM      MM  MM
  MONTH TO DATE    0.0               MM
  SINCE MAR 1      0.0               MM
  SINCE JUL 1      0.0               MM

DEGREE DAYS
 HEATING
  YESTERDAY        9

 COOLING
  YESTERDAY        0
........................................................







THE WOLF POINT MT CLIMATE NORMALS FOR TODAY
                         NORMAL    RECORD    YEAR
 MAXIMUM TEMPERATURE (F)   71        MM        MM
 MINIMUM TEMPERATURE (F)   42        MM        MM


SUNRISE AND SUNSET
MAY 23 2019...........SUNRISE   514 AM MDT   SUNSET   845 PM MDT
MAY 24 2019...........SUNRISE   513 AM MDT   SUNSET   846 PM MDT


-  INDICATES NEGATIVE NUMBERS.
R  INDICATES RECORD WAS SET OR TIED.
MM INDICATES DATA IS MISSING.
T  INDICATES TRACE AMOUNT.




$$
