000
CDUS46 KSEW 190839
CLIOLM


CLIMATE REPORT
NATIONAL WEATHER SERVICE SEATTLE WA
139 AM PDT TUE MAR 19 2019


...................................

...THE OLYMPIA WA AIRPORT CLIMATE SUMMARY FOR MARCH 18 2019...

CLIMATE NORMAL PERIOD 1981 TO 2010
CLIMATE RECORD PERIOD 1941 TO 2019


WEATHER ITEM   OBSERVED TIME   RECORD YEAR NORMAL DEPARTURE LAST
                VALUE   (LST)  VALUE       VALUE  FROM      YEAR
                                                  NORMAL
..................................................................
TEMPERATURE (F)
 YESTERDAY
  MAXIMUM         74R   356 PM  72    1956  54     20       53
  MINIMUM         29    633 AM  19    1965  35     -6       30
  AVERAGE         52                        45      7       42

PRECIPITATION (IN)
  YESTERDAY        0.00          1.90 1997   0.17  -0.17     0.00
  MONTH TO DATE    0.86                      3.19  -2.33     0.77
  SINCE OCT 1     28.63                     36.99  -8.36    40.03
  SINCE JAN 1     10.90                     16.30  -5.40    14.27

DEGREE DAYS
 HEATING
  YESTERDAY       13                        20     -7       23
  MONTH TO DATE  462                       384     78      414
  SINCE MAR 1    462                       384     78      414
  SINCE JUL 1   4189                      4106     83     3984

 COOLING
  YESTERDAY        0                         0      0        0
  MONTH TO DATE    0                         0      0        0
  SINCE MAR 1      0                         0      0        0
  SINCE JAN 1      0                         0      0        0
..................................................................


WIND (MPH)
  RESULTANT WIND SPEED   3   RESULTANT WIND DIRECTION  NE (30)
  HIGHEST WIND SPEED    15   HIGHEST WIND DIRECTION    NE (30)
  HIGHEST GUST SPEED    20   HIGHEST GUST DIRECTION    NE (30)
  AVERAGE WIND SPEED     4.2


SKY COVER
  AVERAGE SKY COVER 0.0


WEATHER CONDITIONS
 THE FOLLOWING WEATHER WAS RECORDED YESTERDAY.
  FOG


RELATIVE HUMIDITY (PERCENT)
 HIGHEST    96           300 AM
 LOWEST     20           400 PM
 AVERAGE    58

..........................................................


THE OLYMPIA WA AIRPORT CLIMATE NORMALS FOR TODAY
                         NORMAL    RECORD    YEAR
 MAXIMUM TEMPERATURE (F)   55        66      1988
                                             1951
 MINIMUM TEMPERATURE (F)   36        18      1965


SUNRISE AND SUNSET
MARCH 19 2019.........SUNRISE   717 AM PDT   SUNSET   723 PM PDT
MARCH 20 2019.........SUNRISE   715 AM PDT   SUNSET   724 PM PDT


-  INDICATES NEGATIVE NUMBERS.
R  INDICATES RECORD WAS SET OR TIED.
MM INDICATES DATA IS MISSING.
T  INDICATES TRACE AMOUNT.




$$
