000
CDUS46 KSEW 270127 CCA
CLIOLM

CLIMATE REPORT...CORRECTED
NATIONAL WEATHER SERVICE SEATTLE WA
626 PM PDT THU APR 26 2018


...................................

...THE OLYMPIA WA AIRPORT CLIMATE SUMMARY FOR APRIL 26 2018...
VALID TODAY AS OF 0500 PM LOCAL TIME.

CLIMATE NORMAL PERIOD 1981 TO 2010
CLIMATE RECORD PERIOD 1948 TO 2018


WEATHER ITEM   OBSERVED TIME   RECORD YEAR NORMAL DEPARTURE LAST
                VALUE   (LST)  VALUE       VALUE  FROM      YEAR
                                                  NORMAL
..................................................................
TEMPERATURE (F)
 TODAY
  MAXIMUM         83    447 PM  85    1947  61     22       58
  MINIMUM         39    536 AM  27    2008  39      0       42
                                      1984
                                      1976
  AVERAGE         61                        50     11       50

PRECIPITATION (IN)
  TODAY            0.00          0.69 1985   0.10  -0.10     0.07
  MONTH TO DATE    7.01                      3.18   3.83     5.14
  SINCE OCT 1     48.86                     42.27   6.59    57.58
  SINCE JAN 1     23.10                     21.58   1.52    29.48

DEGREE DAYS
 HEATING
  TODAY            4                        15    -11       15
  MONTH TO DATE  425                       442    -17      443
  SINCE MAR 1   1113                      1078     35     1078
  SINCE JUL 1   4683                      4800   -117     4806

 COOLING
  TODAY            0                         0      0        0
  MONTH TO DATE    0                         0      0        0
  SINCE MAR 1      0                         0      0        0
  SINCE JAN 1      0                         0      0        0
..................................................................


WIND (MPH)
  RESULTANT WIND SPEED   3   RESULTANT WIND DIRECTION   N (20)
  HIGHEST WIND SPEED    13   HIGHEST WIND DIRECTION    NE (30)
  HIGHEST GUST SPEED    15   HIGHEST GUST DIRECTION    NE (30)
  AVERAGE WIND SPEED     3.9


SKY COVER
  AVERAGE SKY COVER 0.0


WEATHER CONDITIONS
 THE FOLLOWING WEATHER WAS RECORDED TODAY.
  NO SIGNIFICANT WEATHER WAS OBSERVED.


RELATIVE HUMIDITY (PERCENT)
 HIGHEST    89           200 AM
 LOWEST     24           300 PM
 AVERAGE    57

..........................................................


THE OLYMPIA WA AIRPORT CLIMATE NORMALS FOR TOMORROW
                         NORMAL    RECORD    YEAR
 MAXIMUM TEMPERATURE (F)   61        87      1987
 MINIMUM TEMPERATURE (F)   39        26      1954


SUNRISE AND SUNSET
APRIL 26 2018.........SUNRISE   604 AM PDT   SUNSET   815 PM PDT
APRIL 27 2018.........SUNRISE   602 AM PDT   SUNSET   817 PM PDT


-  INDICATES NEGATIVE NUMBERS.
R  INDICATES RECORD WAS SET OR TIED.
MM INDICATES DATA IS MISSING.
T  INDICATES TRACE AMOUNT.




$$
