000
CDUS43 KOAX 192139
CLIOMA


CLIMATE REPORT
NATIONAL WEATHER SERVICE OMAHA NEBRASKA
437 PM CDT SUN MAY 19 2019


...................................

...THE OMAHA NE CLIMATE SUMMARY FOR MAY 19 2019...
VALID TODAY AS OF 0400 PM LOCAL TIME.

CLIMATE NORMAL PERIOD 1981 TO 2010
CLIMATE RECORD PERIOD 1871 TO 2019


WEATHER ITEM   OBSERVED TIME   RECORD YEAR NORMAL DEPARTURE LAST
                VALUE   (LST)  VALUE       VALUE  FROM      YEAR
                                                  NORMAL
..................................................................
TEMPERATURE (F)
 TODAY
  MAXIMUM         60   1243 AM  94    1934  75    -15       69
  MINIMUM         55    900 AM  36    2002  52      3       58
  AVERAGE         58                        63     -5       64

PRECIPITATION (IN)
  TODAY            T             1.72 1882   0.17  -0.17     0.01
  MONTH TO DATE    2.75                      2.86  -0.11     0.97
  SINCE MAR 1      6.78                      7.81  -1.03     4.06
  SINCE JAN 1      9.65                      9.38   0.27     5.80

SNOWFALL (IN)
  TODAY            0.0                       0.0    0.0      0.0
  MONTH TO DATE    0.0                       0.1   -0.1      0.0
  SINCE MAR 1      2.9                       5.3   -2.4      2.4
  SINCE JUL 1     52.7                      26.5   26.2     17.0
  SNOW DEPTH       0

DEGREE DAYS
 HEATING
  TODAY            7                         4      3        1
  MONTH TO DATE  128                       114     14       26
  SINCE MAR 1   1341                      1318     23     1386
  SINCE JUL 1   6404                      6116    288     6033

 COOLING
  TODAY            0                         2     -2        0
  MONTH TO DATE   52                        27     25       58
  SINCE MAR 1     61                        43     18       67
  SINCE JAN 1     61                        43     18       67
..................................................................


WIND (MPH)
  HIGHEST WIND SPEED    25   HIGHEST WIND DIRECTION    NW (310)
  HIGHEST GUST SPEED    34   HIGHEST GUST DIRECTION    NW (320)
  AVERAGE WIND SPEED    15.3


SKY COVER
  POSSIBLE SUNSHINE  MM
  AVERAGE SKY COVER 1.0


WEATHER CONDITIONS
 THE FOLLOWING WEATHER WAS RECORDED TODAY.
  LIGHT RAIN


RELATIVE HUMIDITY (PERCENT)
 HIGHEST    86           300 AM
 LOWEST     57           200 PM
 AVERAGE    72

..........................................................


THE OMAHA NE CLIMATE NORMALS FOR TOMORROW
                         NORMAL    RECORD    YEAR
 MAXIMUM TEMPERATURE (F)   75        97      1925
 MINIMUM TEMPERATURE (F)   52        37      2002
                                             1931


SUNRISE AND SUNSET
MAY 19 2019...........SUNRISE   602 AM CDT   SUNSET   839 PM CDT
MAY 20 2019...........SUNRISE   601 AM CDT   SUNSET   840 PM CDT


-  INDICATES NEGATIVE NUMBERS.
R  INDICATES RECORD WAS SET OR TIED.
MM INDICATES DATA IS MISSING.
T  INDICATES TRACE AMOUNT.




$$
