865
CDUS43 KOAX 210709 RRB
CLIOMA

CLIMATE REPORT
NATIONAL WEATHER SERVICE OMAHA NEBRASKA
140 AM CDT WED MAR 20 2019


...................................

...THE OMAHA NE CLIMATE SUMMARY FOR MARCH 20 2019...

CLIMATE NORMAL PERIOD 1981 TO 2010
CLIMATE RECORD PERIOD 1871 TO 2019


WEATHER ITEM   OBSERVED TIME   RECORD YEAR NORMAL DEPARTURE LAST
                VALUE   (LST)  VALUE       VALUE  FROM      YEAR
                                                  NORMAL
..................................................................
TEMPERATURE (F)
 YESTERDAY
  MAXIMUM         60    334 PM  78    1934  53      7        40
  MINIMUM         34    443 AM  -4    1876  30      4        33
  AVERAGE         47                        41      6        37

PRECIPITATION (IN)
  YESTERDAY        0.00         0.72  1912   0.08  -0.08    0.11
  MONTH TO DATE    2.28                      1.13   1.15    1.61
  SINCE MAR 1      2.28                      1.13   1.15    1.61
  SINCE JAN 1      5.15                      2.70   2.45    3.35

SNOWFALL (IN)
  YESTERDAY        0.0           7.7  1912   0.2   -0.2       T
  MONTH TO DATE    2.9                       3.1    0.2      0.9
  SINCE MAR 1      2.9                       3.1    0.2      0.9
  SINCE JUL 1     52.7                        MM     MM     15.5
  SNOW DEPTH       0

DEGREE DAYS
 HEATING
  YESTERDAY        M                        24      M       22
  MONTH TO DATE   MM                       532     MM      490
  SINCE MAR 1     MM                       532     MM      490
  SINCE JUL 1     MM                      5330     MM     5137

 COOLING
  YESTERDAY        0                         0      0        0
  MONTH TO DATE    0                         0      0        0
  SINCE MAR 1      0                         0      0        0
  SINCE JAN 1      0                         0      0        0
..................................................................


WIND (MPH)
  HIGHEST WIND SPEED    23   HIGHEST WIND DIRECTION     N (350)
  HIGHEST GUST SPEED    30   HIGHEST GUST DIRECTION     N (350)
  AVERAGE WIND SPEED     M


SKY COVER
  POSSIBLE SUNSHINE  MM
  AVERAGE SKY COVER  MM


WEATHER CONDITIONS
 THE FOLLOWING WEATHER WAS RECORDED YESTERDAY.


RELATIVE HUMIDITY (PERCENT)
 HIGHEST    MM            MM
 LOWEST     MM            MM
 AVERAGE    MM

..........................................................


THE OMAHA NE CLIMATE NORMALS FOR TODAY
                         NORMAL    RECORD    YEAR
 MAXIMUM TEMPERATURE (F)   53        87      1907
 MINIMUM TEMPERATURE (F)   30        1       1976


SUNRISE AND SUNSET
MARCH 20 2019.........SUNRISE   728 AM CDT   SUNSET   736 PM CDT
MARCH 21 2019.........SUNRISE   726 AM CDT   SUNSET   737 PM CDT


-  INDICATES NEGATIVE NUMBERS.
R  INDICATES RECORD WAS SET OR TIED.
MM INDICATES DATA IS MISSING.
T  INDICATES TRACE AMOUNT.




$$
