770
CDAK49 PAFG 190941
CLIOME

CLIMATE REPORT
NATIONAL WEATHER SERVICE FAIRBANKS AK
141 AM AKDT TUE MAR 19 2019


...................................

...THE NOME AK CLIMATE SUMMARY FOR MARCH 18 2019...

CLIMATE NORMAL PERIOD 1981 TO 2010
CLIMATE RECORD PERIOD 1906 TO 2019


WEATHER ITEM   OBSERVED TIME   RECORD YEAR NORMAL DEPARTURE LAST
                VALUE   (LST)  VALUE       VALUE  FROM      YEAR
                                                  NORMAL
..................................................................
TEMPERATURE (F)
 YESTERDAY
  MAXIMUM         14    652 PM  36    1998  18     -4       27
                                      1983
                                      1965
  MINIMUM         -2    151 AM -37    1975   2     -4        8
  AVERAGE          6                        10     -4       18

PRECIPITATION (IN)
  YESTERDAY        0.00          0.41 1993   0.02  -0.02     0.18
  MONTH TO DATE    1.33                      0.40   0.93     1.18
  SINCE MAR 1      1.33                      0.40   0.93     1.18
  SINCE JAN 1      5.16                      2.27   2.89     3.10

SNOWFALL (IN)
  YESTERDAY        0.0           4.1  1993   0.3   -0.3      2.6
  MONTH TO DATE   15.7                       5.6   10.1     18.8
  SINCE MAR 1     15.7                       5.6   10.1     18.8
  SINCE JUL 1    101.7                      62.3   39.4     92.1
  SNOW DEPTH      60

DEGREE DAYS
 HEATING
  YESTERDAY       59                        55      4       47
  MONTH TO DATE  759                       997   -238      933
  SINCE MAR 1    759                       997   -238      933
  SINCE JUL 1   8954                     10276  -1322     9114

 COOLING
  YESTERDAY        0                         0      0        0
  MONTH TO DATE    0                         0      0        0
  SINCE MAR 1      0                         0      0        0
  SINCE JAN 1      0                         0      0        0
..................................................................


WIND (MPH)
  HIGHEST GUST SPEED    16   HIGHEST GUST DIRECTION     N (10)


SKY COVER
  AVERAGE SKY COVER 1.0


WEATHER CONDITIONS
 THE FOLLOWING WEATHER WAS RECORDED YESTERDAY.
  NO SIGNIFICANT WEATHER WAS OBSERVED.


RELATIVE HUMIDITY (PERCENT)
 HIGHEST    95
 LOWEST     76
 AVERAGE    86

..........................................................


THE NOME AK CLIMATE NORMALS FOR TODAY
                         NORMAL    RECORD    YEAR
 MAXIMUM TEMPERATURE (F)   19        36      1998
                                             1983
                                             1965
 MINIMUM TEMPERATURE (F)    2       -38      1975


SUNRISE AND SUNSET
MARCH 19 2019.........SUNRISE   906 AM AKDT  SUNSET   915 PM AKDT
MARCH 20 2019.........SUNRISE   903 AM AKDT  SUNSET   918 PM AKDT

-  INDICATES NEGATIVE NUMBERS.
R  INDICATES RECORD WAS SET OR TIED.
MM INDICATES DATA IS MISSING.
T  INDICATES TRACE AMOUNT.

&&

SNOW DEPTH IS MEASURED AT 3AM AKST/4AM AKDT.

----------------------------
AVAILABLE DAYLIGHT

AMOUNT OF DAYLIGHT TODAY  (HOUR:MIN)........12:09
GAIN/LOSS SINCE YESTERDAY (HOUR:MIN:SEC)....+0:06:38

NOME TIDAL INFORMATION FOR 19 MARCH 2019
0305  +0.9
1002  -0.3
1657  +0.9
2205  +0.4

$$
MAR 19
