669
CDAK49 PAFG 230943
CLIOME

CLIMATE REPORT
NATIONAL WEATHER SERVICE FAIRBANKS AK
143 AM AKDT THU MAY 23 2019


...................................

...THE NOME AK CLIMATE SUMMARY FOR MAY 22 2019...

CLIMATE NORMAL PERIOD 1981 TO 2010
CLIMATE RECORD PERIOD 1906 TO 2019


WEATHER ITEM   OBSERVED TIME   RECORD YEAR NORMAL DEPARTURE LAST
                VALUE   (LST)  VALUE       VALUE  FROM      YEAR
                                                  NORMAL
..................................................................
TEMPERATURE (F)
 YESTERDAY
  MAXIMUM         52    906 PM  72    2002  46      6       45
  MINIMUM         35    501 AM  15    1966  33      2       29
  AVERAGE         44                        40      4       37

PRECIPITATION (IN)
  YESTERDAY        0.00          0.41 1960   0.03  -0.03     0.00
  MONTH TO DATE    1.01                      0.61   0.40     0.34
  SINCE MAR 1      3.16                      2.02   1.14     3.74
  SINCE JAN 1      6.99                      3.89   3.10     5.66

SNOWFALL (IN)
  YESTERDAY        0.0           3.0  1920   0.0    0.0      0.0
  MONTH TO DATE    1.8                       2.0   -0.2      0.4
  SINCE MAR 1     23.5                      18.4    5.1     42.9
  SINCE JUL 1    109.5                      75.1   34.4    116.2
  SNOW DEPTH       0

DEGREE DAYS
 HEATING
  YESTERDAY       21                        25     -4       28
  MONTH TO DATE  568                       662    -94      648
  SINCE MAR 1   3077                      3693   -616     3283
  SINCE JUL 1  11272                     12972  -1700    11464

 COOLING
  YESTERDAY        0                         0      0        0
  MONTH TO DATE    0                         0      0        0
  SINCE MAR 1      0                         0      0        0
  SINCE JAN 1      0                         0      0        0
..................................................................


WIND (MPH)
  HIGHEST GUST SPEED    16   HIGHEST GUST DIRECTION     W (270)


SKY COVER
  AVERAGE SKY COVER 0.4


WEATHER CONDITIONS
 THE FOLLOWING WEATHER WAS RECORDED YESTERDAY.
  NO SIGNIFICANT WEATHER WAS OBSERVED.


RELATIVE HUMIDITY (PERCENT)
 HIGHEST   100
 LOWEST     59
 AVERAGE    80

..........................................................


THE NOME AK CLIMATE NORMALS FOR TODAY
                         NORMAL    RECORD    YEAR
 MAXIMUM TEMPERATURE (F)   47        63      1925
 MINIMUM TEMPERATURE (F)   33        20      2000


SUNRISE AND SUNSET
MAY 23 2019...........SUNRISE   517 AM AKDT  SUNSET  1244 AM AKDT
MAY 24 2019...........SUNRISE   514 AM AKDT  SUNSET  1247 AM AKDT

-  INDICATES NEGATIVE NUMBERS.
R  INDICATES RECORD WAS SET OR TIED.
MM INDICATES DATA IS MISSING.
T  INDICATES TRACE AMOUNT.

&&

SNOW DEPTH IS MEASURED AT 3AM AKST/4AM AKDT.

----------------------------
AVAILABLE DAYLIGHT

AMOUNT OF DAYLIGHT TODAY  (HOUR:MIN)........19:24
GAIN/LOSS SINCE YESTERDAY (HOUR:MIN:SEC)....+0:06:31

NOME TIDAL INFORMATION FOR 23 MAY 2019
0246  -0.3
1033  +1.2
1457  +0.8
1942  +0.9

$$
MAY 19
