305
CDUS46 KOTX 220728
CLIOMK


CLIMATE REPORT
NATIONAL WEATHER SERVICE SPOKANE, WA
1228 AM PDT FRI MAR 22 2019


...................................

...THE OMAK WA AIRPORT CLIMATE SUMMARY FOR MARCH 21 2019...

CLIMATE NORMAL PERIOD 1981 TO 2010
CLIMATE RECORD PERIOD 9999 TO 9999


WEATHER ITEM   OBSERVED TIME   RECORD YEAR NORMAL DEPARTURE LAST
                VALUE   (LST)  VALUE       VALUE  FROM      YEAR
                                                  NORMAL
..................................................................
TEMPERATURE (F)
 YESTERDAY
  MAXIMUM         67        MM  72    1915  55     12       54
                                      1911
  MINIMUM         30        MM  11    1913  32     -2       28
  AVERAGE         49                        44      5       41

PRECIPITATION (IN)
  YESTERDAY        0.00                      0.03  -0.03     0.03
  MONTH TO DATE    0.38                      0.85  -0.47     1.74
  SINCE OCT 1      4.72                      9.04  -4.32     8.81
  SINCE JAN 1      1.62                      4.15  -2.53     5.43

SNOWFALL (IN)
  YESTERDAY       MM

DEGREE DAYS
 HEATING
  YESTERDAY       16                        21     -5       24
  MONTH TO DATE  694                       533    161      538
  SINCE MAR 1    694                       533    161      538
  SINCE JUL 1   5381                      5394    -13     5259

 COOLING
  YESTERDAY        0                         0      0        0
  MONTH TO DATE    0                         0      0        0
  SINCE MAR 1      0                         0      0        0
  SINCE JAN 1      0                         0      0        0
..................................................................


WIND (MPH)
  HIGHEST WIND SPEED    12   HIGHEST WIND DIRECTION     N (360)
  HIGHEST GUST SPEED    MM   HIGHEST GUST DIRECTION    MM
  AVERAGE WIND SPEED     4.8


SKY COVER
  POSSIBLE SUNSHINE   0 PERCENT
  AVERAGE SKY COVER 0.0


WEATHER CONDITIONS
 THE FOLLOWING WEATHER WAS RECORDED YESTERDAY.
  NO SIGNIFICANT WEATHER WAS OBSERVED.


RELATIVE HUMIDITY (PERCENT)
 HIGHEST     0          1200 AM
 LOWEST      0          1200 AM
 AVERAGE     0

..........................................................


THE OMAK WA AIRPORT CLIMATE NORMALS FOR TODAY
                         NORMAL    RECORD    YEAR
 MAXIMUM TEMPERATURE (F)   55        72      1926
 MINIMUM TEMPERATURE (F)   33        18      1924


SUNRISE AND SUNSET
MARCH 22 2019.........SUNRISE   657 AM PDT   SUNSET   714 PM PDT
MARCH 23 2019.........SUNRISE   655 AM PDT   SUNSET   715 PM PDT


-  INDICATES NEGATIVE NUMBERS.
R  INDICATES RECORD WAS SET OR TIED.
MM INDICATES DATA IS MISSING.
T  INDICATES TRACE AMOUNT.




$$
