000
CDUS46 KOTX 260827
CLIOMK


CLIMATE REPORT
NATIONAL WEATHER SERVICE SPOKANE, WA
124 AM PDT SUN MAY 26 2019


...................................

...THE OMAK WA AIRPORT CLIMATE SUMMARY FOR MAY 25 2019...

CLIMATE NORMAL PERIOD 1981 TO 2010
CLIMATE RECORD PERIOD 9999 TO 9999


WEATHER ITEM   OBSERVED TIME   RECORD YEAR NORMAL DEPARTURE LAST
                VALUE   (LST)  VALUE       VALUE  FROM      YEAR
                                                  NORMAL
..................................................................
TEMPERATURE (F)
 YESTERDAY
  MAXIMUM         62    538 PM 101    1928  75    -13       82
  MINIMUM         54   1049 AM  30    1964  47      7       51
  AVERAGE         58                        61     -3       67

PRECIPITATION (IN)
  YESTERDAY        0.57R         0.43 1981   0.03   0.54     0.00
  MONTH TO DATE    2.11                      0.98   1.13     0.44
  SINCE OCT 1      7.71                     11.40  -3.69    12.38
  SINCE JAN 1      4.61                      6.51  -1.90     9.00

DEGREE DAYS
 HEATING
  YESTERDAY        7                         5      2        0
  MONTH TO DATE  119                       207    -88       43
  SINCE MAR 1   1394                      1385      9     1247
  SINCE JUL 1   6081                      6246   -165     5968

 COOLING
  YESTERDAY        0                         1     -1        2
  MONTH TO DATE    9                        15     -6       31
  SINCE MAR 1      9                        16     -7       31
  SINCE JAN 1      9                        16     -7       31
..................................................................


WIND (MPH)
  HIGHEST WIND SPEED    15   HIGHEST WIND DIRECTION     N (350)
  HIGHEST GUST SPEED    20   HIGHEST GUST DIRECTION     N (360)
  AVERAGE WIND SPEED     6.0


SKY COVER
  POSSIBLE SUNSHINE  MM
  AVERAGE SKY COVER 0.8


WEATHER CONDITIONS
 THE FOLLOWING WEATHER WAS RECORDED YESTERDAY.
  RAIN
  LIGHT RAIN
  FOG


RELATIVE HUMIDITY (PERCENT)
 HIGHEST    93           600 AM
 LOWEST     69           400 PM
 AVERAGE    81

..........................................................


THE OMAK WA AIRPORT CLIMATE NORMALS FOR TODAY
                         NORMAL    RECORD    YEAR
 MAXIMUM TEMPERATURE (F)   75        97      1986
 MINIMUM TEMPERATURE (F)   48        29      1967


SUNRISE AND SUNSET
MAY 26 2019...........SUNRISE   506 AM PDT   SUNSET   845 PM PDT
MAY 27 2019...........SUNRISE   505 AM PDT   SUNSET   846 PM PDT


-  INDICATES NEGATIVE NUMBERS.
R  INDICATES RECORD WAS SET OR TIED.
MM INDICATES DATA IS MISSING.
T  INDICATES TRACE AMOUNT.




$$
