000
CDUS45 KBOI 220932
CLIONO


CLIMATE REPORT
NATIONAL WEATHER SERVICE BOISE ID
332 AM MDT WED MAY 22 2019


...................................

...THE ONTARIO OR CLIMATE SUMMARY FOR MAY 21 2019...

CLIMATE NORMAL PERIOD 1981 TO 2010
CLIMATE RECORD PERIOD 1948 TO 2019


WEATHER ITEM   OBSERVED TIME   RECORD YEAR NORMAL DEPARTURE LAST
                VALUE   (LST)  VALUE       VALUE  FROM      YEAR
                                                  NORMAL
..................................................................
TEMPERATURE (F)
 YESTERDAY
  MAXIMUM         66    443 PM  96    1967  76    -10       82
  MINIMUM         48    614 AM  30    1974  46      2       57
  AVERAGE         57                        61     -4       70

PRECIPITATION (IN)
  YESTERDAY        0.28          1.03 1998   0.05   0.23     0.00
  MONTH TO DATE    1.79                      0.85   0.94     0.71
  SINCE OCT 1     11.35                      8.05   3.30     6.30
  SINCE JAN 1      8.90                      4.64   4.26     3.59

DEGREE DAYS
 HEATING
  YESTERDAY        8                         5      3        0
  MONTH TO DATE  102                       165    -63       37
  SINCE MAR 1   1037                      1276   -239     1010
  SINCE JUL 1   4943                      5906   -963     5187

 COOLING
  YESTERDAY        0                         1     -1        5
  MONTH TO DATE   23                        16      7       23
  SINCE MAR 1     23                        17      6       23
  SINCE JAN 1     23                        17      6       23
..................................................................


WIND (MPH)
  HIGHEST WIND SPEED    23   HIGHEST WIND DIRECTION     W (270)
  HIGHEST GUST SPEED    29   HIGHEST GUST DIRECTION     W (270)
  AVERAGE WIND SPEED     7.6


SKY COVER
  AVERAGE SKY COVER 0.6


WEATHER CONDITIONS
 THE FOLLOWING WEATHER WAS RECORDED YESTERDAY.
  HEAVY RAIN
  RAIN
  LIGHT RAIN
  FOG


RELATIVE HUMIDITY (PERCENT)
 HIGHEST    89          1200 AM
 LOWEST     43           400 PM
 AVERAGE    66

..........................................................


THE ONTARIO OR CLIMATE NORMALS FOR TODAY
                         NORMAL    RECORD    YEAR
 MAXIMUM TEMPERATURE (F)   77        95      1967
                                             1956
 MINIMUM TEMPERATURE (F)   46        26      1960


SUNRISE AND SUNSET
MAY 22 2019...........SUNRISE   615 AM MDT   SUNSET   915 PM MDT
MAY 23 2019...........SUNRISE   614 AM MDT   SUNSET   916 PM MDT


-  INDICATES NEGATIVE NUMBERS.
R  INDICATES RECORD WAS SET OR TIED.
MM INDICATES DATA IS MISSING.
T  INDICATES TRACE AMOUNT.




$$
