589
CDUS45 KBOI 190939
CLIONO


CLIMATE REPORT
NATIONAL WEATHER SERVICE BOISE ID
338 AM MDT THU APR 19 2018


...................................

...THE ONTARIO OR CLIMATE SUMMARY FOR APRIL 18 2018...

CLIMATE NORMAL PERIOD 1981 TO 2010
CLIMATE RECORD PERIOD 1948 TO 2018


WEATHER ITEM   OBSERVED TIME   RECORD YEAR NORMAL DEPARTURE LAST
                VALUE   (LST)  VALUE       VALUE  FROM      YEAR
                                                  NORMAL
..................................................................
TEMPERATURE (F)
 YESTERDAY
  MAXIMUM         64    230 PM  88    1962  65     -1       66
  MINIMUM         25R   536 AM  27    1972  36    -11       42
                                      1964
  AVERAGE         45                        51     -6       54

PRECIPITATION (IN)
  YESTERDAY        0.00          0.42 1991   0.03  -0.03     0.12
  MONTH TO DATE    0.55                      0.48   0.07     0.67
  SINCE OCT 1      5.55                      6.88  -1.33    10.43
  SINCE JAN 1      2.84                      3.47  -0.63     7.11

DEGREE DAYS
 HEATING
  YESTERDAY       20                        14      6       11
  MONTH TO DATE  273                       290    -17      276
  SINCE MAR 1    886                       960    -74      828
  SINCE JUL 1   5063                      5590   -527     5702

 COOLING
  YESTERDAY        0                         0      0        0
  MONTH TO DATE    0                         0      0        0
  SINCE MAR 1      0                         0      0        0
  SINCE JAN 1      0                         0      0        0
..................................................................


WIND (MPH)
  HIGHEST WIND SPEED    16   HIGHEST WIND DIRECTION     W (290)
  HIGHEST GUST SPEED    24   HIGHEST GUST DIRECTION     E (100)
  AVERAGE WIND SPEED     5.2


SKY COVER
  AVERAGE SKY COVER 0.4


WEATHER CONDITIONS
 THE FOLLOWING WEATHER WAS RECORDED YESTERDAY.
  NO SIGNIFICANT WEATHER WAS OBSERVED.


RELATIVE HUMIDITY (PERCENT)
 HIGHEST    78           700 AM
 LOWEST     20           300 PM
 AVERAGE    49

..........................................................


THE ONTARIO OR CLIMATE NORMALS FOR TODAY
                         NORMAL    RECORD    YEAR
 MAXIMUM TEMPERATURE (F)   66        88      1962
 MINIMUM TEMPERATURE (F)   36        24      1966


SUNRISE AND SUNSET
APRIL 19 2018.........SUNRISE   658 AM MDT   SUNSET   837 PM MDT
APRIL 20 2018.........SUNRISE   656 AM MDT   SUNSET   838 PM MDT


-  INDICATES NEGATIVE NUMBERS.
R  INDICATES RECORD WAS SET OR TIED.
MM INDICATES DATA IS MISSING.
T  INDICATES TRACE AMOUNT.




$$
