000
CDUS45 KBOI 220932
CLIONO


CLIMATE REPORT
NATIONAL WEATHER SERVICE BOISE ID
332 AM MDT FRI MAR 22 2019


...................................

...THE ONTARIO OR CLIMATE SUMMARY FOR MARCH 21 2019...

CLIMATE NORMAL PERIOD 1981 TO 2010
CLIMATE RECORD PERIOD 1948 TO 2019


WEATHER ITEM   OBSERVED TIME   RECORD YEAR NORMAL DEPARTURE LAST
                VALUE   (LST)  VALUE       VALUE  FROM      YEAR
                                                  NORMAL
..................................................................
TEMPERATURE (F)
 YESTERDAY
  MAXIMUM         67    426 PM  73    1960  59      8       67
  MINIMUM         31    728 AM  17    1974  32     -1       43
                                      1965
  AVERAGE         49                        45      4       55

PRECIPITATION (IN)
  YESTERDAY        0.00          0.68 1980   0.03  -0.03     0.02
  MONTH TO DATE    0.48                      0.70  -0.22     0.70
  SINCE OCT 1      7.43                      6.09   1.34     4.79
  SINCE JAN 1      4.98                      2.68   2.30     2.08

DEGREE DAYS
 HEATING
  YESTERDAY       16                        20     -4       10
  MONTH TO DATE  509                       483     26      442
  SINCE MAR 1    509                       483     26      442
  SINCE JUL 1   4415                      5113   -698     4619

 COOLING
  YESTERDAY        0                         0      0        0
  MONTH TO DATE    0                         0      0        0
  SINCE MAR 1      0                         0      0        0
  SINCE JAN 1      0                         0      0        0
..................................................................


WIND (MPH)
  HIGHEST WIND SPEED    12   HIGHEST WIND DIRECTION     W (260)
  HIGHEST GUST SPEED    14   HIGHEST GUST DIRECTION     S (190)
  AVERAGE WIND SPEED     3.0


SKY COVER
  AVERAGE SKY COVER 0.1


WEATHER CONDITIONS
 THE FOLLOWING WEATHER WAS RECORDED YESTERDAY.
  NO SIGNIFICANT WEATHER WAS OBSERVED.


RELATIVE HUMIDITY (PERCENT)
 HIGHEST    75           800 AM
 LOWEST     19           400 PM
 AVERAGE    47

..........................................................


THE ONTARIO OR CLIMATE NORMALS FOR TODAY
                         NORMAL    RECORD    YEAR
 MAXIMUM TEMPERATURE (F)   59        75      1960
 MINIMUM TEMPERATURE (F)   32        18      1966


SUNRISE AND SUNSET
MARCH 22 2019.........SUNRISE   748 AM MDT   SUNSET   803 PM MDT
MARCH 23 2019.........SUNRISE   746 AM MDT   SUNSET   804 PM MDT


-  INDICATES NEGATIVE NUMBERS.
R  INDICATES RECORD WAS SET OR TIED.
MM INDICATES DATA IS MISSING.
T  INDICATES TRACE AMOUNT.




$$
