000
CDUS46 KSGX 251220
CLIONT


CLIMATE REPORT
NATIONAL WEATHER SERVICE SAN DIEGO, CA
519 AM PDT MON MAR 25 2019


...................................

...THE ONTARIO INTL AIRPORT CA CLIMATE SUMMARY FOR MARCH 24 2019...

CLIMATE NORMAL PERIOD 1981 TO 2010
CLIMATE RECORD PERIOD 1998 TO 2019


WEATHER ITEM   OBSERVED TIME   RECORD YEAR NORMAL DEPARTURE LAST
                VALUE   (LST)  VALUE       VALUE  FROM      YEAR
                                                  NORMAL
..................................................................
TEMPERATURE (F)
 YESTERDAY
  MAXIMUM         75    359 PM  86    2008  71      4       64
  MINIMUM         52    624 AM  42    2009  48      4       50
  AVERAGE         64                        59      5       57

PRECIPITATION (IN)
  YESTERDAY        0.00          0.36 2011   0.05  -0.05     0.00
  MONTH TO DATE    2.30                      2.02   0.28     1.47
  SINCE OCT 1     15.15                     12.89   2.26     3.73
  SINCE JAN 1     10.84                      8.72   2.12     3.73

DEGREE DAYS
 HEATING
  YESTERDAY        1                         6     -5        8
  MONTH TO DATE  110                       171    -61      165
  SINCE MAR 1    110                       171    -61      165
  SINCE JUL 1   1145                      1328   -183      729

 COOLING
  YESTERDAY        0                         0      0        0
  MONTH TO DATE   21                         6     15        0
  SINCE MAR 1     21                         6     15        0
  SINCE JAN 1     21                        12      9       30
..................................................................


WIND (MPH)
  RESULTANT WIND SPEED   3   RESULTANT WIND DIRECTION   W (250)
  HIGHEST WIND SPEED    12   HIGHEST WIND DIRECTION     W (270)
  HIGHEST GUST SPEED    15   HIGHEST GUST DIRECTION     W (290)
  AVERAGE WIND SPEED     4.1


SKY COVER
  POSSIBLE SUNSHINE  MM
  AVERAGE SKY COVER 0.3


WEATHER CONDITIONS
 THE FOLLOWING WEATHER WAS RECORDED YESTERDAY.
  NO SIGNIFICANT WEATHER WAS OBSERVED.


RELATIVE HUMIDITY (PERCENT)
 HIGHEST    93           700 AM
 LOWEST     33           300 PM
 AVERAGE    63

..........................................................


THE ONTARIO INTL AIRPORT CA CLIMATE NORMALS FOR TODAY
                         NORMAL    RECORD    YEAR
 MAXIMUM TEMPERATURE (F)   71        88      2015
 MINIMUM TEMPERATURE (F)   48        41      2002


SUNRISE AND SUNSET
MARCH 25 2019.........SUNRISE   648 AM PDT   SUNSET   706 PM PDT
MARCH 26 2019.........SUNRISE   646 AM PDT   SUNSET   707 PM PDT


-  INDICATES NEGATIVE NUMBERS.
R  INDICATES RECORD WAS SET OR TIED.
MM INDICATES DATA IS MISSING.
T  INDICATES TRACE AMOUNT.




$$
