216
CDUS41 KAKQ 220531
CLIORF


CLIMATE REPORT
NATIONAL WEATHER SERVICE WAKEFIELD, VA
131 AM EDT FRI MAR 22 2019


...................................

...THE NORFOLK VA CLIMATE SUMMARY FOR MARCH 21 2019...

CLIMATE NORMAL PERIOD 1981 TO 2010
CLIMATE RECORD PERIOD 1871 TO 2019


WEATHER ITEM   OBSERVED TIME   RECORD YEAR NORMAL DEPARTURE LAST
                VALUE   (LST)  VALUE       VALUE  FROM      YEAR
                                                  NORMAL
..................................................................
TEMPERATURE (F)
 YESTERDAY
  MAXIMUM         65    225 PM  87    1948  60      5       41
  MINIMUM         48   1110 PM  20    1885  42      6       36
  AVERAGE         57                        51      6       39

PRECIPITATION (IN)
  YESTERDAY        0.44          1.48 1973   0.11   0.33     0.25
  MONTH TO DATE    1.95                      2.49  -0.54     3.80
  SINCE MAR 1      1.95                      2.49  -0.54     3.80
  SINCE JAN 1     10.45                      9.01   1.44     9.04

SNOWFALL (IN)
  YESTERDAY        0.0           3.0  1908   0.0    0.0
  MONTH TO DATE    0.0                       0.2   -0.2
  SINCE NOV 1      0.1                       5.8   -5.7
  SINCE JUL 1      0.1                       5.8   -5.7
  SNOW DEPTH       0

DEGREE DAYS
 HEATING
  YESTERDAY        8                        15     -7       26
  MONTH TO DATE  362                       364     -2      439
  SINCE MAR 1    362                       364     -2      439
  SINCE JUL 1   2567                      2933   -366     2793

 COOLING
  YESTERDAY        0                         0      0        0
  MONTH TO DATE    7                         0      7        0
  SINCE MAR 1      7                         0      7        0
  SINCE JAN 1      7                         1      6       15
..................................................................


WIND (MPH)
  HIGHEST WIND SPEED    26   HIGHEST WIND DIRECTION    SE (130)
  HIGHEST GUST SPEED    35   HIGHEST GUST DIRECTION    SE (140)
  AVERAGE WIND SPEED    12.6


SKY COVER
  POSSIBLE SUNSHINE  MM
  AVERAGE SKY COVER 0.9


WEATHER CONDITIONS
 THE FOLLOWING WEATHER WAS RECORDED YESTERDAY.
  RAIN
  LIGHT RAIN
  FOG


RELATIVE HUMIDITY (PERCENT)
 HIGHEST   100          1200 AM
 LOWEST     65          1200 PM
 AVERAGE    83

..........................................................


THE NORFOLK VA CLIMATE NORMALS FOR TODAY
                         NORMAL    RECORD    YEAR
 MAXIMUM TEMPERATURE (F)   60        88      1894
 MINIMUM TEMPERATURE (F)   42        24      1885


SUNRISE AND SUNSET
MARCH 22 2019.........SUNRISE   706 AM EDT   SUNSET   718 PM EDT
MARCH 23 2019.........SUNRISE   704 AM EDT   SUNSET   719 PM EDT


-  INDICATES NEGATIVE NUMBERS.
R  INDICATES RECORD WAS SET OR TIED.
MM INDICATES DATA IS MISSING.
T  INDICATES TRACE AMOUNT.




$$
