000
CDUS41 KAKQ 270534
CLIORF


CLIMATE REPORT
NATIONAL WEATHER SERVICE WAKEFIELD, VA
133 AM EDT MON MAY 27 2019


...................................

...THE NORFOLK VA CLIMATE SUMMARY FOR MAY 26 2019...

CLIMATE NORMAL PERIOD 1981 TO 2010
CLIMATE RECORD PERIOD 1871 TO 2019


WEATHER ITEM   OBSERVED TIME   RECORD YEAR NORMAL DEPARTURE LAST
                VALUE   (LST)  VALUE       VALUE  FROM      YEAR
                                                  NORMAL
..................................................................
TEMPERATURE (F)
 YESTERDAY
  MAXIMUM         92    420 PM  98    1880  78     14       89
  MINIMUM         73    359 AM  47    1967  61     12       71
  AVERAGE         83                        69     14       80

PRECIPITATION (IN)
  YESTERDAY        0.01          2.31 1961   0.12  -0.11      T
  MONTH TO DATE    2.16                      2.79  -0.63     5.39
  SINCE MAR 1      7.83                      9.88  -2.05    12.68
  SINCE JAN 1     16.33                     16.40  -0.07    17.92

SNOWFALL (IN)
  YESTERDAY        0.0           0.0  2002   0.0    0.0
                                      2001
  MONTH TO DATE    0.0                       0.0    0.0
  SINCE NOV 1      0.1                       5.8   -5.7
  SINCE JUL 1      0.1                       5.8   -5.7
  SNOW DEPTH       0

DEGREE DAYS
 HEATING
  YESTERDAY        0                         1     -1        0
  MONTH TO DATE    9                        66    -57       15
  SINCE MAR 1    601                       797   -196      835
  SINCE JUL 1   2806                      3366   -560     3189

 COOLING
  YESTERDAY       18                         6     12       15
  MONTH TO DATE  208                        91    117      222
  SINCE MAR 1    299                       134    165      256
  SINCE JAN 1    299                       135    164      271
..................................................................


WIND (MPH)
  HIGHEST WIND SPEED    21   HIGHEST WIND DIRECTION    SW (210)
  HIGHEST GUST SPEED    26   HIGHEST GUST DIRECTION     S (200)
  AVERAGE WIND SPEED     9.8


SKY COVER
  POSSIBLE SUNSHINE  MM
  AVERAGE SKY COVER 0.1


WEATHER CONDITIONS
 THE FOLLOWING WEATHER WAS RECORDED YESTERDAY.
  LIGHT RAIN
  HAZE


RELATIVE HUMIDITY (PERCENT)
 HIGHEST    82           600 AM
 LOWEST     41           400 PM
 AVERAGE    62

..........................................................


THE NORFOLK VA CLIMATE NORMALS FOR TODAY
                         NORMAL    RECORD    YEAR
 MAXIMUM TEMPERATURE (F)   78        98      1880
 MINIMUM TEMPERATURE (F)   61        40      1961


SUNRISE AND SUNSET
MAY 27 2019...........SUNRISE   549 AM EDT   SUNSET   815 PM EDT
MAY 28 2019...........SUNRISE   549 AM EDT   SUNSET   816 PM EDT


-  INDICATES NEGATIVE NUMBERS.
R  INDICATES RECORD WAS SET OR TIED.
MM INDICATES DATA IS MISSING.
T  INDICATES TRACE AMOUNT.




$$
